 ,(4704,1,'2015-09-14','2015-09-14 13:43:17',1)
 ,(4705,7,'2015-09-14','2015-09-14 13:43:32',1)
 ,(4706,259,'2015-09-14','2015-09-14 13:43:49',1)
 ,(4707,259,'2015-09-14','2015-09-14 13:43:50',1)
 ,(4708,259,'2015-09-14','2015-09-14 13:43:57',1)
 ,(4709,259,'2015-09-14','2015-09-14 13:44:08',1)
 ,(4710,2,'2015-09-14','2015-09-14 13:44:08',1)
 ,(4711,2,'2015-09-14','2015-09-14 13:44:09',1)
 ,(4712,7,'2015-09-14','2015-09-14 13:44:12',1)
 ,(4713,7,'2015-09-14','2015-09-14 13:44:12',1)
 ,(4714,260,'2015-09-14','2015-09-14 13:44:18',1)
 ,(4715,260,'2015-09-14','2015-09-14 13:44:28',1)
 ,(4716,7,'2015-09-14','2015-09-14 13:44:38',1)
 ,(4717,1,'2015-09-14','2015-09-14 13:44:49',1)
 ,(4718,4,'2015-09-14','2015-09-14 13:45:33',1)
 ,(4719,4,'2015-09-14','2015-09-14 13:45:33',1)
 ,(4720,4,'2015-09-14','2015-09-14 13:45:33',1)
 ,(4721,4,'2015-09-14','2015-09-14 13:45:41',1)
 ,(4722,4,'2015-09-14','2015-09-14 13:45:42',1)
 ,(4723,4,'2015-09-14','2015-09-14 13:45:48',1)
 ,(4724,1,'2015-09-14','2015-09-14 13:45:51',1)
 ,(4725,4,'2015-09-14','2015-09-14 13:46:00',1)
 ,(4726,4,'2015-09-14','2015-09-14 13:46:00',1)
 ,(4727,4,'2015-09-14','2015-09-14 13:46:00',1)
 ,(4728,4,'2015-09-14','2015-09-14 13:46:07',1)
 ,(4729,4,'2015-09-14','2015-09-14 13:46:14',1)
 ,(4730,4,'2015-09-14','2015-09-14 13:46:21',1)
 ,(4731,4,'2015-09-14','2015-09-14 13:46:28',1)
 ,(4732,4,'2015-09-14','2015-09-14 13:46:35',1)
 ,(4733,4,'2015-09-14','2015-09-14 13:46:42',1)
 ,(4734,4,'2015-09-14','2015-09-14 13:46:56',1)
 ,(4735,4,'2015-09-14','2015-09-14 13:47:01',1)
 ,(4736,4,'2015-09-14','2015-09-14 13:47:10',1)
 ,(4737,4,'2015-09-14','2015-09-14 13:47:17',1)
 ,(4738,4,'2015-09-14','2015-09-14 13:47:24',1)
 ,(4739,4,'2015-09-14','2015-09-14 13:47:31',1)
 ,(4740,4,'2015-09-14','2015-09-14 13:47:38',1)
 ,(4741,4,'2015-09-14','2015-09-14 13:47:45',1)
 ,(4742,4,'2015-09-14','2015-09-14 13:47:52',1)
 ,(4743,4,'2015-09-14','2015-09-14 13:47:58',1)
 ,(4744,4,'2015-09-14','2015-09-14 13:47:58',1)
 ,(4745,262,'2015-09-14','2015-09-14 13:47:58',1)
 ,(4746,7,'2015-09-14','2015-09-14 13:48:03',1)
 ,(4747,262,'2015-09-14','2015-09-14 13:48:11',1)
 ,(4748,262,'2015-09-14','2015-09-14 13:48:26',1)
 ,(4749,7,'2015-09-14','2015-09-14 13:48:29',1)
 ,(4750,262,'2015-09-14','2015-09-14 13:48:37',1)
 ,(4751,262,'2015-09-14','2015-09-14 13:48:43',1)
 ,(4752,262,'2015-09-14','2015-09-14 13:52:02',1)
 ,(4753,7,'2015-09-14','2015-09-14 13:52:21',1)
 ,(4754,260,'2015-09-14','2015-09-14 13:52:27',1)
 ,(4755,260,'2015-09-14','2015-09-14 13:52:37',1)
 ,(4756,260,'2015-09-14','2015-09-14 13:53:16',1)
 ,(4757,260,'2015-09-14','2015-09-14 13:53:21',1)
 ,(4758,260,'2015-09-14','2015-09-14 13:53:32',1)
 ,(4759,1,'2015-09-14','2015-09-14 13:55:00',1)
 ,(4760,262,'2015-09-14','2015-09-14 13:55:09',1)
 ,(4761,262,'2015-09-14','2015-09-14 13:55:21',1)
 ,(4762,7,'2015-09-14','2015-09-14 13:55:35',1)
 ,(4763,4,'2015-09-14','2015-09-14 13:55:44',1)
 ,(4764,4,'2015-09-14','2015-09-14 13:55:52',1)
 ,(4765,4,'2015-09-14','2015-09-14 13:55:58',1)
 ,(4766,4,'2015-09-14','2015-09-14 13:56:05',1)
 ,(4767,4,'2015-09-14','2015-09-14 13:56:12',1)
 ,(4768,4,'2015-09-14','2015-09-14 13:56:19',1)
 ,(4769,4,'2015-09-14','2015-09-14 13:56:26',1)
 ,(4770,4,'2015-09-14','2015-09-14 13:56:33',1)
 ,(4771,4,'2015-09-14','2015-09-14 13:56:40',1)
 ,(4772,4,'2015-09-14','2015-09-14 13:56:47',1)
 ,(4773,4,'2015-09-14','2015-09-14 13:56:54',1)
 ,(4774,4,'2015-09-14','2015-09-14 13:57:01',1)
 ,(4775,4,'2015-09-14','2015-09-14 13:57:05',1)
 ,(4776,262,'2015-09-14','2015-09-14 13:57:05',1)
 ,(4777,7,'2015-09-14','2015-09-14 13:57:16',1)
 ,(4778,4,'2015-09-14','2015-09-14 13:57:28',1)
 ,(4779,4,'2015-09-14','2015-09-14 13:57:31',1)
 ,(4780,4,'2015-09-14','2015-09-14 13:57:31',1)
 ,(4781,1,'2015-09-14','2015-09-14 13:57:36',1)
 ,(4782,259,'2015-09-14','2015-09-14 13:57:39',1)
 ,(4783,1,'2015-09-14','2015-09-14 13:57:54',1)
 ,(4784,2,'2015-09-14','2015-09-14 13:59:57',1)
 ,(4785,2,'2015-09-14','2015-09-14 13:59:57',1)
 ,(4786,4,'2015-09-14','2015-09-14 13:59:59',1)
 ,(4787,4,'2015-09-14','2015-09-14 13:59:59',1)
 ,(4788,4,'2015-09-14','2015-09-14 13:59:59',1)
 ,(4789,4,'2015-09-14','2015-09-14 13:59:59',1)
 ,(4790,4,'2015-09-14','2015-09-14 14:00:00',1)
 ,(4791,4,'2015-09-14','2015-09-14 14:00:00',1)
 ,(4792,4,'2015-09-14','2015-09-14 14:00:07',1)
 ,(4793,4,'2015-09-14','2015-09-14 14:00:14',1)
 ,(4794,4,'2015-09-14','2015-09-14 14:00:21',1)
 ,(4795,4,'2015-09-14','2015-09-14 14:00:28',1)
 ,(4796,4,'2015-09-14','2015-09-14 14:00:28',1)
 ,(4797,4,'2015-09-14','2015-09-14 14:00:35',1)
 ,(4798,4,'2015-09-14','2015-09-14 14:00:43',1)
 ,(4799,4,'2015-09-14','2015-09-14 14:01:01',1)
 ,(4800,4,'2015-09-14','2015-09-14 14:01:01',1)
 ,(4801,4,'2015-09-14','2015-09-14 14:01:01',1)
 ,(4802,4,'2015-09-14','2015-09-14 14:01:14',1)
 ,(4803,4,'2015-09-14','2015-09-14 14:01:14',1)
 ,(4804,4,'2015-09-14','2015-09-14 14:01:18',1)
 ,(4805,4,'2015-09-14','2015-09-14 14:01:18',1)
 ,(4806,4,'2015-09-14','2015-09-14 14:01:38',1)
 ,(4807,4,'2015-09-14','2015-09-14 14:01:38',1)
 ,(4808,4,'2015-09-14','2015-09-14 14:01:38',1)
 ,(4809,4,'2015-09-14','2015-09-14 14:01:38',1)
 ,(4810,4,'2015-09-14','2015-09-14 14:01:45',1)
 ,(4811,4,'2015-09-14','2015-09-14 14:01:45',1)
 ,(4812,4,'2015-09-14','2015-09-14 14:01:52',1)
 ,(4813,4,'2015-09-14','2015-09-14 14:01:53',1)
 ,(4814,4,'2015-09-14','2015-09-14 14:01:59',1)
 ,(4815,4,'2015-09-14','2015-09-14 14:01:59',1)
 ,(4816,4,'2015-09-14','2015-09-14 14:02:06',1)
 ,(4817,4,'2015-09-14','2015-09-14 14:02:06',1)
 ,(4818,4,'2015-09-14','2015-09-14 14:02:13',1)
 ,(4819,4,'2015-09-14','2015-09-14 14:02:13',1)
 ,(4820,4,'2015-09-14','2015-09-14 14:02:20',1)
 ,(4821,4,'2015-09-14','2015-09-14 14:02:20',1)
 ,(4822,4,'2015-09-14','2015-09-14 14:02:27',1)
 ,(4823,4,'2015-09-14','2015-09-14 14:02:27',1)
 ,(4824,4,'2015-09-14','2015-09-14 14:02:34',1)
 ,(4825,4,'2015-09-14','2015-09-14 14:02:34',1)
 ,(4826,4,'2015-09-14','2015-09-14 14:02:43',1)
 ,(4827,4,'2015-09-14','2015-09-14 14:02:43',1)
 ,(4828,4,'2015-09-14','2015-09-14 14:02:50',1)
 ,(4829,4,'2015-09-14','2015-09-14 14:02:50',1)
 ,(4830,4,'2015-09-14','2015-09-14 14:02:57',1)
 ,(4831,4,'2015-09-14','2015-09-14 14:02:57',1)
 ,(4832,4,'2015-09-14','2015-09-14 14:03:06',1)
 ,(4833,4,'2015-09-14','2015-09-14 14:03:06',1)
 ,(4834,4,'2015-09-14','2015-09-14 14:03:14',1)
 ,(4835,4,'2015-09-14','2015-09-14 14:03:14',1)
 ,(4836,4,'2015-09-14','2015-09-14 14:03:22',1)
 ,(4837,4,'2015-09-14','2015-09-14 14:03:22',1)
 ,(4838,4,'2015-09-14','2015-09-14 14:03:31',1)
 ,(4839,4,'2015-09-14','2015-09-14 14:03:31',1)
 ,(4840,4,'2015-09-14','2015-09-14 14:03:38',1)
 ,(4841,4,'2015-09-14','2015-09-14 14:03:38',1)
 ,(4842,4,'2015-09-14','2015-09-14 14:03:49',1)
 ,(4843,4,'2015-09-14','2015-09-14 14:03:49',1)
 ,(4844,4,'2015-09-14','2015-09-14 14:03:57',1)
 ,(4845,4,'2015-09-14','2015-09-14 14:03:57',1)
 ,(4846,4,'2015-09-14','2015-09-14 14:04:04',1)
 ,(4847,4,'2015-09-14','2015-09-14 14:04:04',1)
 ,(4848,4,'2015-09-14','2015-09-14 14:04:10',1)
 ,(4849,4,'2015-09-14','2015-09-14 14:04:10',1)
 ,(4850,4,'2015-09-14','2015-09-14 14:04:17',1)
 ,(4851,4,'2015-09-14','2015-09-14 14:04:17',1)
 ,(4852,4,'2015-09-14','2015-09-14 14:04:24',1)
 ,(4853,4,'2015-09-14','2015-09-14 14:04:24',1)
 ,(4854,4,'2015-09-14','2015-09-14 14:04:31',1)
 ,(4855,4,'2015-09-14','2015-09-14 14:04:31',1)
 ,(4856,4,'2015-09-14','2015-09-14 14:04:38',1)
 ,(4857,4,'2015-09-14','2015-09-14 14:04:38',1)
 ,(4858,4,'2015-09-14','2015-09-14 14:04:45',1)
 ,(4859,4,'2015-09-14','2015-09-14 14:04:45',1)
 ,(4860,4,'2015-09-14','2015-09-14 14:04:54',1)
 ,(4861,4,'2015-09-14','2015-09-14 14:04:54',1)
 ,(4862,4,'2015-09-14','2015-09-14 14:05:03',1)
 ,(4863,4,'2015-09-14','2015-09-14 14:05:03',1)
 ,(4864,4,'2015-09-14','2015-09-14 14:05:11',1)
 ,(4865,4,'2015-09-14','2015-09-14 14:05:11',1)
 ,(4866,4,'2015-09-14','2015-09-14 14:05:17',1)
 ,(4867,4,'2015-09-14','2015-09-14 14:05:17',1)
 ,(4868,4,'2015-09-14','2015-09-14 14:05:20',1)
 ,(4869,264,'2015-09-14','2015-09-14 14:05:20',1)
 ,(4870,264,'2015-09-14','2015-09-14 14:05:27',1)
 ,(4871,264,'2015-09-14','2015-09-14 14:06:30',1)
 ,(4872,7,'2015-09-14','2015-09-14 14:06:35',1)
 ,(4873,264,'2015-09-14','2015-09-14 14:06:45',1)
 ,(4874,264,'2015-09-14','2015-09-14 14:06:57',1)
 ,(4875,1,'2015-09-14','2015-09-14 14:07:03',1)
 ,(4876,7,'2015-09-14','2015-09-14 14:07:26',1)
 ,(4877,4,'2015-09-14','2015-09-14 14:07:57',1)
 ,(4878,4,'2015-09-14','2015-09-14 14:08:04',1)
 ,(4879,4,'2015-09-14','2015-09-14 14:08:11',1)
 ,(4880,4,'2015-09-14','2015-09-14 14:08:18',1)
 ,(4881,4,'2015-09-14','2015-09-14 14:08:22',1)
 ,(4882,264,'2015-09-14','2015-09-14 14:08:22',1)
 ,(4883,1,'2015-09-14','2015-09-14 14:08:26',1)
 ,(4884,7,'2015-09-14','2015-09-14 14:09:23',1)
 ,(4885,4,'2015-09-14','2015-09-14 14:09:38',1)
 ,(4886,4,'2015-09-14','2015-09-14 14:09:45',1)
 ,(4887,4,'2015-09-14','2015-09-14 14:09:49',1)
 ,(4888,260,'2015-09-14','2015-09-14 14:09:49',1)
 ,(4889,7,'2015-09-14','2015-09-14 14:09:54',1)
 ,(4890,4,'2015-09-14','2015-09-14 14:10:07',1)
 ,(4891,4,'2015-09-14','2015-09-14 14:10:14',1)
 ,(4892,4,'2015-09-14','2015-09-14 14:10:16',1)
 ,(4893,259,'2015-09-14','2015-09-14 14:10:16',1)
 ,(4894,7,'2015-09-14','2015-09-14 14:10:27',1)
 ,(4895,4,'2015-09-14','2015-09-14 14:10:35',1)
 ,(4896,4,'2015-09-14','2015-09-14 14:10:43',1)
 ,(4897,4,'2015-09-14','2015-09-14 14:10:50',1)
 ,(4898,4,'2015-09-14','2015-09-14 14:10:53',1)
 ,(4899,259,'2015-09-14','2015-09-14 14:10:53',1)
 ,(4900,7,'2015-09-14','2015-09-14 14:11:01',1)
 ,(4901,4,'2015-09-14','2015-09-14 14:11:06',1)
 ,(4902,4,'2015-09-14','2015-09-14 14:11:13',1)
 ,(4903,4,'2015-09-14','2015-09-14 14:11:20',1)
 ,(4904,4,'2015-09-14','2015-09-14 14:11:21',1)
 ,(4905,259,'2015-09-14','2015-09-14 14:11:21',1)
 ,(4906,7,'2015-09-14','2015-09-14 14:11:34',1)
 ,(4907,4,'2015-09-14','2015-09-14 14:11:40',1)
 ,(4908,4,'2015-09-14','2015-09-14 14:11:47',1)
 ,(4909,4,'2015-09-14','2015-09-14 14:11:50',1)
 ,(4910,262,'2015-09-14','2015-09-14 14:11:50',1)
 ,(4911,1,'2015-09-14','2015-09-14 14:11:54',1)
 ,(4912,197,'2015-09-14','2015-09-14 14:12:31',1)
 ,(4913,1,'2015-09-14','2015-09-14 14:13:12',1)
 ,(4914,2,'2015-09-14','2015-09-14 14:13:53',1)
 ,(4915,2,'2015-09-14','2015-09-14 14:13:53',1)
 ,(4916,4,'2015-09-14','2015-09-14 14:13:55',1)
 ,(4917,4,'2015-09-14','2015-09-14 14:13:55',1)
 ,(4918,4,'2015-09-14','2015-09-14 14:13:55',1)
 ,(4919,4,'2015-09-14','2015-09-14 14:13:55',1)
 ,(4920,4,'2015-09-14','2015-09-14 14:13:56',1)
 ,(4921,4,'2015-09-14','2015-09-14 14:13:56',1)
 ,(4922,4,'2015-09-14','2015-09-14 14:14:02',1)
 ,(4923,4,'2015-09-14','2015-09-14 14:14:03',1)
 ,(4924,4,'2015-09-14','2015-09-14 14:14:10',1)
 ,(4925,4,'2015-09-14','2015-09-14 14:14:18',1)
 ,(4926,4,'2015-09-14','2015-09-14 14:14:25',1)
 ,(4927,4,'2015-09-14','2015-09-14 14:14:33',1)
 ,(4928,4,'2015-09-14','2015-09-14 14:14:39',1)
 ,(4929,4,'2015-09-14','2015-09-14 14:14:47',1)
 ,(4930,4,'2015-09-14','2015-09-14 14:14:51',1)
 ,(4931,266,'2015-09-14','2015-09-14 14:14:51',1)
 ,(4932,7,'2015-09-14','2015-09-14 14:14:55',1)
 ,(4933,266,'2015-09-14','2015-09-14 14:15:01',1)
 ,(4934,266,'2015-09-14','2015-09-14 14:15:03',1)
 ,(4935,266,'2015-09-14','2015-09-14 14:15:12',1)
 ,(4936,266,'2015-09-14','2015-09-14 14:15:16',1)
 ,(4937,266,'2015-09-14','2015-09-14 14:17:43',1)
 ,(4938,7,'2015-09-14','2015-09-14 14:18:00',1)
 ,(4939,4,'2015-09-14','2015-09-14 14:18:07',1)
 ,(4940,4,'2015-09-14','2015-09-14 14:18:14',1)
 ,(4941,4,'2015-09-14','2015-09-14 14:18:21',1)
 ,(4942,4,'2015-09-14','2015-09-14 14:18:28',1)
 ,(4943,4,'2015-09-14','2015-09-14 14:18:35',1)
 ,(4944,4,'2015-09-14','2015-09-14 14:18:36',1)
 ,(4945,266,'2015-09-14','2015-09-14 14:18:36',1)
 ,(4946,1,'2015-09-14','2015-09-14 14:18:39',1)
 ,(4947,1,'2015-09-14','2015-09-14 15:39:20',0)
 ,(4948,187,'2015-09-14','2015-09-14 15:39:33',0)
 ,(4949,111,'2015-09-14','2015-09-14 15:39:37',0)
 ,(4950,111,'2015-09-14','2015-09-14 15:39:43',0)
 ,(4951,2,'2015-09-14','2015-09-14 15:39:44',1)
 ,(4952,7,'2015-09-14','2015-09-14 15:39:49',1)
 ,(4953,7,'2015-09-14','2015-09-14 15:39:50',1)
 ,(4954,1,'2015-09-14','2015-09-14 15:40:00',1)
 ,(4955,1,'2015-09-14','2015-09-14 15:40:06',1)
 ,(4956,1,'2015-09-14','2015-09-14 15:41:49',1)
 ,(4957,7,'2015-09-14','2015-09-14 16:32:03',1)
 ,(4958,4,'2015-09-14','2015-09-14 16:34:31',1)
 ,(4959,4,'2015-09-14','2015-09-14 16:34:31',1)
 ,(4960,4,'2015-09-14','2015-09-14 16:34:31',1)
 ,(4961,4,'2015-09-14','2015-09-14 16:34:40',1)
 ,(4962,4,'2015-09-14','2015-09-14 16:34:51',1)
 ,(4963,4,'2015-09-14','2015-09-14 16:34:57',1)
 ,(4964,4,'2015-09-14','2015-09-14 16:35:04',1)
 ,(4965,4,'2015-09-14','2015-09-14 16:35:13',1)
 ,(4966,4,'2015-09-14','2015-09-14 16:35:19',1)
 ,(4967,4,'2015-09-14','2015-09-14 16:35:26',1)
 ,(4968,4,'2015-09-14','2015-09-14 16:35:31',1)
 ,(4969,4,'2015-09-14','2015-09-14 16:35:31',1)
 ,(4970,267,'2015-09-14','2015-09-14 16:35:31',1)
 ,(4971,7,'2015-09-14','2015-09-14 16:35:38',1)
 ,(4972,267,'2015-09-14','2015-09-14 16:35:46',1)
 ,(4973,267,'2015-09-14','2015-09-14 16:35:56',1)
 ,(4974,7,'2015-09-14','2015-09-14 16:36:00',1)
 ,(4975,4,'2015-09-14','2015-09-14 16:36:09',1)
 ,(4976,4,'2015-09-14','2015-09-14 16:36:17',1)
 ,(4977,4,'2015-09-14','2015-09-14 16:36:24',1)
 ,(4978,4,'2015-09-14','2015-09-14 16:36:31',1)
 ,(4979,4,'2015-09-14','2015-09-14 16:36:38',1)
 ,(4980,4,'2015-09-14','2015-09-14 16:36:44',1)
 ,(4981,267,'2015-09-14','2015-09-14 16:36:44',1)
 ,(4982,7,'2015-09-14','2015-09-14 16:37:00',1)
 ,(4983,1,'2015-09-14','2015-09-14 16:37:04',1)
 ,(4984,1,'2015-09-14','2015-09-14 16:37:26',1)
 ,(4985,7,'2015-09-14','2015-09-14 16:38:28',1)
 ,(4986,4,'2015-09-14','2015-09-14 16:38:32',1)
 ,(4987,4,'2015-09-14','2015-09-14 16:38:40',1)
 ,(4988,4,'2015-09-14','2015-09-14 16:38:47',1)
 ,(4989,4,'2015-09-14','2015-09-14 16:38:48',1)
 ,(4990,267,'2015-09-14','2015-09-14 16:38:48',1)
 ,(4991,1,'2015-09-14','2015-09-14 16:39:00',1)
 ,(4992,1,'2015-09-14','2015-09-14 16:39:03',1)
 ,(4993,7,'2015-09-14','2015-09-14 16:39:19',1)
 ,(4994,250,'2015-09-14','2015-09-14 16:39:22',1)
 ,(4995,250,'2015-09-14','2015-09-14 16:39:54',1)
 ,(4996,250,'2015-09-14','2015-09-14 16:40:00',1)
 ,(4997,250,'2015-09-14','2015-09-14 16:40:17',1)
 ,(4998,250,'2015-09-14','2015-09-14 16:40:38',1)
 ,(4999,250,'2015-09-14','2015-09-14 16:40:39',1)
 ,(5000,250,'2015-09-14','2015-09-14 16:40:45',1)
 ,(5001,250,'2015-09-14','2015-09-14 16:40:47',1)
 ,(5002,1,'2015-09-14','2015-09-14 16:41:02',1)
 ,(5003,7,'2015-09-14','2015-09-14 16:41:05',1)
 ,(5004,258,'2015-09-14','2015-09-14 16:41:12',1)
 ,(5005,258,'2015-09-14','2015-09-14 16:41:15',1)
 ,(5006,258,'2015-09-14','2015-09-14 16:41:35',1)
 ,(5007,262,'2015-09-14','2015-09-14 16:41:51',1)
 ,(5008,258,'2015-09-14','2015-09-14 16:41:54',1)
 ,(5009,1,'2015-09-14','2015-09-14 16:43:31',1)
 ,(5010,1,'2015-09-14','2015-09-14 16:44:27',1)
 ,(5011,1,'2015-09-14','2015-09-14 16:44:38',1)
 ,(5012,1,'2015-09-14','2015-09-14 16:44:38',1)
 ,(5013,1,'2015-09-14','2015-09-14 16:44:48',1)
 ,(5014,1,'2015-09-14','2015-09-14 16:44:48',1)
 ,(5015,1,'2015-09-14','2015-09-14 16:44:52',1)
 ,(5016,193,'2015-09-14','2015-09-14 16:46:01',1)
 ,(5017,1,'2015-09-14','2015-09-14 16:46:05',1)
 ,(5018,163,'2015-09-14','2015-09-14 16:46:35',1)
 ,(5019,163,'2015-09-14','2015-09-14 16:47:01',1)
 ,(5020,163,'2015-09-14','2015-09-14 16:48:09',1)
 ,(5021,163,'2015-09-14','2015-09-14 16:48:13',1)
 ,(5022,163,'2015-09-14','2015-09-14 16:48:50',1)
 ,(5023,163,'2015-09-14','2015-09-14 16:50:34',1)
 ,(5024,163,'2015-09-14','2015-09-14 17:00:04',1)
 ,(5025,163,'2015-09-14','2015-09-14 17:00:04',1)
 ,(5026,163,'2015-09-14','2015-09-14 17:00:08',1)
 ,(5027,163,'2015-09-14','2015-09-14 17:00:20',1)
 ,(5028,163,'2015-09-14','2015-09-14 17:00:59',1)
 ,(5029,163,'2015-09-14','2015-09-14 17:01:05',1)
 ,(5030,163,'2015-09-14','2015-09-14 17:01:43',1)
 ,(5031,163,'2015-09-14','2015-09-14 17:02:04',1)
 ,(5032,163,'2015-09-14','2015-09-14 17:02:29',1)
 ,(5033,1,'2015-09-14','2015-09-14 17:02:52',1)
 ,(5034,1,'2015-09-14','2015-09-14 18:17:00',1)
 ,(5035,4,'2015-09-14','2015-09-14 18:35:31',1)
 ,(5036,4,'2015-09-14','2015-09-14 18:35:31',1)
 ,(5037,4,'2015-09-14','2015-09-14 18:35:32',1)
 ,(5038,4,'2015-09-14','2015-09-14 18:35:39',1)
 ,(5039,4,'2015-09-14','2015-09-14 18:35:48',1)
 ,(5040,4,'2015-09-14','2015-09-14 18:35:54',1)
 ,(5041,4,'2015-09-14','2015-09-14 18:36:01',1)
 ,(5042,4,'2015-09-14','2015-09-14 18:36:08',1)
 ,(5043,4,'2015-09-14','2015-09-14 18:36:11',1)
 ,(5044,4,'2015-09-14','2015-09-14 18:36:15',1)
 ,(5045,4,'2015-09-14','2015-09-14 18:36:22',1)
 ,(5046,4,'2015-09-14','2015-09-14 18:36:31',1)
 ,(5047,4,'2015-09-14','2015-09-14 18:36:37',1)
 ,(5048,4,'2015-09-14','2015-09-14 18:36:44',1)
 ,(5049,4,'2015-09-14','2015-09-14 18:36:52',1)
 ,(5050,4,'2015-09-14','2015-09-14 18:36:59',1)
 ,(5051,4,'2015-09-14','2015-09-14 18:37:06',1)
 ,(5052,4,'2015-09-14','2015-09-14 18:37:13',1)
 ,(5053,4,'2015-09-14','2015-09-14 18:37:13',1)
 ,(5054,268,'2015-09-14','2015-09-14 18:37:13',1)
 ,(5055,7,'2015-09-14','2015-09-14 18:37:19',1)
 ,(5056,268,'2015-09-14','2015-09-14 18:37:39',1)
 ,(5057,268,'2015-09-14','2015-09-14 18:37:58',1)
 ,(5058,1,'2015-09-14','2015-09-14 18:38:30',1)
 ,(5059,7,'2015-09-14','2015-09-14 18:39:26',1)
 ,(5060,4,'2015-09-14','2015-09-14 18:39:31',1)
 ,(5061,4,'2015-09-14','2015-09-14 18:39:39',1)
 ,(5062,4,'2015-09-14','2015-09-14 18:39:46',1)
 ,(5063,4,'2015-09-14','2015-09-14 18:39:53',1)
 ,(5064,4,'2015-09-14','2015-09-14 18:40:00',1)
 ,(5065,4,'2015-09-14','2015-09-14 18:40:06',1)
 ,(5066,268,'2015-09-14','2015-09-14 18:40:07',1)
 ,(5067,1,'2015-09-14','2015-09-14 18:40:11',1)
 ,(5068,4,'2015-09-14','2015-09-14 18:40:56',1)
 ,(5069,4,'2015-09-14','2015-09-14 18:40:56',1)
 ,(5070,4,'2015-09-14','2015-09-14 18:40:56',1)
 ,(5071,4,'2015-09-14','2015-09-14 18:41:03',1)
 ,(5072,4,'2015-09-14','2015-09-14 18:41:10',1)
 ,(5073,4,'2015-09-14','2015-09-14 18:41:17',1)
 ,(5074,4,'2015-09-14','2015-09-14 18:41:25',1)
 ,(5075,4,'2015-09-14','2015-09-14 18:41:33',1)
 ,(5076,4,'2015-09-14','2015-09-14 18:41:39',1)
 ,(5077,4,'2015-09-14','2015-09-14 18:41:49',1)
 ,(5078,4,'2015-09-14','2015-09-14 18:41:58',1)
 ,(5079,4,'2015-09-14','2015-09-14 18:42:05',1)
 ,(5080,4,'2015-09-14','2015-09-14 18:42:11',1)
 ,(5081,4,'2015-09-14','2015-09-14 18:42:18',1)
 ,(5082,4,'2015-09-14','2015-09-14 18:42:25',1)
 ,(5083,4,'2015-09-14','2015-09-14 18:42:32',1)
 ,(5084,4,'2015-09-14','2015-09-14 18:42:37',1)
 ,(5085,4,'2015-09-14','2015-09-14 18:42:39',1)
 ,(5086,4,'2015-09-14','2015-09-14 18:42:40',1)
 ,(5087,269,'2015-09-14','2015-09-14 18:42:40',1)
 ,(5088,7,'2015-09-14','2015-09-14 18:42:44',1)
 ,(5089,269,'2015-09-14','2015-09-14 18:42:51',1)
 ,(5090,269,'2015-09-14','2015-09-14 18:43:02',1)
 ,(5091,7,'2015-09-14','2015-09-14 18:43:09',1)
 ,(5092,4,'2015-09-14','2015-09-14 18:43:15',1)
 ,(5093,4,'2015-09-14','2015-09-14 18:43:23',1)
 ,(5094,4,'2015-09-14','2015-09-14 18:43:30',1)
 ,(5095,4,'2015-09-14','2015-09-14 18:43:38',1)
 ,(5096,269,'2015-09-14','2015-09-14 18:43:38',1)
 ,(5097,7,'2015-09-14','2015-09-14 18:43:46',1)
 ,(5098,258,'2015-09-14','2015-09-14 18:43:54',1)
 ,(5099,7,'2015-09-14','2015-09-14 18:44:05',1)
 ,(5100,250,'2015-09-14','2015-09-14 18:44:09',1)
 ,(5101,1,'2015-09-14','2015-09-14 18:44:47',1)
 ,(5102,1,'2015-09-14','2015-09-14 18:44:53',1)
 ,(5103,7,'2015-09-14','2015-09-14 18:48:51',1)
 ,(5104,1,'2015-09-14','2015-09-14 18:49:22',1)
 ,(5105,2,'2015-09-14','2015-09-14 18:49:24',1)
 ,(5106,2,'2015-09-14','2015-09-14 18:49:24',1)
 ,(5107,7,'2015-09-14','2015-09-14 18:49:32',1)
 ,(5108,7,'2015-09-14','2015-09-14 18:49:32',1)
 ,(5109,1,'2015-09-14','2015-09-14 18:49:35',1)
 ,(5110,1,'2015-09-14','2015-09-14 18:49:39',1)
 ,(5111,1,'2015-09-14','2015-09-14 18:50:11',1)
 ,(5112,1,'2015-09-14','2015-09-14 18:50:22',1)
 ,(5113,1,'2015-09-14','2015-09-14 18:50:26',1)
 ,(5114,1,'2015-09-14','2015-09-14 18:50:44',1)
 ,(5115,249,'2015-09-14','2015-09-14 18:50:47',1)
 ,(5116,1,'2015-09-14','2015-09-14 18:50:51',1)
 ,(5117,7,'2015-09-14','2015-09-14 18:50:55',1)
 ,(5118,1,'2015-09-14','2015-09-14 18:51:19',1)
 ,(5119,1,'2015-09-14','2015-09-14 18:51:23',1)
 ,(5120,1,'2015-09-14','2015-09-14 18:51:45',1)
 ,(5121,250,'2015-09-14','2015-09-14 18:51:48',1)
 ,(5122,1,'2015-09-14','2015-09-14 18:51:51',1)
 ,(5123,1,'2015-09-14','2015-09-14 18:52:04',1)
 ,(5124,1,'2015-09-14','2015-09-14 18:53:38',1)
 ,(5125,258,'2015-09-14','2015-09-14 18:53:41',1)
 ,(5126,1,'2015-09-14','2015-09-14 18:53:44',1)
 ,(5127,1,'2015-09-14','2015-09-14 18:53:52',1)
 ,(5128,1,'2015-09-14','2015-09-14 18:56:25',1)
 ,(5129,1,'2015-09-14','2015-09-14 18:58:10',1)
 ,(5130,44,'2015-09-14','2015-09-14 18:59:42',1)
 ,(5131,46,'2015-09-14','2015-09-14 18:59:42',1)
 ,(5132,1,'2015-09-14','2015-09-14 19:04:29',1)
 ,(5133,1,'2015-09-14','2015-09-14 19:06:23',1)
 ,(5134,50,'2015-09-14','2015-09-14 19:06:33',1)
 ,(5135,46,'2015-09-14','2015-09-14 19:06:46',1)
 ,(5136,1,'2015-09-14','2015-09-14 19:07:31',1)
 ,(5137,44,'2015-09-14','2015-09-14 19:07:38',1)
 ,(5138,46,'2015-09-14','2015-09-14 19:07:38',1)
 ,(5139,46,'2015-09-14','2015-09-14 19:07:44',1)
 ,(5140,46,'2015-09-14','2015-09-14 19:07:51',1)
 ,(5141,46,'2015-09-14','2015-09-14 19:07:51',1)
 ,(5142,2,'2015-09-14','2015-09-14 19:08:02',1)
 ,(5143,2,'2015-09-14','2015-09-14 19:08:02',1)
 ,(5144,1,'2015-09-14','2015-09-14 19:08:12',1)
 ,(5145,1,'2015-09-14','2015-09-14 19:08:13',1)
 ,(5146,2,'2015-09-14','2015-09-14 19:09:15',1)
 ,(5147,2,'2015-09-14','2015-09-14 19:09:15',1)
 ,(5148,4,'2015-09-14','2015-09-14 19:10:04',1)
 ,(5149,4,'2015-09-14','2015-09-14 19:10:04',1)
 ,(5150,4,'2015-09-14','2015-09-14 19:10:04',1)
 ,(5151,4,'2015-09-14','2015-09-14 19:10:05',1)
 ,(5152,4,'2015-09-14','2015-09-14 19:10:05',1)
 ,(5153,4,'2015-09-14','2015-09-14 19:10:05',1)
 ,(5154,4,'2015-09-14','2015-09-14 19:10:11',1)
 ,(5155,5,'2015-09-14','2015-09-14 19:10:12',1)
 ,(5156,2,'2015-09-14','2015-09-14 19:10:18',1)
 ,(5157,2,'2015-09-14','2015-09-14 19:10:18',1)
 ,(5158,50,'2015-09-14','2015-09-14 19:10:28',1)
 ,(5159,48,'2015-09-14','2015-09-14 19:10:29',1)
 ,(5160,48,'2015-09-14','2015-09-14 19:10:30',1)
 ,(5161,44,'2015-09-14','2015-09-14 19:10:44',1)
 ,(5162,1,'2015-09-14','2015-09-14 19:10:46',1)
 ,(5163,7,'2015-09-14','2015-09-14 19:12:14',1)
 ,(5164,6,'2015-09-14','2015-09-14 19:12:54',1)
 ,(5165,7,'2015-09-14','2015-09-14 19:12:54',1)
 ,(5166,273,'2015-09-14','2015-09-14 19:13:03',1)
 ,(5167,273,'2015-09-14','2015-09-14 19:13:08',1)
 ,(5168,273,'2015-09-14','2015-09-14 19:14:09',1)
 ,(5169,7,'2015-09-14','2015-09-14 19:14:13',1)
 ,(5170,6,'2015-09-14','2015-09-14 19:15:11',1)
 ,(5171,7,'2015-09-14','2015-09-14 19:15:11',1)
 ,(5172,274,'2015-09-14','2015-09-14 19:15:29',1)
 ,(5173,274,'2015-09-14','2015-09-14 19:15:32',1)
 ,(5174,274,'2015-09-14','2015-09-14 19:15:45',1)
 ,(5175,2,'2015-09-14','2015-09-14 19:15:48',1)
 ,(5176,2,'2015-09-14','2015-09-14 19:15:48',1)
 ,(5177,7,'2015-09-14','2015-09-14 19:15:50',1)
 ,(5178,7,'2015-09-14','2015-09-14 19:15:50',1)
 ,(5179,273,'2015-09-14','2015-09-14 19:15:53',1)
 ,(5180,7,'2015-09-14','2015-09-14 19:16:31',1)
 ,(5181,273,'2015-09-14','2015-09-14 19:17:21',1)
 ,(5182,7,'2015-09-14','2015-09-14 19:17:25',1)
 ,(5183,274,'2015-09-14','2015-09-14 19:17:28',1)
 ,(5184,7,'2015-09-14','2015-09-14 19:17:56',1)
 ,(5185,50,'2015-09-14','2015-09-14 19:18:13',1)
 ,(5186,2,'2015-09-14','2015-09-14 19:18:34',1)
 ,(5187,2,'2015-09-14','2015-09-14 19:18:34',1)
 ,(5188,44,'2015-09-14','2015-09-14 19:18:41',1)
 ,(5189,46,'2015-09-14','2015-09-14 19:18:41',1)
 ,(5190,46,'2015-09-14','2015-09-14 19:18:44',1)
 ,(5191,46,'2015-09-14','2015-09-14 19:18:54',1)
 ,(5192,46,'2015-09-14','2015-09-14 19:19:29',1)
 ,(5193,46,'2015-09-14','2015-09-14 19:19:42',1)
 ,(5194,46,'2015-09-14','2015-09-14 19:19:43',1)
 ,(5195,7,'2015-09-14','2015-09-14 19:19:57',1)
 ,(5196,1,'2015-09-14','2015-09-14 19:24:25',1)
 ,(5197,1,'2015-09-14','2015-09-14 19:24:30',1)
 ,(5198,1,'2015-09-14','2015-09-14 19:25:43',1)
 ,(5199,7,'2015-09-14','2015-09-14 19:28:51',1)
 ,(5200,6,'2015-09-14','2015-09-14 19:29:39',1)
 ,(5201,7,'2015-09-14','2015-09-14 19:29:39',1)
 ,(5202,4,'2015-09-14','2015-09-14 19:29:47',1)
 ,(5203,4,'2015-09-14','2015-09-14 19:29:56',1)
 ,(5204,4,'2015-09-14','2015-09-14 19:30:03',1)
 ,(5205,4,'2015-09-14','2015-09-14 19:30:05',1)
 ,(5206,275,'2015-09-14','2015-09-14 19:30:05',1)
 ,(5207,1,'2015-09-14','2015-09-14 19:30:11',1)
 ,(5208,250,'2015-09-14','2015-09-14 19:30:18',1)
 ,(5209,2,'2015-09-14','2015-09-14 19:30:40',1)
 ,(5210,2,'2015-09-14','2015-09-14 19:30:42',1)
 ,(5211,7,'2015-09-14','2015-09-14 19:30:44',1)
 ,(5212,7,'2015-09-14','2015-09-14 19:30:44',1)
 ,(5213,1,'2015-09-14','2015-09-14 19:34:13',1)
 ,(5214,44,'2015-09-14','2015-09-14 19:44:02',1)
 ,(5215,46,'2015-09-14','2015-09-14 19:44:02',1)
 ,(5216,46,'2015-09-14','2015-09-14 19:44:12',1)
 ,(5217,46,'2015-09-14','2015-09-14 19:44:25',1)
 ,(5218,46,'2015-09-14','2015-09-14 19:44:25',1)
 ,(5219,46,'2015-09-14','2015-09-14 19:44:33',1)
 ,(5220,46,'2015-09-14','2015-09-14 19:44:42',1)
 ,(5221,46,'2015-09-14','2015-09-14 19:44:47',1)
 ,(5222,46,'2015-09-14','2015-09-14 19:44:48',1)
 ,(5223,46,'2015-09-14','2015-09-14 19:45:25',1)
 ,(5224,46,'2015-09-14','2015-09-14 19:45:37',1)
 ,(5225,46,'2015-09-14','2015-09-14 19:46:24',1)
 ,(5226,46,'2015-09-14','2015-09-14 19:46:27',1)
 ,(5227,2,'2015-09-14','2015-09-14 19:46:44',1)
 ,(5228,2,'2015-09-14','2015-09-14 19:46:45',1)
 ,(5229,277,'2015-09-14','2015-09-14 19:47:04',1)
 ,(5230,277,'2015-09-14','2015-09-14 19:47:05',1)
 ,(5231,2,'2015-09-14','2015-09-14 19:50:07',1)
 ,(5232,2,'2015-09-14','2015-09-14 19:50:08',1)
 ,(5233,43,'2015-09-14','2015-09-14 19:50:18',1)
 ,(5234,43,'2015-09-14','2015-09-14 19:50:18',1)
 ,(5235,2,'2015-09-14','2015-09-14 19:50:57',1)
 ,(5236,2,'2015-09-14','2015-09-14 19:50:58',1)
 ,(5237,1,'2015-09-14','2015-09-14 19:51:51',1)
 ,(5238,1,'2015-09-14','2015-09-14 19:51:52',1)
 ,(5239,194,'2015-09-14','2015-09-14 19:51:59',1)
 ,(5240,1,'2015-09-14','2015-09-14 19:52:16',1)
 ,(5241,195,'2015-09-14','2015-09-14 19:52:20',1)
 ,(5242,1,'2015-09-14','2015-09-14 19:52:35',1)
 ,(5243,169,'2015-09-14','2015-09-14 19:53:37',1)
 ,(5244,169,'2015-09-14','2015-09-14 19:54:33',1)
 ,(5245,169,'2015-09-14','2015-09-14 19:54:43',1)
 ,(5246,169,'2015-09-14','2015-09-14 19:55:03',1)
 ,(5247,169,'2015-09-14','2015-09-14 19:55:26',1)
 ,(5248,169,'2015-09-14','2015-09-14 19:59:16',1)
 ,(5249,169,'2015-09-14','2015-09-14 19:59:20',1)
 ,(5250,169,'2015-09-14','2015-09-14 20:00:09',1)
 ,(5251,169,'2015-09-14','2015-09-14 20:09:23',1)
 ,(5252,169,'2015-09-14','2015-09-14 20:09:30',1)
 ,(5253,169,'2015-09-14','2015-09-14 20:09:48',1)
 ,(5254,169,'2015-09-14','2015-09-14 20:09:48',1)
 ,(5255,169,'2015-09-14','2015-09-14 20:09:57',1)
 ,(5256,169,'2015-09-14','2015-09-14 20:09:57',1)
 ,(5257,169,'2015-09-14','2015-09-14 20:10:05',1)
 ,(5258,169,'2015-09-14','2015-09-14 20:10:05',1)
 ,(5259,169,'2015-09-14','2015-09-14 20:10:23',1)
 ,(5260,169,'2015-09-14','2015-09-14 20:10:23',1)
 ,(5261,169,'2015-09-14','2015-09-14 20:10:38',1)
 ,(5262,169,'2015-09-14','2015-09-14 20:10:39',1)
 ,(5263,169,'2015-09-14','2015-09-14 20:10:44',1)
 ,(5264,169,'2015-09-14','2015-09-14 20:11:23',1)
 ,(5265,169,'2015-09-14','2015-09-14 20:12:13',1)
 ,(5266,169,'2015-09-14','2015-09-14 20:12:22',1)
 ,(5267,169,'2015-09-14','2015-09-14 20:12:40',1)
 ,(5268,169,'2015-09-14','2015-09-14 20:12:40',1)
 ,(5269,169,'2015-09-14','2015-09-14 20:12:49',1)
 ,(5270,169,'2015-09-14','2015-09-14 20:12:49',1)
 ,(5271,169,'2015-09-14','2015-09-14 20:12:53',1)
 ,(5272,169,'2015-09-14','2015-09-14 20:13:24',1)
 ,(5273,169,'2015-09-14','2015-09-14 20:16:35',1)
 ,(5274,169,'2015-09-14','2015-09-14 20:21:38',1)
 ,(5275,120,'2015-09-14','2015-09-14 20:21:42',1)
 ,(5276,169,'2015-09-14','2015-09-14 20:21:46',1)
 ,(5277,169,'2015-09-14','2015-09-14 20:22:27',1)
 ,(5278,11,'2015-09-14','2015-09-14 20:22:51',1)
 ,(5279,169,'2015-09-14','2015-09-14 20:23:56',1)
 ,(5280,169,'2015-09-14','2015-09-14 20:24:47',1)
 ,(5281,120,'2015-09-14','2015-09-14 20:24:50',1)
 ,(5282,169,'2015-09-14','2015-09-14 20:24:53',1)
 ,(5283,2,'2015-09-14','2015-09-14 20:25:14',1)
 ,(5284,2,'2015-09-14','2015-09-14 20:25:14',1)
 ,(5285,11,'2015-09-14','2015-09-14 20:25:17',1)
 ,(5286,11,'2015-09-14','2015-09-14 20:25:17',1)
 ,(5287,169,'2015-09-14','2015-09-14 20:27:38',1)
 ,(5288,169,'2015-09-14','2015-09-14 20:27:53',1)
 ,(5289,11,'2015-09-14','2015-09-14 20:28:15',1)
 ,(5290,169,'2015-09-14','2015-09-14 20:28:32',1)
 ,(5291,11,'2015-09-14','2015-09-14 20:28:55',1)
 ,(5292,169,'2015-09-14','2015-09-14 20:29:02',1)
 ,(5293,169,'2015-09-14','2015-09-14 20:29:08',1)
 ,(5294,169,'2015-09-14','2015-09-14 20:29:20',1)
 ,(5295,169,'2015-09-14','2015-09-14 20:29:28',1)
 ,(5296,11,'2015-09-14','2015-09-14 20:29:33',1)
 ,(5297,169,'2015-09-14','2015-09-14 20:29:49',1)
 ,(5298,11,'2015-09-14','2015-09-14 20:30:29',1)
 ,(5299,169,'2015-09-14','2015-09-14 20:30:43',1)
 ,(5300,11,'2015-09-14','2015-09-14 20:31:19',1)
 ,(5301,169,'2015-09-14','2015-09-14 20:31:41',1)
 ,(5302,11,'2015-09-14','2015-09-14 20:32:15',1)
 ,(5303,169,'2015-09-14','2015-09-14 20:32:32',1)
 ,(5304,2,'2015-09-14','2015-09-14 20:33:09',1)
 ,(5305,2,'2015-09-14','2015-09-14 20:33:09',1)
 ,(5306,11,'2015-09-14','2015-09-14 20:33:15',1)
 ,(5307,11,'2015-09-14','2015-09-14 20:33:15',1)
 ,(5308,169,'2015-09-14','2015-09-14 20:33:37',1)
 ,(5309,11,'2015-09-14','2015-09-14 20:34:08',1)
 ,(5310,2,'2015-09-14','2015-09-14 20:34:24',1)
 ,(5311,2,'2015-09-14','2015-09-14 20:34:24',1)
 ,(5312,169,'2015-09-14','2015-09-14 20:34:27',1)
 ,(5313,169,'2015-09-14','2015-09-14 20:34:27',1)
 ,(5314,11,'2015-09-14','2015-09-14 20:34:57',1)
 ,(5315,169,'2015-09-14','2015-09-14 20:35:18',1)
 ,(5316,169,'2015-09-14','2015-09-14 20:35:40',1)
 ,(5317,169,'2015-09-14','2015-09-14 20:37:14',1)
 ,(5318,169,'2015-09-14','2015-09-14 20:37:18',1)
 ,(5319,1,'2015-09-14','2015-09-14 20:39:43',1)
 ,(5320,196,'2015-09-14','2015-09-14 20:39:47',1)
 ,(5321,169,'2015-09-14','2015-09-14 20:41:02',1)
 ,(5322,169,'2015-09-14','2015-09-14 20:41:05',1)
 ,(5323,169,'2015-09-14','2015-09-14 20:46:54',1)
 ,(5324,169,'2015-09-14','2015-09-14 20:47:19',1)
 ,(5325,169,'2015-09-14','2015-09-14 20:48:52',1)
 ,(5326,169,'2015-09-14','2015-09-14 20:49:01',1)
 ,(5327,169,'2015-09-14','2015-09-14 20:50:09',1)
 ,(5328,1,'2015-09-14','2015-09-14 20:51:25',1)
 ,(5329,1,'2015-09-14','2015-09-14 20:51:45',1)
 ,(5330,1,'2015-09-14','2015-09-14 20:52:47',1)
 ,(5331,1,'2015-09-14','2015-09-14 20:52:56',1)
 ,(5332,1,'2015-09-14','2015-09-14 20:53:06',1)
 ,(5333,1,'2015-09-14','2015-09-14 21:00:18',1)
 ,(5334,1,'2015-09-14','2015-09-14 21:01:16',1)
 ,(5335,160,'2015-09-14','2015-09-14 21:01:30',1)
 ,(5336,160,'2015-09-14','2015-09-14 21:01:36',1)
 ,(5337,160,'2015-09-14','2015-09-14 21:01:50',1)
 ,(5338,160,'2015-09-14','2015-09-14 21:02:10',1)
 ,(5339,161,'2015-09-14','2015-09-14 21:02:22',1)
 ,(5340,161,'2015-09-14','2015-09-14 21:02:33',1)
 ,(5341,161,'2015-09-14','2015-09-14 21:02:47',1)
 ,(5342,162,'2015-09-14','2015-09-14 21:02:53',1)
 ,(5343,162,'2015-09-14','2015-09-14 21:02:58',1)
 ,(5344,162,'2015-09-14','2015-09-14 21:03:10',1)
 ,(5345,162,'2015-09-14','2015-09-14 21:03:15',1)
 ,(5346,162,'2015-09-14','2015-09-14 21:03:22',1)
 ,(5347,162,'2015-09-14','2015-09-14 21:03:26',1)
 ,(5348,162,'2015-09-14','2015-09-14 21:03:36',1)
 ,(5349,162,'2015-09-14','2015-09-14 21:03:52',1)
 ,(5350,162,'2015-09-14','2015-09-14 21:04:05',1)
 ,(5351,162,'2015-09-14','2015-09-14 21:05:33',1)
 ,(5352,160,'2015-09-14','2015-09-14 21:05:38',1)
 ,(5353,161,'2015-09-14','2015-09-14 21:05:41',1)
 ,(5354,162,'2015-09-14','2015-09-14 21:05:42',1)
 ,(5355,163,'2015-09-14','2015-09-14 21:05:44',1)
 ,(5356,164,'2015-09-14','2015-09-14 21:05:47',1)
 ,(5357,160,'2015-09-14','2015-09-14 21:05:56',1)
 ,(5358,160,'2015-09-14','2015-09-14 21:06:16',1)
 ,(5359,160,'2015-09-14','2015-09-14 21:06:52',1)
 ,(5360,161,'2015-09-14','2015-09-14 21:07:02',1)
 ,(5361,161,'2015-09-14','2015-09-14 21:07:28',1)
 ,(5362,161,'2015-09-14','2015-09-14 21:07:31',1)
 ,(5363,162,'2015-09-14','2015-09-14 21:07:42',1)
 ,(5364,162,'2015-09-14','2015-09-14 21:08:07',1)
 ,(5365,162,'2015-09-14','2015-09-14 21:08:12',1)
 ,(5366,163,'2015-09-14','2015-09-14 21:08:15',1)
 ,(5367,163,'2015-09-14','2015-09-14 21:09:02',1)
 ,(5368,164,'2015-09-14','2015-09-14 21:09:09',1)
 ,(5369,160,'2015-09-14','2015-09-14 21:09:17',1)
 ,(5370,161,'2015-09-14','2015-09-14 21:09:20',1)
 ,(5371,162,'2015-09-14','2015-09-14 21:09:22',1)
 ,(5372,163,'2015-09-14','2015-09-14 21:09:25',1)
 ,(5373,163,'2015-09-14','2015-09-14 21:09:31',1)
 ,(5374,161,'2015-09-14','2015-09-14 21:09:34',1)
 ,(5375,160,'2015-09-14','2015-09-14 21:09:36',1)
 ,(5376,160,'2015-09-14','2015-09-14 21:09:39',1)
 ,(5377,162,'2015-09-14','2015-09-14 21:09:40',1)
 ,(5378,160,'2015-09-14','2015-09-14 21:09:43',1)
 ,(5379,160,'2015-09-14','2015-09-14 21:10:09',1)
 ,(5380,161,'2015-09-14','2015-09-14 21:10:14',1)
 ,(5381,162,'2015-09-14','2015-09-14 21:10:40',1)
 ,(5382,162,'2015-09-14','2015-09-14 21:10:42',1)
 ,(5383,162,'2015-09-14','2015-09-14 21:10:57',1)
 ,(5384,161,'2015-09-14','2015-09-14 21:11:01',1)
 ,(5385,160,'2015-09-14','2015-09-14 21:11:03',1)
 ,(5386,162,'2015-09-14','2015-09-14 21:11:06',1)
 ,(5387,163,'2015-09-14','2015-09-14 21:11:08',1)
 ,(5388,163,'2015-09-14','2015-09-14 21:11:09',1)
 ,(5389,163,'2015-09-14','2015-09-14 21:11:25',1)
 ,(5390,165,'2015-09-14','2015-09-14 21:11:43',1)
 ,(5391,225,'2015-09-14','2015-09-14 21:11:45',1)
 ,(5392,225,'2015-09-14','2015-09-14 21:12:19',1)
 ,(5393,225,'2015-09-14','2015-09-14 21:12:23',1)
 ,(5394,225,'2015-09-14','2015-09-14 21:12:51',1)
 ,(5395,225,'2015-09-14','2015-09-14 21:13:03',1)
 ,(5396,166,'2015-09-14','2015-09-14 21:13:07',1)
 ,(5397,165,'2015-09-14','2015-09-14 21:13:10',1)
 ,(5398,165,'2015-09-14','2015-09-14 21:13:38',1)
 ,(5399,167,'2015-09-14','2015-09-14 21:13:41',1)
 ,(5400,168,'2015-09-14','2015-09-14 21:14:04',1)
 ,(5401,169,'2015-09-14','2015-09-14 21:14:06',1)
 ,(5402,169,'2015-09-14','2015-09-14 21:14:08',1)
 ,(5403,169,'2015-09-14','2015-09-14 21:14:55',1)
 ,(5404,169,'2015-09-14','2015-09-14 21:15:07',1)
 ,(5405,168,'2015-09-14','2015-09-14 21:15:10',1)
 ,(5406,170,'2015-09-14','2015-09-14 21:15:17',1)
 ,(5407,171,'2015-09-14','2015-09-14 21:15:21',1)
 ,(5408,172,'2015-09-14','2015-09-14 21:15:26',1)
 ,(5409,173,'2015-09-14','2015-09-14 21:15:32',1)
 ,(5410,174,'2015-09-14','2015-09-14 21:15:35',1)
 ,(5411,175,'2015-09-14','2015-09-14 21:15:37',1)
 ,(5412,176,'2015-09-14','2015-09-14 21:15:40',1)
 ,(5413,177,'2015-09-14','2015-09-14 21:15:47',1)
 ,(5414,1,'2015-09-14','2015-09-14 21:15:57',1)
 ,(5415,185,'2015-09-14','2015-09-14 21:16:28',1)
 ,(5416,1,'2015-09-14','2015-09-14 21:16:29',1)
 ,(5417,165,'2015-09-14','2015-09-14 21:16:32',1)
 ,(5418,225,'2015-09-14','2015-09-14 21:16:37',1)
 ,(5419,165,'2015-09-14','2015-09-14 21:16:43',1)
 ,(5420,165,'2015-09-14','2015-09-14 21:17:21',1)
 ,(5421,2,'2015-09-14','2015-09-14 21:17:29',1)
 ,(5422,2,'2015-09-14','2015-09-14 21:17:29',1)
 ,(5423,7,'2015-09-14','2015-09-14 21:17:31',1)
 ,(5424,7,'2015-09-14','2015-09-14 21:17:31',1)
 ,(5425,233,'2015-09-14','2015-09-14 21:18:00',1)
 ,(5426,278,'2015-09-14','2015-09-14 21:18:28',1)
 ,(5427,279,'2015-09-14','2015-09-14 21:18:50',1)
 ,(5428,280,'2015-09-14','2015-09-14 21:19:03',1)
 ,(5429,281,'2015-09-14','2015-09-14 21:19:15',1)
 ,(5430,2,'2015-09-14','2015-09-14 21:19:41',1)
 ,(5431,2,'2015-09-14','2015-09-14 21:19:41',1)
 ,(5432,7,'2015-09-14','2015-09-14 21:19:44',1)
 ,(5433,7,'2015-09-14','2015-09-14 21:19:44',1)
 ,(5434,278,'2015-09-14','2015-09-14 21:19:55',1)
 ,(5435,278,'2015-09-14','2015-09-14 21:20:08',1)
 ,(5436,2,'2015-09-14','2015-09-14 21:20:10',1)
 ,(5437,2,'2015-09-14','2015-09-14 21:20:10',1)
 ,(5438,7,'2015-09-14','2015-09-14 21:20:12',1)
 ,(5439,7,'2015-09-14','2015-09-14 21:20:12',1)
 ,(5440,279,'2015-09-14','2015-09-14 21:20:16',1)
 ,(5441,279,'2015-09-14','2015-09-14 21:20:18',1)
 ,(5442,279,'2015-09-14','2015-09-14 21:20:30',1)
 ,(5443,7,'2015-09-14','2015-09-14 21:20:34',1)
 ,(5444,280,'2015-09-14','2015-09-14 21:20:38',1)
 ,(5445,280,'2015-09-14','2015-09-14 21:20:50',1)
 ,(5446,7,'2015-09-14','2015-09-14 21:20:54',1)
 ,(5447,281,'2015-09-14','2015-09-14 21:21:00',1)
 ,(5448,1,'2015-09-14','2015-09-14 21:21:09',3)
 ,(5449,281,'2015-09-14','2015-09-14 21:21:11',1)
 ,(5450,7,'2015-09-14','2015-09-14 21:21:15',1)
 ,(5451,225,'2015-09-14','2015-09-14 21:21:30',1)
 ,(5452,225,'2015-09-14','2015-09-14 21:21:31',1)
 ,(5453,282,'2015-09-14','2015-09-14 21:21:44',1)
 ,(5454,283,'2015-09-14','2015-09-14 21:21:57',1)
 ,(5455,284,'2015-09-14','2015-09-14 21:22:10',1)
 ,(5456,165,'2015-09-14','2015-09-14 21:22:14',1)
 ,(5457,225,'2015-09-14','2015-09-14 21:22:39',1)
 ,(5458,225,'2015-09-14','2015-09-14 21:22:42',1)
 ,(5459,259,'2015-09-14','2015-09-14 21:22:46',3)
 ,(5460,1,'2015-09-14','2015-09-14 21:22:51',3)
 ,(5461,285,'2015-09-14','2015-09-14 21:22:55',1)
 ,(5462,166,'2015-09-14','2015-09-14 21:23:03',1)
 ,(5463,167,'2015-09-14','2015-09-14 21:23:14',1)
 ,(5464,225,'2015-09-14','2015-09-14 21:23:28',1)
 ,(5465,1,'2015-09-14','2015-09-14 21:23:36',0)
 ,(5466,225,'2015-09-14','2015-09-14 21:23:40',1)
 ,(5467,225,'2015-09-14','2015-09-14 21:23:43',1)
 ,(5468,286,'2015-09-14','2015-09-14 21:23:56',1)
 ,(5469,7,'2015-09-14','2015-09-14 21:23:59',1)
 ,(5470,8,'2015-09-14','2015-09-14 21:24:15',1)
 ,(5471,8,'2015-09-14','2015-09-14 21:24:18',1)
 ,(5472,8,'2015-09-14','2015-09-14 21:24:34',1)
 ,(5473,8,'2015-09-14','2015-09-14 21:24:48',1)
 ,(5474,8,'2015-09-14','2015-09-14 21:25:00',1)
 ,(5475,8,'2015-09-14','2015-09-14 21:25:09',1)
 ,(5476,8,'2015-09-14','2015-09-14 21:25:21',1)
 ,(5477,8,'2015-09-14','2015-09-14 21:25:40',1)
 ,(5478,8,'2015-09-14','2015-09-14 21:25:50',1)
 ,(5479,8,'2015-09-14','2015-09-14 21:25:58',1)
 ,(5480,8,'2015-09-14','2015-09-14 21:26:06',1)
 ,(5481,8,'2015-09-14','2015-09-14 21:26:15',1)
 ,(5482,8,'2015-09-14','2015-09-14 21:26:31',1)
 ,(5483,8,'2015-09-14','2015-09-14 21:26:40',1)
 ,(5484,8,'2015-09-14','2015-09-14 21:26:49',1)
 ,(5485,8,'2015-09-14','2015-09-14 21:26:56',1)
 ,(5486,8,'2015-09-14','2015-09-14 21:27:06',1)
 ,(5487,8,'2015-09-14','2015-09-14 21:27:15',1)
 ,(5488,8,'2015-09-14','2015-09-14 21:27:27',1)
 ,(5489,8,'2015-09-14','2015-09-14 21:27:36',1)
 ,(5490,8,'2015-09-14','2015-09-14 21:27:45',1)
 ,(5491,8,'2015-09-14','2015-09-14 21:27:54',1)
 ,(5492,8,'2015-09-14','2015-09-14 21:28:06',1)
 ,(5493,8,'2015-09-14','2015-09-14 21:28:25',1)
 ,(5494,8,'2015-09-14','2015-09-14 21:28:34',1)
 ,(5495,8,'2015-09-14','2015-09-14 21:28:42',1)
 ,(5496,8,'2015-09-14','2015-09-14 21:28:52',1)
 ,(5497,8,'2015-09-14','2015-09-14 21:29:01',1)
 ,(5498,8,'2015-09-14','2015-09-14 21:29:08',1)
 ,(5499,8,'2015-09-14','2015-09-14 21:29:16',1)
 ,(5500,8,'2015-09-14','2015-09-14 21:29:23',1)
 ,(5501,8,'2015-09-14','2015-09-14 21:29:32',1)
 ,(5502,8,'2015-09-14','2015-09-14 21:29:40',1)
 ,(5503,8,'2015-09-14','2015-09-14 21:29:51',1)
 ,(5504,7,'2015-09-14','2015-09-14 21:29:55',1)
 ,(5505,278,'2015-09-14','2015-09-14 21:30:15',1)
 ,(5506,7,'2015-09-14','2015-09-14 21:30:19',1)
 ,(5507,282,'2015-09-14','2015-09-14 21:30:23',1)
 ,(5508,7,'2015-09-14','2015-09-14 21:30:30',1)
 ,(5509,278,'2015-09-14','2015-09-14 21:30:34',1)
 ,(5510,1,'2015-09-14','2015-09-14 21:30:57',1)
 ,(5511,165,'2015-09-14','2015-09-14 21:31:04',1)
 ,(5512,7,'2015-09-14','2015-09-14 21:31:20',1)
 ,(5513,278,'2015-09-14','2015-09-14 21:32:36',1)
 ,(5514,278,'2015-09-14','2015-09-14 21:32:39',1)
 ,(5515,278,'2015-09-14','2015-09-14 21:36:10',1)
 ,(5516,165,'2015-09-14','2015-09-14 21:36:22',1)
 ,(5517,278,'2015-09-14','2015-09-14 21:36:29',1)
 ,(5518,165,'2015-09-14','2015-09-14 21:36:50',1)
 ,(5519,165,'2015-09-14','2015-09-14 21:36:54',1)
 ,(5520,165,'2015-09-14','2015-09-14 21:37:32',1)
 ,(5521,165,'2015-09-14','2015-09-14 21:37:39',1)
 ,(5522,165,'2015-09-14','2015-09-14 21:38:16',1)
 ,(5523,1,'2015-09-14','2015-09-14 21:38:18',1)
 ,(5524,206,'2015-09-14','2015-09-14 21:38:26',1)
 ,(5525,1,'2015-09-14','2015-09-14 21:38:29',1)
 ,(5526,196,'2015-09-14','2015-09-14 21:38:34',1)
 ,(5527,1,'2015-09-14','2015-09-14 21:38:37',1)
 ,(5528,1,'2015-09-14','2015-09-14 22:30:51',0)
 ,(5529,1,'2015-09-14','2015-09-14 22:30:56',0)
 ,(5530,111,'2015-09-14','2015-09-14 22:31:07',0)
 ,(5531,111,'2015-09-14','2015-09-14 22:31:11',0)
 ,(5532,2,'2015-09-14','2015-09-14 22:31:12',1)
 ,(5533,1,'2015-09-14','2015-09-14 22:31:16',1)
 ,(5534,1,'2015-09-14','2015-09-14 22:31:16',1)
 ,(5535,165,'2015-09-14','2015-09-14 22:31:22',1)
 ,(5536,7,'2015-09-14','2015-09-14 22:31:34',1)
 ,(5537,165,'2015-09-14','2015-09-14 22:32:25',1)
 ,(5538,166,'2015-09-14','2015-09-14 22:42:14',1)
 ,(5539,167,'2015-09-14','2015-09-14 22:45:52',1)
 ,(5540,165,'2015-09-14','2015-09-14 22:49:21',1)
 ,(5541,165,'2015-09-14','2015-09-14 22:49:44',1)
 ,(5542,279,'2015-09-14','2015-09-14 22:50:16',1)
 ,(5543,7,'2015-09-14','2015-09-14 22:50:32',1)
 ,(5544,279,'2015-09-14','2015-09-14 22:50:45',1)
 ,(5545,165,'2015-09-14','2015-09-14 22:51:09',1)
 ,(5546,279,'2015-09-14','2015-09-14 22:51:11',1)
 ,(5547,165,'2015-09-14','2015-09-14 22:51:12',1)
 ,(5548,165,'2015-09-14','2015-09-14 22:51:17',1)
 ,(5549,7,'2015-09-14','2015-09-14 22:51:24',1)
 ,(5550,280,'2015-09-14','2015-09-14 22:51:29',1)
 ,(5551,7,'2015-09-14','2015-09-14 22:51:55',1)
 ,(5552,281,'2015-09-14','2015-09-14 22:51:59',1)
 ,(5553,7,'2015-09-14','2015-09-14 22:52:33',1)
 ,(5554,282,'2015-09-14','2015-09-14 22:52:40',1)
 ,(5555,7,'2015-09-14','2015-09-14 22:53:04',1)
 ,(5556,283,'2015-09-14','2015-09-14 22:53:15',1)
 ,(5557,7,'2015-09-14','2015-09-14 22:53:43',1)
 ,(5558,283,'2015-09-14','2015-09-14 22:53:52',1)
 ,(5559,7,'2015-09-14','2015-09-14 22:54:03',1)
 ,(5560,283,'2015-09-14','2015-09-14 22:54:11',1)
 ,(5561,7,'2015-09-14','2015-09-14 22:54:18',1)
 ,(5562,283,'2015-09-14','2015-09-14 22:54:22',1)
 ,(5563,7,'2015-09-14','2015-09-14 22:54:26',1)
 ,(5564,284,'2015-09-14','2015-09-14 22:54:30',1)
 ,(5565,11,'2015-09-14','2015-09-14 22:54:41',1)
 ,(5566,7,'2015-09-14','2015-09-14 22:54:44',1)
 ,(5567,283,'2015-09-14','2015-09-14 22:55:33',1)
 ,(5568,7,'2015-09-14','2015-09-14 22:55:35',1)
 ,(5569,283,'2015-09-14','2015-09-14 22:56:23',1)
 ,(5570,319,'2015-09-14','2015-09-14 22:56:34',1)
 ,(5571,2,'2015-09-14','2015-09-14 22:57:10',1)
 ,(5572,2,'2015-09-14','2015-09-14 22:57:11',1)
 ,(5573,7,'2015-09-14','2015-09-14 22:57:13',1)
 ,(5574,7,'2015-09-14','2015-09-14 22:57:13',1)
 ,(5575,2,'2015-09-14','2015-09-14 22:58:26',1)
 ,(5576,2,'2015-09-14','2015-09-14 22:58:27',1)
 ,(5577,8,'2015-09-14','2015-09-14 22:58:29',1)
 ,(5578,8,'2015-09-14','2015-09-14 22:58:29',1)
 ,(5579,8,'2015-09-14','2015-09-14 22:58:33',1)
 ,(5580,8,'2015-09-14','2015-09-14 22:58:43',1)
 ,(5581,8,'2015-09-14','2015-09-14 22:58:43',1)
 ,(5582,319,'2015-09-14','2015-09-14 22:59:52',1)
 ,(5583,8,'2015-09-14','2015-09-14 23:00:26',1)
 ,(5584,285,'2015-09-14','2015-09-14 23:00:35',1)
 ,(5585,8,'2015-09-14','2015-09-14 23:01:09',1)
 ,(5586,165,'2015-09-14','2015-09-14 23:02:59',1)
 ,(5587,290,'2015-09-14','2015-09-14 23:03:03',1)
 ,(5588,165,'2015-09-14','2015-09-14 23:03:14',1)
 ,(5589,165,'2015-09-14','2015-09-14 23:03:29',1)
 ,(5590,165,'2015-09-14','2015-09-14 23:05:53',1)
 ,(5591,166,'2015-09-14','2015-09-14 23:05:58',1)
 ,(5592,165,'2015-09-14','2015-09-14 23:06:03',1)
 ,(5593,166,'2015-09-14','2015-09-14 23:06:06',1)
 ,(5594,166,'2015-09-14','2015-09-14 23:06:45',1)
 ,(5595,165,'2015-09-14','2015-09-14 23:06:48',1)
 ,(5596,166,'2015-09-14','2015-09-14 23:06:50',1)
 ,(5597,166,'2015-09-14','2015-09-14 23:06:55',1)
 ,(5598,167,'2015-09-14','2015-09-14 23:09:44',1)
 ,(5599,167,'2015-09-14','2015-09-14 23:09:47',1)
 ,(5600,167,'2015-09-14','2015-09-14 23:12:37',1)
 ,(5601,167,'2015-09-14','2015-09-14 23:13:03',1)
 ,(5602,167,'2015-09-14','2015-09-14 23:13:15',1)
 ,(5603,167,'2015-09-14','2015-09-14 23:13:16',1)
 ,(5604,167,'2015-09-14','2015-09-14 23:13:19',1)
 ,(5605,167,'2015-09-14','2015-09-14 23:13:25',1)
 ,(5606,167,'2015-09-14','2015-09-14 23:13:36',1)
 ,(5607,167,'2015-09-14','2015-09-14 23:13:37',1)
 ,(5608,167,'2015-09-14','2015-09-14 23:13:42',1)
 ,(5609,165,'2015-09-14','2015-09-14 23:13:51',1)
 ,(5610,165,'2015-09-14','2015-09-14 23:13:59',1)
 ,(5611,165,'2015-09-14','2015-09-14 23:14:06',1)
 ,(5612,165,'2015-09-14','2015-09-14 23:14:07',1)
 ,(5613,165,'2015-09-14','2015-09-14 23:14:12',1)
 ,(5614,165,'2015-09-14','2015-09-14 23:14:16',1)
 ,(5615,166,'2015-09-14','2015-09-14 23:14:20',1)
 ,(5616,166,'2015-09-14','2015-09-14 23:14:23',1)
 ,(5617,166,'2015-09-14','2015-09-14 23:14:26',1)
 ,(5618,166,'2015-09-14','2015-09-14 23:14:34',1)
 ,(5619,166,'2015-09-14','2015-09-14 23:14:34',1)
 ,(5620,166,'2015-09-14','2015-09-14 23:14:37',1)
 ,(5621,302,'2015-09-14','2015-09-14 23:14:49',1)
 ,(5622,166,'2015-09-14','2015-09-14 23:14:56',1)
 ,(5623,165,'2015-09-14','2015-09-14 23:15:01',1)
 ,(5624,7,'2015-09-15','2015-09-15 00:30:03',1)
 ,(5625,319,'2015-09-15','2015-09-15 00:30:16',1)
 ,(5626,319,'2015-09-15','2015-09-15 00:30:20',1)
 ,(5627,319,'2015-09-15','2015-09-15 00:32:00',1)
 ,(5628,7,'2015-09-15','2015-09-15 00:32:09',1)
 ,(5629,278,'2015-09-15','2015-09-15 00:32:21',1)
 ,(5630,7,'2015-09-15','2015-09-15 00:32:31',1)
 ,(5631,279,'2015-09-15','2015-09-15 00:32:37',1)
 ,(5632,279,'2015-09-15','2015-09-15 00:32:41',1)
 ,(5633,279,'2015-09-15','2015-09-15 00:34:11',1)
 ,(5634,7,'2015-09-15','2015-09-15 00:34:16',1)
 ,(5635,280,'2015-09-15','2015-09-15 00:34:23',1)
 ,(5636,280,'2015-09-15','2015-09-15 00:34:25',1)
 ,(5637,280,'2015-09-15','2015-09-15 00:35:50',1)
 ,(5638,7,'2015-09-15','2015-09-15 00:35:58',1)
 ,(5639,281,'2015-09-15','2015-09-15 00:36:02',1)
 ,(5640,281,'2015-09-15','2015-09-15 00:36:05',1)
 ,(5641,7,'2015-09-15','2015-09-15 00:37:16',1)
 ,(5642,282,'2015-09-15','2015-09-15 00:37:26',1)
 ,(5643,282,'2015-09-15','2015-09-15 00:37:34',1)
 ,(5644,282,'2015-09-15','2015-09-15 00:38:26',1)
 ,(5645,7,'2015-09-15','2015-09-15 00:39:05',1)
 ,(5646,283,'2015-09-15','2015-09-15 00:39:09',1)
 ,(5647,283,'2015-09-15','2015-09-15 00:39:13',1)
 ,(5648,283,'2015-09-15','2015-09-15 00:40:13',1)
 ,(5649,283,'2015-09-15','2015-09-15 00:40:35',1)
 ,(5650,283,'2015-09-15','2015-09-15 00:40:40',1)
 ,(5651,7,'2015-09-15','2015-09-15 00:40:43',1)
 ,(5652,285,'2015-09-15','2015-09-15 00:40:51',1)
 ,(5653,285,'2015-09-15','2015-09-15 00:40:55',1)
 ,(5654,285,'2015-09-15','2015-09-15 00:41:59',1)
 ,(5655,2,'2015-09-15','2015-09-15 00:42:00',1)
 ,(5656,2,'2015-09-15','2015-09-15 00:42:00',1)
 ,(5657,7,'2015-09-15','2015-09-15 00:42:02',1)
 ,(5658,7,'2015-09-15','2015-09-15 00:42:03',1)
 ,(5659,286,'2015-09-15','2015-09-15 00:42:25',1)
 ,(5660,286,'2015-09-15','2015-09-15 00:42:29',1)
 ,(5661,286,'2015-09-15','2015-09-15 00:43:17',1)
 ,(5662,7,'2015-09-15','2015-09-15 00:43:39',1)
 ,(5663,287,'2015-09-15','2015-09-15 00:43:44',1)
 ,(5664,287,'2015-09-15','2015-09-15 00:43:48',1)
 ,(5665,287,'2015-09-15','2015-09-15 00:44:36',1)
 ,(5666,7,'2015-09-15','2015-09-15 00:44:53',1)
 ,(5667,288,'2015-09-15','2015-09-15 00:44:58',1)
 ,(5668,288,'2015-09-15','2015-09-15 00:45:01',1)
 ,(5669,288,'2015-09-15','2015-09-15 00:46:10',1)
 ,(5670,7,'2015-09-15','2015-09-15 00:46:16',1)
 ,(5671,289,'2015-09-15','2015-09-15 00:46:33',1)
 ,(5672,289,'2015-09-15','2015-09-15 00:46:35',1)
 ,(5673,289,'2015-09-15','2015-09-15 00:47:33',1)
 ,(5674,7,'2015-09-15','2015-09-15 00:47:54',1)
 ,(5675,290,'2015-09-15','2015-09-15 00:48:03',1)
 ,(5676,290,'2015-09-15','2015-09-15 00:48:06',1)
 ,(5677,290,'2015-09-15','2015-09-15 00:49:02',1)
 ,(5678,7,'2015-09-15','2015-09-15 00:49:21',1)
 ,(5679,291,'2015-09-15','2015-09-15 00:49:26',1)
 ,(5680,291,'2015-09-15','2015-09-15 00:49:30',1)
 ,(5681,291,'2015-09-15','2015-09-15 00:50:29',1)
 ,(5682,2,'2015-09-15','2015-09-15 00:50:40',1)
 ,(5683,2,'2015-09-15','2015-09-15 00:50:40',1)
 ,(5684,7,'2015-09-15','2015-09-15 00:50:41',1)
 ,(5685,7,'2015-09-15','2015-09-15 00:50:42',1)
 ,(5686,292,'2015-09-15','2015-09-15 00:50:52',1)
 ,(5687,292,'2015-09-15','2015-09-15 00:50:54',1)
 ,(5688,292,'2015-09-15','2015-09-15 00:51:46',1)
 ,(5689,7,'2015-09-15','2015-09-15 00:52:14',1)
 ,(5690,293,'2015-09-15','2015-09-15 00:52:21',1)
 ,(5691,293,'2015-09-15','2015-09-15 00:52:24',1)
 ,(5692,293,'2015-09-15','2015-09-15 00:53:10',1)
 ,(5693,7,'2015-09-15','2015-09-15 00:53:23',1)
 ,(5694,294,'2015-09-15','2015-09-15 00:53:29',1)
 ,(5695,294,'2015-09-15','2015-09-15 00:53:33',1)
 ,(5696,294,'2015-09-15','2015-09-15 00:54:23',1)
 ,(5697,7,'2015-09-15','2015-09-15 00:54:29',1)
 ,(5698,295,'2015-09-15','2015-09-15 00:54:46',1)
 ,(5699,295,'2015-09-15','2015-09-15 00:54:49',1)
 ,(5700,295,'2015-09-15','2015-09-15 00:55:46',1)
 ,(5701,7,'2015-09-15','2015-09-15 00:55:52',1)
 ,(5702,296,'2015-09-15','2015-09-15 00:56:08',1)
 ,(5703,296,'2015-09-15','2015-09-15 00:56:11',1)
 ,(5704,7,'2015-09-15','2015-09-15 00:56:57',1)
 ,(5705,297,'2015-09-15','2015-09-15 00:57:17',1)
 ,(5706,297,'2015-09-15','2015-09-15 00:57:21',1)
 ,(5707,297,'2015-09-15','2015-09-15 00:57:39',1)
 ,(5708,297,'2015-09-15','2015-09-15 00:57:53',1)
 ,(5709,297,'2015-09-15','2015-09-15 00:58:43',1)
 ,(5710,7,'2015-09-15','2015-09-15 00:59:37',1)
 ,(5711,298,'2015-09-15','2015-09-15 00:59:43',1)
 ,(5712,298,'2015-09-15','2015-09-15 00:59:56',1)
 ,(5713,298,'2015-09-15','2015-09-15 01:00:42',1)
 ,(5714,166,'2015-09-15','2015-09-15 01:00:48',1)
 ,(5715,7,'2015-09-15','2015-09-15 01:00:59',1)
 ,(5716,299,'2015-09-15','2015-09-15 01:01:19',1)
 ,(5717,299,'2015-09-15','2015-09-15 01:01:22',1)
 ,(5718,299,'2015-09-15','2015-09-15 01:02:09',1)
 ,(5719,7,'2015-09-15','2015-09-15 01:02:27',1)
 ,(5720,300,'2015-09-15','2015-09-15 01:02:38',1)
 ,(5721,300,'2015-09-15','2015-09-15 01:02:40',1)
 ,(5722,7,'2015-09-15','2015-09-15 01:03:37',1)
 ,(5723,301,'2015-09-15','2015-09-15 01:03:43',1)
 ,(5724,301,'2015-09-15','2015-09-15 01:03:49',1)
 ,(5725,301,'2015-09-15','2015-09-15 01:05:02',1)
 ,(5726,7,'2015-09-15','2015-09-15 01:05:05',1)
 ,(5727,302,'2015-09-15','2015-09-15 01:05:11',1)
 ,(5728,302,'2015-09-15','2015-09-15 01:05:14',1)
 ,(5729,302,'2015-09-15','2015-09-15 01:06:12',1)
 ,(5730,303,'2015-09-15','2015-09-15 01:06:35',1)
 ,(5731,303,'2015-09-15','2015-09-15 01:06:39',1)
 ,(5732,303,'2015-09-15','2015-09-15 01:07:30',1)
 ,(5733,304,'2015-09-15','2015-09-15 01:07:35',1)
 ,(5734,304,'2015-09-15','2015-09-15 01:07:46',1)
 ,(5735,304,'2015-09-15','2015-09-15 01:08:35',1)
 ,(5736,305,'2015-09-15','2015-09-15 01:08:46',1)
 ,(5737,305,'2015-09-15','2015-09-15 01:09:01',1)
 ,(5738,305,'2015-09-15','2015-09-15 01:10:20',1)
 ,(5739,305,'2015-09-15','2015-09-15 01:10:44',1)
 ,(5740,302,'2015-09-15','2015-09-15 01:10:50',1)
 ,(5741,306,'2015-09-15','2015-09-15 01:10:50',1)
 ,(5742,306,'2015-09-15','2015-09-15 01:10:54',1)
 ,(5743,306,'2015-09-15','2015-09-15 01:11:50',1)
 ,(5744,302,'2015-09-15','2015-09-15 01:12:18',1)
 ,(5745,307,'2015-09-15','2015-09-15 01:12:18',1)
 ,(5746,307,'2015-09-15','2015-09-15 01:12:25',1)
 ,(5747,307,'2015-09-15','2015-09-15 01:13:26',1)
 ,(5748,302,'2015-09-15','2015-09-15 01:13:30',1)
 ,(5749,308,'2015-09-15','2015-09-15 01:13:31',1)
 ,(5750,308,'2015-09-15','2015-09-15 01:13:34',1)
 ,(5751,308,'2015-09-15','2015-09-15 01:14:37',1)
 ,(5752,302,'2015-09-15','2015-09-15 01:14:53',1)
 ,(5753,309,'2015-09-15','2015-09-15 01:14:54',1)
 ,(5754,309,'2015-09-15','2015-09-15 01:15:06',1)
 ,(5755,309,'2015-09-15','2015-09-15 01:15:51',1)
 ,(5756,167,'2015-09-15','2015-09-15 01:15:59',1)
 ,(5757,302,'2015-09-15','2015-09-15 01:16:09',1)
 ,(5758,319,'2015-09-15','2015-09-15 01:16:09',1)
 ,(5759,310,'2015-09-15','2015-09-15 01:16:11',1)
 ,(5760,310,'2015-09-15','2015-09-15 01:16:13',1)
 ,(5761,310,'2015-09-15','2015-09-15 01:16:53',1)
 ,(5762,311,'2015-09-15','2015-09-15 01:17:03',1)
 ,(5763,311,'2015-09-15','2015-09-15 01:17:06',1)
 ,(5764,311,'2015-09-15','2015-09-15 01:17:42',1)
 ,(5765,319,'2015-09-15','2015-09-15 01:17:55',1)
 ,(5766,312,'2015-09-15','2015-09-15 01:17:56',1)
 ,(5767,312,'2015-09-15','2015-09-15 01:17:59',1)
 ,(5768,312,'2015-09-15','2015-09-15 01:18:33',1)
 ,(5769,319,'2015-09-15','2015-09-15 01:18:37',1)
 ,(5770,313,'2015-09-15','2015-09-15 01:18:37',1)
 ,(5771,313,'2015-09-15','2015-09-15 01:18:54',1)
 ,(5772,313,'2015-09-15','2015-09-15 01:19:27',1)
 ,(5773,319,'2015-09-15','2015-09-15 01:19:31',1)
 ,(5774,314,'2015-09-15','2015-09-15 01:19:31',1)
 ,(5775,314,'2015-09-15','2015-09-15 01:19:34',1)
 ,(5776,314,'2015-09-15','2015-09-15 01:20:21',1)
 ,(5777,319,'2015-09-15','2015-09-15 01:20:25',1)
 ,(5778,315,'2015-09-15','2015-09-15 01:20:25',1)
 ,(5779,315,'2015-09-15','2015-09-15 01:20:29',1)
 ,(5780,315,'2015-09-15','2015-09-15 01:21:14',1)
 ,(5781,319,'2015-09-15','2015-09-15 01:21:20',1)
 ,(5782,316,'2015-09-15','2015-09-15 01:21:21',1)
 ,(5783,316,'2015-09-15','2015-09-15 01:21:33',1)
 ,(5784,316,'2015-09-15','2015-09-15 01:22:31',1)
 ,(5785,319,'2015-09-15','2015-09-15 01:22:35',1)
 ,(5786,317,'2015-09-15','2015-09-15 01:22:36',1)
 ,(5787,317,'2015-09-15','2015-09-15 01:22:49',1)
 ,(5788,317,'2015-09-15','2015-09-15 01:23:49',1)
 ,(5789,317,'2015-09-15','2015-09-15 01:24:12',1)
 ,(5790,319,'2015-09-15','2015-09-15 01:24:18',1)
 ,(5791,318,'2015-09-15','2015-09-15 01:24:19',1)
 ,(5792,318,'2015-09-15','2015-09-15 01:24:32',1)
 ,(5793,318,'2015-09-15','2015-09-15 01:25:08',1)
 ,(5794,318,'2015-09-15','2015-09-15 01:25:54',1)
 ,(5795,318,'2015-09-15','2015-09-15 01:26:07',1)
 ,(5796,319,'2015-09-15','2015-09-15 01:26:29',1)
 ,(5797,1,'2015-09-15','2015-09-15 01:26:35',1)
 ,(5798,167,'2015-09-15','2015-09-15 01:26:57',1)
 ,(5799,167,'2015-09-15','2015-09-15 01:27:24',1)
 ,(5800,167,'2015-09-15','2015-09-15 01:27:29',1)
 ,(5801,167,'2015-09-15','2015-09-15 01:27:53',1)
 ,(5802,1,'2015-09-15','2015-09-15 01:28:03',1)
 ,(5803,165,'2015-09-15','2015-09-15 01:28:10',1)
 ,(5804,1,'2015-09-15','2015-09-15 02:13:44',0)
 ,(5805,1,'2015-09-15','2015-09-15 05:46:38',0)
 ,(5806,1,'2015-09-15','2015-09-15 06:00:53',0)
 ,(5807,1,'2015-09-15','2015-09-15 08:22:22',0)
 ,(5808,1,'2015-09-15','2015-09-15 08:22:31',0)
 ,(5809,111,'2015-09-15','2015-09-15 08:22:39',0)
 ,(5810,111,'2015-09-15','2015-09-15 08:22:43',0)
 ,(5811,2,'2015-09-15','2015-09-15 08:22:43',1)
 ,(5812,107,'2015-09-15','2015-09-15 08:22:44',1)
 ,(5813,2,'2015-09-15','2015-09-15 08:23:23',1)
 ,(5814,107,'2015-09-15','2015-09-15 08:23:23',1)
 ,(5815,2,'2015-09-15','2015-09-15 08:23:32',1)
 ,(5816,107,'2015-09-15','2015-09-15 08:23:32',1)
 ,(5817,2,'2015-09-15','2015-09-15 08:23:33',1)
 ,(5818,107,'2015-09-15','2015-09-15 08:23:34',1)
 ,(5819,2,'2015-09-15','2015-09-15 08:23:40',1)
 ,(5820,107,'2015-09-15','2015-09-15 08:23:40',1)
 ,(5821,7,'2015-09-15','2015-09-15 08:23:44',1)
 ,(5822,7,'2015-09-15','2015-09-15 08:23:44',1)
 ,(5823,107,'2015-09-15','2015-09-15 08:23:45',1)
 ,(5824,1,'2015-09-15','2015-09-15 08:24:07',1)
 ,(5825,1,'2015-09-15','2015-09-15 10:40:24',0)
 ,(5826,1,'2015-09-15','2015-09-15 11:16:22',3)
 ,(5827,107,'2015-09-15','2015-09-15 11:16:23',3)
 ,(5828,260,'2015-09-15','2015-09-15 11:17:17',3)
 ,(5829,1,'2015-09-15','2015-09-15 11:28:21',0)
 ,(5830,1,'2015-09-15','2015-09-15 11:59:35',3)
 ,(5831,1,'2015-09-15','2015-09-15 12:03:27',0)
 ,(5832,1,'2015-09-15','2015-09-15 12:03:27',0)
 ,(5833,1,'2015-09-15','2015-09-15 12:03:28',0)
 ,(5834,1,'2015-09-15','2015-09-15 12:18:30',0)
 ,(5835,1,'2015-09-15','2015-09-15 12:20:35',3)
 ,(5836,160,'2015-09-15','2015-09-15 12:21:06',0)
 ,(5837,1,'2015-09-15','2015-09-15 12:30:11',0)
 ,(5838,1,'2015-09-15','2015-09-15 12:51:17',1)
 ,(5839,1,'2015-09-15','2015-09-15 12:51:42',1)
 ,(5840,1,'2015-09-15','2015-09-15 12:51:52',1)
 ,(5841,1,'2015-09-15','2015-09-15 12:52:21',1)
 ,(5842,1,'2015-09-15','2015-09-15 12:53:15',1)
 ,(5843,7,'2015-09-15','2015-09-15 12:58:00',1)
 ,(5844,236,'2015-09-15','2015-09-15 12:58:10',1)
 ,(5845,236,'2015-09-15','2015-09-15 12:58:25',1)
 ,(5846,236,'2015-09-15','2015-09-15 12:59:46',1)
 ,(5847,236,'2015-09-15','2015-09-15 13:00:05',1)
 ,(5848,1,'2015-09-15','2015-09-15 13:00:10',1)
 ,(5849,236,'2015-09-15','2015-09-15 13:00:15',1)
 ,(5850,236,'2015-09-15','2015-09-15 13:02:32',1)
 ,(5851,236,'2015-09-15','2015-09-15 13:03:01',1)
 ,(5852,236,'2015-09-15','2015-09-15 13:04:15',1)
 ,(5853,236,'2015-09-15','2015-09-15 13:04:16',1)
 ,(5854,236,'2015-09-15','2015-09-15 13:04:19',1)
 ,(5855,236,'2015-09-15','2015-09-15 13:04:39',1)
 ,(5856,236,'2015-09-15','2015-09-15 13:04:54',1)
 ,(5857,236,'2015-09-15','2015-09-15 13:05:26',1)
 ,(5858,236,'2015-09-15','2015-09-15 13:05:33',1)
 ,(5859,236,'2015-09-15','2015-09-15 13:06:08',1)
 ,(5860,7,'2015-09-15','2015-09-15 13:06:16',1)
 ,(5861,244,'2015-09-15','2015-09-15 13:06:20',1)
 ,(5862,244,'2015-09-15','2015-09-15 13:06:46',1)
 ,(5863,244,'2015-09-15','2015-09-15 13:07:54',1)
 ,(5864,244,'2015-09-15','2015-09-15 13:08:04',1)
 ,(5865,244,'2015-09-15','2015-09-15 13:08:14',1)
 ,(5866,1,'2015-09-15','2015-09-15 13:08:44',1)
 ,(5867,1,'2015-09-15','2015-09-15 13:09:13',1)
 ,(5868,2,'2015-09-15','2015-09-15 13:10:02',1)
 ,(5869,2,'2015-09-15','2015-09-15 13:10:02',1)
 ,(5870,7,'2015-09-15','2015-09-15 13:10:05',1)
 ,(5871,7,'2015-09-15','2015-09-15 13:10:05',1)
 ,(5872,236,'2015-09-15','2015-09-15 13:10:10',1)
 ,(5873,236,'2015-09-15','2015-09-15 13:10:24',1)
 ,(5874,236,'2015-09-15','2015-09-15 13:10:31',1)
 ,(5875,236,'2015-09-15','2015-09-15 13:10:56',1)
 ,(5876,236,'2015-09-15','2015-09-15 13:11:12',1)
 ,(5877,236,'2015-09-15','2015-09-15 13:12:06',1)
 ,(5878,236,'2015-09-15','2015-09-15 13:13:09',1)
 ,(5879,236,'2015-09-15','2015-09-15 13:13:19',1)
 ,(5880,236,'2015-09-15','2015-09-15 13:13:49',1)
 ,(5881,236,'2015-09-15','2015-09-15 13:14:16',1)
 ,(5882,236,'2015-09-15','2015-09-15 13:15:46',1)
 ,(5883,236,'2015-09-15','2015-09-15 13:15:57',1)
 ,(5884,236,'2015-09-15','2015-09-15 13:17:26',1)
 ,(5885,236,'2015-09-15','2015-09-15 13:17:38',1)
 ,(5886,236,'2015-09-15','2015-09-15 13:18:14',1)
 ,(5887,236,'2015-09-15','2015-09-15 13:18:14',1)
 ,(5888,236,'2015-09-15','2015-09-15 13:18:25',1)
 ,(5889,236,'2015-09-15','2015-09-15 13:18:26',1)
 ,(5890,236,'2015-09-15','2015-09-15 13:18:42',1)
 ,(5891,236,'2015-09-15','2015-09-15 13:18:42',1)
 ,(5892,236,'2015-09-15','2015-09-15 13:18:46',1)
 ,(5893,236,'2015-09-15','2015-09-15 13:19:04',1)
 ,(5894,236,'2015-09-15','2015-09-15 13:19:59',1)
 ,(5895,236,'2015-09-15','2015-09-15 13:20:04',1)
 ,(5896,236,'2015-09-15','2015-09-15 13:20:44',1)
 ,(5897,236,'2015-09-15','2015-09-15 13:20:48',1)
 ,(5898,236,'2015-09-15','2015-09-15 13:21:31',1)
 ,(5899,236,'2015-09-15','2015-09-15 13:22:00',1)
 ,(5900,236,'2015-09-15','2015-09-15 13:23:25',1)
 ,(5901,236,'2015-09-15','2015-09-15 13:27:43',1)
 ,(5902,236,'2015-09-15','2015-09-15 13:28:31',1)
 ,(5903,236,'2015-09-15','2015-09-15 13:29:55',1)
 ,(5904,236,'2015-09-15','2015-09-15 13:32:34',1)
 ,(5905,236,'2015-09-15','2015-09-15 13:33:17',1)
 ,(5906,236,'2015-09-15','2015-09-15 13:33:20',1)
 ,(5907,236,'2015-09-15','2015-09-15 13:33:32',1)
 ,(5908,236,'2015-09-15','2015-09-15 13:33:35',1)
 ,(5909,236,'2015-09-15','2015-09-15 13:33:47',1)
 ,(5910,236,'2015-09-15','2015-09-15 13:33:51',1)
 ,(5911,236,'2015-09-15','2015-09-15 13:34:07',1)
 ,(5912,236,'2015-09-15','2015-09-15 13:38:15',1)
 ,(5913,236,'2015-09-15','2015-09-15 13:39:53',1)
 ,(5914,236,'2015-09-15','2015-09-15 13:39:56',1)
 ,(5915,236,'2015-09-15','2015-09-15 13:40:00',1)
 ,(5916,236,'2015-09-15','2015-09-15 13:40:03',1)
 ,(5917,236,'2015-09-15','2015-09-15 13:40:05',1)
 ,(5918,236,'2015-09-15','2015-09-15 13:40:10',1)
 ,(5919,236,'2015-09-15','2015-09-15 13:40:20',1)
 ,(5920,236,'2015-09-15','2015-09-15 13:41:09',1)
 ,(5921,236,'2015-09-15','2015-09-15 13:42:19',1)
 ,(5922,236,'2015-09-15','2015-09-15 13:42:21',1)
 ,(5923,236,'2015-09-15','2015-09-15 13:42:36',1)
 ,(5924,1,'2015-09-15','2015-09-15 13:48:15',0)
 ,(5925,11,'2015-09-15','2015-09-15 13:55:10',1)
 ,(5926,1,'2015-09-15','2015-09-15 13:55:31',1)
 ,(5927,236,'2015-09-15','2015-09-15 13:55:36',1)
 ,(5928,236,'2015-09-15','2015-09-15 13:55:36',1)
 ,(5929,236,'2015-09-15','2015-09-15 13:55:36',1)
 ,(5930,236,'2015-09-15','2015-09-15 13:55:46',1)
 ,(5931,236,'2015-09-15','2015-09-15 13:56:12',1)
 ,(5932,236,'2015-09-15','2015-09-15 13:56:12',1)
 ,(5933,236,'2015-09-15','2015-09-15 13:56:19',1)
 ,(5934,236,'2015-09-15','2015-09-15 13:57:11',1)
 ,(5935,236,'2015-09-15','2015-09-15 13:57:57',1)
 ,(5936,236,'2015-09-15','2015-09-15 13:57:57',1)
 ,(5937,236,'2015-09-15','2015-09-15 13:58:29',1)
 ,(5938,236,'2015-09-15','2015-09-15 13:58:30',1)
 ,(5939,236,'2015-09-15','2015-09-15 13:58:39',1)
 ,(5940,236,'2015-09-15','2015-09-15 13:58:49',1)
 ,(5941,236,'2015-09-15','2015-09-15 13:59:08',1)
 ,(5942,236,'2015-09-15','2015-09-15 13:59:08',1)
 ,(5943,236,'2015-09-15','2015-09-15 13:59:39',1)
 ,(5944,236,'2015-09-15','2015-09-15 13:59:40',1)
 ,(5945,236,'2015-09-15','2015-09-15 14:00:04',1)
 ,(5946,236,'2015-09-15','2015-09-15 14:00:04',1)
 ,(5947,236,'2015-09-15','2015-09-15 14:00:25',1)
 ,(5948,236,'2015-09-15','2015-09-15 14:00:25',1)
 ,(5949,236,'2015-09-15','2015-09-15 14:00:33',1)
 ,(5950,236,'2015-09-15','2015-09-15 14:00:34',1)
 ,(5951,236,'2015-09-15','2015-09-15 14:00:42',1)
 ,(5952,236,'2015-09-15','2015-09-15 14:00:42',1)
 ,(5953,236,'2015-09-15','2015-09-15 14:00:50',1)
 ,(5954,236,'2015-09-15','2015-09-15 14:00:50',1)
 ,(5955,236,'2015-09-15','2015-09-15 14:01:21',1)
 ,(5956,236,'2015-09-15','2015-09-15 14:01:41',1)
 ,(5957,236,'2015-09-15','2015-09-15 14:03:04',1)
 ,(5958,236,'2015-09-15','2015-09-15 14:04:37',1)
 ,(5959,236,'2015-09-15','2015-09-15 14:04:44',1)
 ,(5960,236,'2015-09-15','2015-09-15 14:05:01',1)
 ,(5961,236,'2015-09-15','2015-09-15 14:05:30',1)
 ,(5962,236,'2015-09-15','2015-09-15 14:06:06',1)
 ,(5963,236,'2015-09-15','2015-09-15 14:06:55',1)
 ,(5964,236,'2015-09-15','2015-09-15 14:07:05',1)
 ,(5965,236,'2015-09-15','2015-09-15 14:08:24',1)
 ,(5966,236,'2015-09-15','2015-09-15 14:08:28',1)
 ,(5967,236,'2015-09-15','2015-09-15 14:09:12',1)
 ,(5968,236,'2015-09-15','2015-09-15 14:09:16',1)
 ,(5969,236,'2015-09-15','2015-09-15 14:09:21',1)
 ,(5970,236,'2015-09-15','2015-09-15 14:09:44',1)
 ,(5971,236,'2015-09-15','2015-09-15 14:09:59',1)
 ,(5972,236,'2015-09-15','2015-09-15 14:10:13',1)
 ,(5973,236,'2015-09-15','2015-09-15 14:10:31',1)
 ,(5974,236,'2015-09-15','2015-09-15 14:10:40',1)
 ,(5975,1,'2015-09-15','2015-09-15 14:11:21',1)
 ,(5976,1,'2015-09-15','2015-09-15 14:11:29',1)
 ,(5977,1,'2015-09-15','2015-09-15 14:11:56',1)
 ,(5978,236,'2015-09-15','2015-09-15 14:12:03',1)
 ,(5979,236,'2015-09-15','2015-09-15 14:12:03',1)
 ,(5980,236,'2015-09-15','2015-09-15 14:12:03',1)
 ,(5981,236,'2015-09-15','2015-09-15 14:12:06',1)
 ,(5982,236,'2015-09-15','2015-09-15 14:12:38',1)
 ,(5983,236,'2015-09-15','2015-09-15 14:13:06',1)
 ,(5984,236,'2015-09-15','2015-09-15 14:13:51',1)
 ,(5985,236,'2015-09-15','2015-09-15 14:14:12',1)
 ,(5986,236,'2015-09-15','2015-09-15 14:14:37',1)
 ,(5987,236,'2015-09-15','2015-09-15 14:15:25',1)
 ,(5988,236,'2015-09-15','2015-09-15 14:15:54',1)
 ,(5989,236,'2015-09-15','2015-09-15 14:16:30',1)
 ,(5990,236,'2015-09-15','2015-09-15 14:16:35',1)
 ,(5991,236,'2015-09-15','2015-09-15 14:16:44',1)
 ,(5992,236,'2015-09-15','2015-09-15 14:16:58',1)
 ,(5993,236,'2015-09-15','2015-09-15 14:17:54',1)
 ,(5994,236,'2015-09-15','2015-09-15 14:18:04',1)
 ,(5995,236,'2015-09-15','2015-09-15 14:18:54',1)
 ,(5996,236,'2015-09-15','2015-09-15 14:18:55',1)
 ,(5997,236,'2015-09-15','2015-09-15 14:18:58',1)
 ,(5998,236,'2015-09-15','2015-09-15 14:19:19',1)
 ,(5999,236,'2015-09-15','2015-09-15 14:20:20',1)
 ,(6000,236,'2015-09-15','2015-09-15 14:20:25',1)
 ,(6001,194,'2015-09-15','2015-09-15 14:20:30',1)
 ,(6002,236,'2015-09-15','2015-09-15 14:20:32',1)
 ,(6003,236,'2015-09-15','2015-09-15 14:20:49',1)
 ,(6004,196,'2015-09-15','2015-09-15 14:21:01',1)
 ,(6005,236,'2015-09-15','2015-09-15 14:21:04',1)
 ,(6006,236,'2015-09-15','2015-09-15 14:23:49',1)
 ,(6007,236,'2015-09-15','2015-09-15 14:23:49',1)
 ,(6008,236,'2015-09-15','2015-09-15 14:23:53',1)
 ,(6009,236,'2015-09-15','2015-09-15 14:24:21',1)
 ,(6010,236,'2015-09-15','2015-09-15 14:24:32',1)
 ,(6011,236,'2015-09-15','2015-09-15 14:24:47',1)
 ,(6012,236,'2015-09-15','2015-09-15 14:24:58',1)
 ,(6013,236,'2015-09-15','2015-09-15 14:25:10',1)
 ,(6014,236,'2015-09-15','2015-09-15 14:25:24',1)
 ,(6015,236,'2015-09-15','2015-09-15 14:25:44',1)
 ,(6016,236,'2015-09-15','2015-09-15 14:25:48',1)
 ,(6017,1,'2015-09-15','2015-09-15 15:36:56',0)
 ,(6018,236,'2015-09-15','2015-09-15 22:43:58',0)
 ,(6019,111,'2015-09-15','2015-09-15 22:44:10',0)
 ,(6020,111,'2015-09-15','2015-09-15 22:44:15',0)
 ,(6021,2,'2015-09-15','2015-09-15 22:44:16',1)
 ,(6022,7,'2015-09-15','2015-09-15 22:44:23',1)
 ,(6023,7,'2015-09-15','2015-09-15 22:44:23',1)
 ,(6024,236,'2015-09-15','2015-09-15 22:44:29',1)
 ,(6025,1,'2015-09-15','2015-09-15 23:11:16',1)
 ,(6026,1,'2015-09-15','2015-09-15 23:33:17',1)
 ,(6027,1,'2015-09-15','2015-09-15 23:34:04',1)
 ,(6028,1,'2015-09-15','2015-09-15 23:34:08',1)
 ,(6029,1,'2015-09-15','2015-09-15 23:34:15',1)
 ,(6030,1,'2015-09-15','2015-09-15 23:34:28',1)
 ,(6031,1,'2015-09-15','2015-09-15 23:34:31',1)
 ,(6032,1,'2015-09-15','2015-09-15 23:34:38',1)
 ,(6033,1,'2015-09-15','2015-09-15 23:35:04',1)
 ,(6034,1,'2015-09-15','2015-09-15 23:36:55',1)
 ,(6035,1,'2015-09-15','2015-09-15 23:37:18',1)
 ,(6036,1,'2015-09-16','2015-09-16 00:40:39',0)
 ,(6037,1,'2015-09-16','2015-09-16 18:48:13',3)
 ,(6038,107,'2015-09-16','2015-09-16 18:48:21',3)
 ,(6039,7,'2015-09-16','2015-09-16 18:50:19',3)
 ,(6040,198,'2015-09-16','2015-09-16 18:50:47',3)
 ,(6041,1,'2015-09-16','2015-09-16 18:50:57',3)
 ,(6042,1,'2015-09-16','2015-09-16 19:11:08',0)
 ,(6043,1,'2015-09-16','2015-09-16 19:11:13',0)
 ,(6044,1,'2015-09-16','2015-09-16 19:11:24',0)
 ,(6045,1,'2015-09-16','2015-09-16 19:11:39',0)
 ,(6046,1,'2015-09-16','2015-09-16 20:58:50',0)
 ,(6047,1,'2015-09-17','2015-09-17 08:13:52',0)
 ,(6048,111,'2015-09-17','2015-09-17 09:06:50',0)
 ,(6049,111,'2015-09-17','2015-09-17 09:06:54',0)
 ,(6050,2,'2015-09-17','2015-09-17 09:06:54',1)
 ,(6051,107,'2015-09-17','2015-09-17 09:06:55',1)
 ,(6052,2,'2015-09-17','2015-09-17 09:07:56',1)
 ,(6053,107,'2015-09-17','2015-09-17 09:07:57',1)
 ,(6054,2,'2015-09-17','2015-09-17 09:08:01',1)
 ,(6055,107,'2015-09-17','2015-09-17 09:08:01',1)
 ,(6056,7,'2015-09-17','2015-09-17 09:08:04',1)
 ,(6057,7,'2015-09-17','2015-09-17 09:08:04',1)
 ,(6058,107,'2015-09-17','2015-09-17 09:08:05',1)
 ,(6059,7,'2015-09-17','2015-09-17 09:08:18',1)
 ,(6060,2,'2015-09-17','2015-09-17 09:08:20',1)
 ,(6061,2,'2015-09-17','2015-09-17 09:08:20',1)
 ,(6062,28,'2015-09-17','2015-09-17 09:08:25',1)
 ,(6063,28,'2015-09-17','2015-09-17 09:08:25',1)
 ,(6064,31,'2015-09-17','2015-09-17 09:08:29',1)
 ,(6065,28,'2015-09-17','2015-09-17 09:10:24',1)
 ,(6066,1,'2015-09-17','2015-09-17 09:11:18',1)
 ,(6067,1,'2015-09-17','2015-09-17 09:46:12',3)
 ,(6068,51,'2015-09-17','2015-09-17 12:41:31',1)
 ,(6069,99,'2015-09-17','2015-09-17 12:41:35',1)
 ,(6070,99,'2015-09-17','2015-09-17 12:41:38',1);


CREATE TABLE IF NOT EXISTS `PageThemeStyles` (
  `ptID` int(10) unsigned NOT NULL DEFAULT '0',
  `ptsHandle` varchar(128) NOT NULL,
  `ptsValue` longtext,
  `ptsType` varchar(32) NOT NULL,
  PRIMARY KEY (`ptID`,`ptsHandle`,`ptsType`)
) ENGINE=InnoDB DEFAULT CHARSET=utf8;




CREATE TABLE IF NOT EXISTS `PageThemes` (
  `ptID` int(10) unsigned NOT NULL AUTO_INCREMENT,
  `ptHandle` varchar(64) NOT NULL,
  `ptName` varchar(255) DEFAULT NULL,
  `ptDescription` text,
  `pkgID` int(10) unsigned NOT NULL DEFAULT '0',
  PRIMARY KEY (`ptID`),
  UNIQUE KEY `ptHandle` (`ptHandle`)
) ENGINE=InnoDB AUTO_INCREMENT=6 DEFAULT CHARSET=utf8;

INSERT INTO PageThemes VALUES(1,'default','Plain Yogurt','Plain Yogurt is concrete5\'s default theme.',0)
 ,(2,'greensalad','Green Salad Theme','This is concrete5\'s Green Salad site theme.',0)
 ,(3,'dark_chocolate','Dark Chocolate','Dark Chocolate is concrete5\'s default theme in black.',0)
 ,(4,'greek_yogurt','Greek Yogurt','An elegant theme for concrete5.',0)
 ,(5,'salix','Salix','Responsive theme built with Bootstrap v3.2, offering multiple layouts and customisation options.',1);


CREATE TABLE IF NOT EXISTS `PageTypeAttributes` (
  `ctID` int(10) unsigned NOT NULL DEFAULT '0',
  `akID` int(10) unsigned NOT NULL DEFAULT '0',
  PRIMARY KEY (`ctID`,`akID`)
) ENGINE=InnoDB DEFAULT CHARSET=utf8;

INSERT INTO PageTypeAttributes VALUES(4,16)
 ,(4,17)
 ,(5,16)
 ,(5,18)
 ,(6,16)
 ,(6,18)
 ,(7,16)
 ,(7,18)
 ,(8,16)
 ,(8,18)
 ,(8,19)
 ,(9,18)
 ,(9,19)
 ,(10,16)
 ,(10,18)
 ,(10,19)
 ,(11,18)
 ,(11,19)
 ,(12,16)
 ,(12,18)
 ,(13,16)
 ,(13,18)
 ,(14,16)
 ,(14,18)
 ,(15,16)
 ,(15,18);


CREATE TABLE IF NOT EXISTS `PageTypes` (
  `ctID` int(10) unsigned NOT NULL AUTO_INCREMENT,
  `ctHandle` varchar(32) NOT NULL,
  `ctIcon` varchar(128) DEFAULT NULL,
  `ctName` varchar(90) NOT NULL,
  `ctIsInternal` tinyint(1) NOT NULL DEFAULT '0',
  `pkgID` int(10) unsigned NOT NULL DEFAULT '0',
  PRIMARY KEY (`ctID`),
  UNIQUE KEY `ctHandle` (`ctHandle`)
) ENGINE=InnoDB AUTO_INCREMENT=17 DEFAULT CHARSET=utf8;

INSERT INTO PageTypes VALUES(1,'core_stack','main.png','Stack',1,0)
 ,(2,'dashboard_primary_five','main.png','Dashboard Primary + Five',1,0)
 ,(3,'dashboard_header_four_col','main.png','Dashboard Header + Four Column',1,0)
 ,(4,'blog_entry','template1.png','Blog Entry',0,0)
 ,(5,'full','main.png','Full',0,0)
 ,(6,'left_sidebar','template1.png','Left Sidebar',0,0)
 ,(7,'right_sidebar','right_sidebar.png','Right Sidebar',0,0)
 ,(8,'home_v1','main.png','Home V1',0,1)
 ,(9,'home_v2','main.png','Home V2',0,1)
 ,(10,'home_v1_animated','main.png','Home V1 Animated',0,1)
 ,(11,'home_v2_animated','main.png','Home V2 Animated',0,1)
 ,(12,'two_columns','main.png','Two Columns',0,1)
 ,(13,'three_columns','main.png','Three Columns',0,1)
 ,(14,'three_over_two','main.png','Three Over Two',0,1)
 ,(15,'portfolio_item','main.png','Portfolio Item',0,1)
 ,(16,'default','main.png','Default',0,1);


CREATE TABLE IF NOT EXISTS `PageWorkflowProgress` (
  `cID` int(10) unsigned NOT NULL DEFAULT '0',
  `wpID` int(10) unsigned NOT NULL DEFAULT '0',
  PRIMARY KEY (`cID`,`wpID`)
) ENGINE=InnoDB DEFAULT CHARSET=utf8;




CREATE TABLE IF NOT EXISTS `Pages` (
  `cID` int(10) unsigned NOT NULL DEFAULT '0',
  `cIsTemplate` int(1) unsigned NOT NULL DEFAULT '0',
  `uID` int(10) unsigned DEFAULT NULL,
  `cIsCheckedOut` tinyint(1) NOT NULL DEFAULT '0',
  `cCheckedOutUID` int(10) unsigned DEFAULT NULL,
  `cCheckedOutDatetime` datetime DEFAULT NULL,
  `cCheckedOutDatetimeLastEdit` datetime DEFAULT NULL,
  `cOverrideTemplatePermissions` tinyint(1) NOT NULL DEFAULT '1',
  `cInheritPermissionsFromCID` int(10) unsigned NOT NULL DEFAULT '0',
  `cInheritPermissionsFrom` varchar(8) NOT NULL DEFAULT 'PARENT',
  `cFilename` varchar(255) DEFAULT NULL,
  `cPointerID` int(10) unsigned NOT NULL DEFAULT '0',
  `cPointerExternalLink` longtext,
  `cPointerExternalLinkNewWindow` tinyint(1) NOT NULL DEFAULT '0',
  `cIsActive` tinyint(1) NOT NULL DEFAULT '1',
  `cChildren` int(10) unsigned NOT NULL DEFAULT '0',
  `cDisplayOrder` int(10) unsigned NOT NULL DEFAULT '0',
  `cParentID` int(10) unsigned NOT NULL DEFAULT '0',
  `pkgID` int(10) unsigned NOT NULL DEFAULT '0',
  `cCacheFullPageContent` int(4) NOT NULL DEFAULT '-1',
  `cCacheFullPageContentOverrideLifetime` varchar(32) NOT NULL DEFAULT '0',
  `cCacheFullPageContentLifetimeCustom` int(10) unsigned NOT NULL DEFAULT '0',
  `cIsSystemPage` tinyint(1) NOT NULL DEFAULT '0',
  PRIMARY KEY (`cID`),
  KEY `cParentID` (`cParentID`),
  KEY `cIsActive` (`cIsActive`),
  KEY `cCheckedOutUID` (`cCheckedOutUID`),
  KEY `uID` (`uID`),
  KEY `cPointerID` (`cPointerID`),
  KEY `cIsTemplate` (`cIsTemplate`),
  KEY `cIsSystemPage` (`cIsSystemPage`)
) ENGINE=InnoDB DEFAULT CHARSET=utf8;

INSERT INTO Pages VALUES(1,0,1,0,NULL,NULL,NULL,1,1,'OVERRIDE',NULL,0,NULL,0,1,25,1,0,1,-1,'0',0,0)
 ,(2,0,1,0,NULL,NULL,NULL,1,2,'OVERRIDE','/dashboard/view.php',0,NULL,0,1,15,1,0,0,-1,'0',0,1)
 ,(3,0,1,0,NULL,NULL,NULL,1,2,'PARENT','/dashboard/composer/view.php',0,NULL,0,1,2,1,2,0,-1,'0',0,1)
 ,(4,0,1,0,NULL,NULL,NULL,1,2,'PARENT','/dashboard/composer/write.php',0,NULL,0,1,0,1,3,0,-1,'0',0,1)
 ,(5,0,1,0,NULL,NULL,NULL,1,2,'PARENT','/dashboard/composer/drafts.php',0,NULL,0,1,0,2,3,0,-1,'0',0,1)
 ,(6,0,1,0,NULL,NULL,NULL,1,2,'PARENT','/dashboard/sitemap/view.php',0,NULL,0,1,3,2,2,0,-1,'0',0,1)
 ,(7,0,1,0,NULL,NULL,NULL,1,2,'PARENT','/dashboard/sitemap/full.php',0,NULL,0,1,0,1,6,0,-1,'0',0,1)
 ,(8,0,1,0,NULL,NULL,NULL,1,2,'PARENT','/dashboard/sitemap/explore.php',0,NULL,0,1,0,2,6,0,-1,'0',0,1)
 ,(9,0,1,0,NULL,NULL,NULL,1,2,'PARENT','/dashboard/sitemap/search.php',0,NULL,0,1,0,3,6,0,-1,'0',0,1)
 ,(10,0,1,0,NULL,NULL,NULL,1,2,'PARENT','/dashboard/files/view.php',0,NULL,0,1,4,3,2,0,-1,'0',0,1)
 ,(11,0,1,0,NULL,NULL,NULL,1,2,'PARENT','/dashboard/files/search.php',0,NULL,0,1,0,1,10,0,-1,'0',0,1)
 ,(12,0,1,0,NULL,NULL,NULL,1,2,'PARENT','/dashboard/files/attributes.php',0,NULL,0,1,0,2,10,0,-1,'0',0,1)
 ,(13,0,1,0,NULL,NULL,NULL,1,2,'PARENT','/dashboard/files/sets.php',0,NULL,0,1,0,3,10,0,-1,'0',0,1)
 ,(14,0,1,0,NULL,NULL,NULL,1,2,'PARENT','/dashboard/files/add_set.php',0,NULL,0,1,0,4,10,0,-1,'0',0,1)
 ,(15,0,1,0,NULL,NULL,NULL,1,2,'PARENT','/dashboard/users/view.php',0,NULL,0,1,6,4,2,0,-1,'0',0,1)
 ,(16,0,1,0,NULL,NULL,NULL,1,2,'PARENT','/dashboard/users/search.php',0,NULL,0,1,0,1,15,0,-1,'0',0,1)
 ,(17,0,1,0,NULL,NULL,NULL,1,2,'PARENT','/dashboard/users/groups.php',0,NULL,0,1,0,2,15,0,-1,'0',0,1)
 ,(18,0,1,0,NULL,NULL,NULL,1,2,'PARENT','/dashboard/users/attributes.php',0,NULL,0,1,0,3,15,0,-1,'0',0,1)
 ,(19,0,1,0,NULL,NULL,NULL,1,2,'PARENT','/dashboard/users/add.php',0,NULL,0,1,0,4,15,0,-1,'0',0,1)
 ,(20,0,1,0,NULL,NULL,NULL,1,2,'PARENT','/dashboard/users/add_group.php',0,NULL,0,1,0,5,15,0,-1,'0',0,1)
 ,(21,0,1,0,NULL,NULL,NULL,1,2,'PARENT','/dashboard/users/group_sets.php',0,NULL,0,1,0,6,15,0,-1,'0',0,1)
 ,(22,0,1,0,NULL,NULL,NULL,1,2,'PARENT','/dashboard/reports.php',0,NULL,0,1,4,5,2,0,-1,'0',0,1)
 ,(23,0,1,0,NULL,NULL,NULL,1,2,'PARENT','/dashboard/reports/statistics.php',0,NULL,0,1,0,1,22,0,-1,'0',0,1)
 ,(24,0,1,0,NULL,NULL,NULL,1,2,'PARENT','/dashboard/reports/forms.php',0,NULL,0,1,0,2,22,0,-1,'0',0,1)
 ,(25,0,1,0,NULL,NULL,NULL,1,2,'PARENT','/dashboard/reports/surveys.php',0,NULL,0,1,0,3,22,0,-1,'0',0,1)
 ,(26,0,1,0,NULL,NULL,NULL,1,2,'PARENT','/dashboard/reports/logs.php',0,NULL,0,1,0,4,22,0,-1,'0',0,1)
 ,(27,0,1,0,NULL,NULL,NULL,1,2,'PARENT','/dashboard/pages/view.php',0,NULL,0,1,4,6,2,0,-1,'0',0,1)
 ,(28,0,1,0,NULL,NULL,NULL,1,2,'PARENT','/dashboard/pages/themes/view.php',0,NULL,0,1,3,1,27,0,-1,'0',0,1)
 ,(29,0,1,0,NULL,NULL,NULL,1,2,'PARENT','/dashboard/pages/themes/add.php',0,NULL,0,1,0,1,28,0,-1,'0',0,1)
 ,(30,0,1,0,NULL,NULL,NULL,1,2,'PARENT','/dashboard/pages/themes/inspect.php',0,NULL,0,1,0,2,28,0,-1,'0',0,1)
 ,(31,0,1,0,NULL,NULL,NULL,1,2,'PARENT','/dashboard/pages/themes/customize.php',0,NULL,0,1,0,3,28,0,-1,'0',0,1)
 ,(32,0,1,0,NULL,NULL,NULL,1,2,'PARENT','/dashboard/pages/types/view.php',0,NULL,0,1,2,2,27,0,-1,'0',0,1)
 ,(33,0,1,0,NULL,NULL,NULL,1,2,'PARENT','/dashboard/pages/types/add.php',0,NULL,0,1,0,1,32,0,-1,'0',0,1)
 ,(34,0,1,0,NULL,NULL,NULL,1,2,'PARENT','/dashboard/pages/attributes.php',0,NULL,0,1,0,3,27,0,-1,'0',0,1)
 ,(35,0,1,0,NULL,NULL,NULL,1,2,'PARENT','/dashboard/pages/single.php',0,NULL,0,1,0,4,27,0,-1,'0',0,1)
 ,(36,0,1,0,NULL,NULL,NULL,1,2,'PARENT','/dashboard/workflow/view.php',0,NULL,0,1,2,7,2,0,-1,'0',0,1)
 ,(37,0,1,0,NULL,NULL,NULL,1,2,'PARENT','/dashboard/workflow/list.php',0,NULL,0,1,0,1,36,0,-1,'0',0,1)
 ,(38,0,1,0,NULL,NULL,NULL,1,2,'PARENT','/dashboard/workflow/me.php',0,NULL,0,1,0,2,36,0,-1,'0',0,1)
 ,(39,0,1,0,NULL,NULL,NULL,1,2,'PARENT','/dashboard/blocks/view.php',0,NULL,0,1,4,8,2,0,-1,'0',0,1)
 ,(40,0,1,0,NULL,NULL,NULL,1,2,'PARENT','/dashboard/blocks/stacks/view.php',0,NULL,0,1,1,0,39,0,-1,'0',0,1)
 ,(41,0,1,0,NULL,NULL,NULL,1,2,'PARENT','/dashboard/blocks/permissions.php',0,NULL,0,1,0,1,39,0,-1,'0',0,1)
 ,(42,0,1,0,NULL,NULL,NULL,1,42,'OVERRIDE','/dashboard/blocks/stacks/list/view.php',0,NULL,0,1,0,1,40,0,-1,'0',0,1)
 ,(43,0,1,0,NULL,NULL,NULL,1,2,'PARENT','/dashboard/blocks/types/view.php',0,NULL,0,1,0,2,39,0,-1,'0',0,1)
 ,(44,0,1,0,NULL,NULL,NULL,1,2,'PARENT','/dashboard/extend/view.php',0,NULL,0,1,5,9,2,0,-1,'0',0,1)
 ,(45,0,1,0,NULL,NULL,NULL,1,2,'PARENT','/dashboard/news.php',0,NULL,0,1,0,10,2,0,-1,'0',0,1)
 ,(46,0,1,0,NULL,NULL,NULL,1,2,'PARENT','/dashboard/extend/install.php',0,NULL,0,1,0,1,44,0,-1,'0',0,1)
 ,(47,0,1,0,NULL,NULL,NULL,1,2,'PARENT','/dashboard/extend/update.php',0,NULL,0,1,0,2,44,0,-1,'0',0,1)
 ,(48,0,1,0,NULL,NULL,NULL,1,2,'PARENT','/dashboard/extend/connect.php',0,NULL,0,1,0,3,44,0,-1,'0',0,1)
 ,(49,0,1,0,NULL,NULL,NULL,1,2,'PARENT','/dashboard/extend/themes.php',0,NULL,0,1,0,4,44,0,-1,'0',0,1)
 ,(50,0,1,0,NULL,NULL,NULL,1,2,'PARENT','/dashboard/extend/add-ons.php',0,NULL,0,1,0,5,44,0,-1,'0',0,1)
 ,(51,0,1,0,NULL,NULL,NULL,1,2,'PARENT','/dashboard/system/view.php',0,NULL,0,1,9,11,2,0,-1,'0',0,1)
 ,(52,0,1,0,NULL,NULL,NULL,1,2,'PARENT','/dashboard/system/basics/view.php',0,NULL,0,1,6,1,51,0,-1,'0',0,1)
 ,(53,0,1,0,NULL,NULL,NULL,1,2,'PARENT','/dashboard/system/basics/site_name.php',0,NULL,0,1,0,1,52,0,-1,'0',0,1)
 ,(54,0,1,0,NULL,NULL,NULL,1,2,'PARENT','/dashboard/system/basics/icons.php',0,NULL,0,1,0,2,52,0,-1,'0',0,1)
 ,(55,0,1,0,NULL,NULL,NULL,1,2,'PARENT','/dashboard/system/basics/editor.php',0,NULL,0,1,0,3,52,0,-1,'0',0,1)
 ,(56,0,1,0,NULL,NULL,NULL,1,2,'PARENT','/dashboard/system/basics/multilingual/view.php',0,NULL,0,1,0,4,52,0,-1,'0',0,1)
 ,(57,0,1,0,NULL,NULL,NULL,1,2,'PARENT','/dashboard/system/basics/timezone.php',0,NULL,0,1,0,5,52,0,-1,'0',0,1)
 ,(58,0,1,0,NULL,NULL,NULL,1,2,'PARENT','/dashboard/system/basics/interface.php',0,NULL,0,1,0,6,52,0,-1,'0',0,1)
 ,(59,0,1,0,NULL,NULL,NULL,1,2,'PARENT','/dashboard/system/seo/view.php',0,NULL,0,1,6,2,51,0,-1,'0',0,1)
 ,(60,0,1,0,NULL,NULL,NULL,1,2,'PARENT','/dashboard/system/seo/urls.php',0,NULL,0,1,0,1,59,0,-1,'0',0,1)
 ,(61,0,1,0,NULL,NULL,NULL,1,2,'PARENT','/dashboard/system/seo/bulk_seo_tool.php',0,NULL,0,1,0,2,59,0,-1,'0',0,1)
 ,(62,0,1,0,NULL,NULL,NULL,1,2,'PARENT','/dashboard/system/seo/tracking_codes.php',0,NULL,0,1,0,3,59,0,-1,'0',0,1)
 ,(63,0,1,0,NULL,NULL,NULL,1,2,'PARENT','/dashboard/system/seo/excluded.php',0,NULL,0,1,0,4,59,0,-1,'0',0,1)
 ,(64,0,1,0,NULL,NULL,NULL,1,2,'PARENT','/dashboard/system/seo/statistics.php',0,NULL,0,1,0,5,59,0,-1,'0',0,1)
 ,(65,0,1,0,NULL,NULL,NULL,1,2,'PARENT','/dashboard/system/seo/search_index.php',0,NULL,0,1,0,6,59,0,-1,'0',0,1)
 ,(66,0,1,0,NULL,NULL,NULL,1,2,'PARENT','/dashboard/system/optimization/view.php',0,NULL,0,1,3,3,51,0,-1,'0',0,1)
 ,(67,0,1,0,NULL,NULL,NULL,1,2,'PARENT','/dashboard/system/optimization/cache.php',0,NULL,0,1,0,1,66,0,-1,'0',0,1)
 ,(68,0,1,0,NULL,NULL,NULL,1,2,'PARENT','/dashboard/system/optimization/clear_cache.php',0,NULL,0,1,0,2,66,0,-1,'0',0,1)
 ,(69,0,1,0,NULL,NULL,NULL,1,2,'PARENT','/dashboard/system/optimization/jobs.php',0,NULL,0,1,0,3,66,0,-1,'0',0,1)
 ,(70,0,1,0,NULL,NULL,NULL,1,2,'PARENT','/dashboard/system/permissions/view.php',0,NULL,0,1,10,4,51,0,-1,'0',0,1)
 ,(71,0,1,0,NULL,NULL,NULL,1,2,'PARENT','/dashboard/system/permissions/site.php',0,NULL,0,1,0,1,70,0,-1,'0',0,1)
 ,(72,0,1,0,NULL,NULL,NULL,1,2,'PARENT','/dashboard/system/permissions/files.php',0,NULL,0,1,0,2,70,0,-1,'0',0,1)
 ,(73,0,1,0,NULL,NULL,NULL,1,2,'PARENT','/dashboard/system/permissions/file_types.php',0,NULL,0,1,0,3,70,0,-1,'0',0,1)
 ,(74,0,1,0,NULL,NULL,NULL,1,2,'PARENT','/dashboard/system/permissions/tasks.php',0,NULL,0,1,0,4,70,0,-1,'0',0,1)
 ,(75,0,1,0,NULL,NULL,NULL,1,2,'PARENT','/dashboard/system/permissions/users.php',0,NULL,0,1,0,5,70,0,-1,'0',0,1)
 ,(76,0,1,0,NULL,NULL,NULL,1,2,'PARENT','/dashboard/system/permissions/advanced.php',0,NULL,0,1,0,6,70,0,-1,'0',0,1)
 ,(77,0,1,0,NULL,NULL,NULL,1,2,'PARENT','/dashboard/system/permissions/ip_blacklist.php',0,NULL,0,1,0,7,70,0,-1,'0',0,1)
 ,(78,0,1,0,NULL,NULL,NULL,1,2,'PARENT','/dashboard/system/permissions/captcha.php',0,NULL,0,1,0,8,70,0,-1,'0',0,1)
 ,(79,0,1,0,NULL,NULL,NULL,1,2,'PARENT','/dashboard/system/permissions/antispam.php',0,NULL,0,1,0,9,70,0,-1,'0',0,1)
 ,(80,0,1,0,NULL,NULL,NULL,1,2,'PARENT','/dashboard/system/permissions/maintenance_mode.php',0,NULL,0,1,0,10,70,0,-1,'0',0,1)
 ,(81,0,1,0,NULL,NULL,NULL,1,2,'PARENT','/dashboard/system/registration/view.php',0,NULL,0,1,3,5,51,0,-1,'0',0,1)
 ,(82,0,1,0,NULL,NULL,NULL,1,2,'PARENT','/dashboard/system/registration/postlogin.php',0,NULL,0,1,0,1,81,0,-1,'0',0,1)
 ,(83,0,1,0,NULL,NULL,NULL,1,2,'PARENT','/dashboard/system/registration/profiles.php',0,NULL,0,1,0,2,81,0,-1,'0',0,1)
 ,(84,0,1,0,NULL,NULL,NULL,1,2,'PARENT','/dashboard/system/registration/public_registration.php',0,NULL,0,1,0,3,81,0,-1,'0',0,1)
 ,(85,0,1,0,NULL,NULL,NULL,1,2,'PARENT','/dashboard/system/mail/view.php',0,NULL,0,1,2,6,51,0,-1,'0',0,1)
 ,(86,0,1,0,NULL,NULL,NULL,1,2,'PARENT','/dashboard/system/mail/method.php',0,NULL,0,1,1,1,85,0,-1,'0',0,1)
 ,(87,0,1,0,NULL,NULL,NULL,1,2,'PARENT','/dashboard/system/mail/method/test_settings.php',0,NULL,0,1,0,1,86,0,-1,'0',0,1)
 ,(88,0,1,0,NULL,NULL,NULL,1,2,'PARENT','/dashboard/system/mail/importers.php',0,NULL,0,1,0,2,85,0,-1,'0',0,1)
 ,(89,0,1,0,NULL,NULL,NULL,1,2,'PARENT','/dashboard/system/attributes/view.php',0,NULL,0,1,2,7,51,0,-1,'0',0,1)
 ,(90,0,1,0,NULL,NULL,NULL,1,2,'PARENT','/dashboard/system/attributes/sets.php',0,NULL,0,1,0,1,89,0,-1,'0',0,1)
 ,(91,0,1,0,NULL,NULL,NULL,1,2,'PARENT','/dashboard/system/attributes/types.php',0,NULL,0,1,0,2,89,0,-1,'0',0,1)
 ,(92,0,1,0,NULL,NULL,NULL,1,2,'PARENT','/dashboard/system/environment/view.php',0,NULL,0,1,6,8,51,0,-1,'0',0,1)
 ,(93,0,1,0,NULL,NULL,NULL,1,2,'PARENT','/dashboard/system/environment/info.php',0,NULL,0,1,0,1,92,0,-1,'0',0,1)
 ,(94,0,1,0,NULL,NULL,NULL,1,2,'PARENT','/dashboard/system/environment/debug.php',0,NULL,0,1,0,2,92,0,-1,'0',0,1)
 ,(95,0,1,0,NULL,NULL,NULL,1,2,'PARENT','/dashboard/system/environment/logging.php',0,NULL,0,1,0,3,92,0,-1,'0',0,1)
 ,(96,0,1,0,NULL,NULL,NULL,1,2,'PARENT','/dashboard/system/environment/file_storage_locations.php',0,NULL,0,1,0,4,92,0,-1,'0',0,1)
 ,(97,0,1,0,NULL,NULL,NULL,1,2,'PARENT','/dashboard/system/environment/proxy.php',0,NULL,0,1,0,5,92,0,-1,'0',0,1)
 ,(98,0,1,0,NULL,NULL,NULL,1,2,'PARENT','/dashboard/system/backup_restore/view.php',0,NULL,0,1,3,9,51,0,-1,'0',0,1)
 ,(99,0,1,0,NULL,NULL,NULL,1,2,'PARENT','/dashboard/system/backup_restore/backup.php',0,NULL,0,1,0,1,98,0,-1,'0',0,1)
 ,(100,0,1,0,NULL,NULL,NULL,1,2,'PARENT','/dashboard/system/backup_restore/update.php',0,NULL,0,1,0,2,98,0,-1,'0',0,1)
 ,(101,0,1,0,NULL,NULL,NULL,1,2,'PARENT','/dashboard/system/backup_restore/database.php',0,NULL,0,1,0,3,98,0,-1,'0',0,1)
 ,(102,0,1,0,NULL,NULL,NULL,1,2,'PARENT','/dashboard/pages/types/composer.php',0,NULL,0,1,0,2,32,0,-1,'0',0,1)
 ,(103,1,NULL,0,NULL,NULL,NULL,1,0,'PARENT',NULL,0,NULL,0,1,0,1,0,0,-1,'0',0,0)
 ,(104,1,NULL,0,NULL,NULL,NULL,1,0,'PARENT',NULL,0,NULL,0,1,0,1,0,0,-1,'0',0,0)
 ,(105,1,NULL,0,NULL,NULL,NULL,1,0,'PARENT',NULL,0,NULL,0,1,0,1,0,0,-1,'0',0,0)
 ,(106,0,1,0,NULL,NULL,NULL,1,2,'PARENT',NULL,0,NULL,0,1,0,12,2,0,-1,'0',0,1)
 ,(107,0,1,0,NULL,NULL,NULL,1,2,'PARENT',NULL,0,NULL,0,1,0,13,2,0,-1,'0',0,1)
 ,(108,0,1,0,NULL,NULL,NULL,1,1,'PARENT','/!drafts/view.php',0,NULL,0,1,16,1,0,0,-1,'0',0,1)
 ,(109,0,1,0,NULL,NULL,NULL,1,1,'PARENT','/!trash/view.php',0,NULL,0,1,20,1,0,0,-1,'0',0,1)
 ,(110,0,1,0,NULL,NULL,NULL,1,1,'PARENT','/!stacks/view.php',0,NULL,0,1,9,1,0,0,-1,'0',0,1)
 ,(111,0,1,0,NULL,NULL,NULL,1,111,'OVERRIDE','/login.php',0,NULL,0,1,0,1,0,0,-1,'0',0,1)
 ,(112,0,1,0,NULL,NULL,NULL,1,112,'OVERRIDE','/register.php',0,NULL,0,1,0,1,0,0,-1,'0',0,1)
 ,(113,0,1,0,NULL,NULL,NULL,1,1,'PARENT','/profile/view.php',0,NULL,0,1,4,7,1,0,-1,'0',0,1)
 ,(114,0,1,0,NULL,NULL,NULL,1,1,'PARENT','/profile/edit.php',0,NULL,0,1,0,1,113,0,-1,'0',0,1)
 ,(115,0,1,0,NULL,NULL,NULL,1,1,'PARENT','/profile/avatar.php',0,NULL,0,1,0,2,113,0,-1,'0',0,1)
 ,(116,0,1,0,NULL,NULL,NULL,1,1,'PARENT','/profile/messages.php',0,NULL,0,1,0,3,113,0,-1,'0',0,1)
 ,(117,0,1,0,NULL,NULL,NULL,1,1,'PARENT','/profile/friends.php',0,NULL,0,1,0,4,113,0,-1,'0',0,1)
 ,(118,0,1,0,NULL,NULL,NULL,1,1,'PARENT','/page_not_found.php',0,NULL,0,1,0,2,0,0,-1,'0',0,1)
 ,(119,0,1,0,NULL,NULL,NULL,1,1,'PARENT','/page_forbidden.php',0,NULL,0,1,0,2,0,0,-1,'0',0,1)
 ,(120,0,1,0,NULL,NULL,NULL,1,1,'PARENT','/download_file.php',0,NULL,0,1,0,8,1,0,-1,'0',0,1)
 ,(121,0,1,0,NULL,NULL,NULL,1,1,'PARENT',NULL,0,NULL,0,1,0,1,110,0,-1,'0',0,1)
 ,(122,0,1,0,NULL,NULL,NULL,1,1,'PARENT',NULL,0,NULL,0,1,0,2,110,0,-1,'0',0,1)
 ,(123,0,1,0,NULL,NULL,NULL,1,1,'PARENT',NULL,0,NULL,0,1,0,3,110,0,-1,'0',0,1)
 ,(124,1,NULL,0,NULL,NULL,NULL,1,0,'PARENT',NULL,0,NULL,0,1,0,1,0,0,-1,'0',0,0)
 ,(125,1,NULL,0,NULL,NULL,NULL,1,0,'PARENT',NULL,0,NULL,0,1,0,1,0,0,-1,'0',0,0)
 ,(126,1,NULL,0,NULL,NULL,NULL,1,0,'PARENT',NULL,0,NULL,0,1,0,1,0,0,-1,'0',0,0)
 ,(127,1,NULL,0,NULL,NULL,NULL,1,0,'PARENT',NULL,0,NULL,0,1,0,1,0,0,-1,'0',0,0)
 ,(128,0,1,0,NULL,NULL,NULL,1,1,'PARENT',NULL,0,NULL,0,1,5,1,1,0,-1,'0',0,0)
 ,(129,0,1,0,NULL,NULL,NULL,1,1,'PARENT',NULL,0,NULL,0,1,3,2,1,0,-1,'0',0,0)
 ,(130,0,1,0,NULL,NULL,NULL,1,1,'PARENT',NULL,0,NULL,0,1,3,3,1,0,-1,'0',0,0)
 ,(131,0,1,0,NULL,NULL,NULL,1,1,'PARENT',NULL,0,NULL,0,0,0,13,109,0,-1,'0',0,1)
 ,(132,0,1,0,NULL,NULL,NULL,1,1,'PARENT',NULL,0,NULL,0,0,0,12,109,0,-1,'0',0,1)
 ,(133,0,1,0,NULL,NULL,NULL,1,1,'PARENT',NULL,0,NULL,0,0,0,15,109,0,-1,'0',0,1)
 ,(134,0,1,0,NULL,NULL,NULL,1,1,'PARENT',NULL,0,NULL,0,0,0,52,109,0,-1,'0',0,1)
 ,(135,1,NULL,0,NULL,NULL,NULL,1,0,'PARENT',NULL,0,NULL,0,1,0,1,0,1,-1,'0',0,0)
 ,(136,1,NULL,0,NULL,NULL,NULL,1,0,'PARENT',NULL,0,NULL,0,1,0,1,0,1,-1,'0',0,0)
 ,(137,1,NULL,0,NULL,NULL,NULL,1,0,'PARENT',NULL,0,NULL,0,1,0,1,0,1,-1,'0',0,0)
 ,(138,1,NULL,0,NULL,NULL,NULL,1,0,'PARENT',NULL,0,NULL,0,1,0,1,0,1,-1,'0',0,0)
 ,(139,1,NULL,0,NULL,NULL,NULL,1,0,'PARENT',NULL,0,NULL,0,1,0,1,0,1,-1,'0',0,0)
 ,(140,1,NULL,0,NULL,NULL,NULL,1,0,'PARENT',NULL,0,NULL,0,1,0,1,0,1,-1,'0',0,0)
 ,(141,1,NULL,0,NULL,NULL,NULL,1,0,'PARENT',NULL,0,NULL,0,1,0,1,0,1,-1,'0',0,0)
 ,(142,1,NULL,0,NULL,NULL,NULL,1,0,'PARENT',NULL,0,NULL,0,1,0,1,0,1,-1,'0',0,0)
 ,(143,1,NULL,0,NULL,NULL,NULL,1,0,'PARENT',NULL,0,NULL,0,1,0,1,0,1,-1,'0',0,0)
 ,(144,0,1,0,NULL,NULL,NULL,1,1,'PARENT',NULL,0,NULL,0,1,0,4,110,0,-1,'0',0,1)
 ,(145,0,1,0,NULL,NULL,NULL,1,1,'PARENT',NULL,0,NULL,0,1,0,5,110,0,-1,'0',0,1)
 ,(146,0,1,0,NULL,NULL,NULL,1,1,'PARENT',NULL,0,NULL,0,1,0,6,110,0,-1,'0',0,1)
 ,(147,0,1,0,NULL,NULL,NULL,1,1,'PARENT',NULL,0,NULL,0,1,0,7,110,0,-1,'0',0,1)
 ,(148,0,1,0,NULL,NULL,NULL,1,1,'PARENT',NULL,0,NULL,0,1,0,8,110,0,-1,'0',0,1)
 ,(149,0,1,0,NULL,NULL,NULL,1,2,'PARENT','/dashboard/system/environment/jbx_force_ssl.php',0,NULL,0,1,0,6,92,2,-1,'0',0,1)
 ,(150,0,1,0,NULL,NULL,NULL,1,1,'PARENT',NULL,0,NULL,0,1,0,9,110,0,-1,'0',0,1)
 ,(151,0,1,0,NULL,NULL,NULL,1,1,'PARENT',NULL,0,NULL,0,0,0,1,108,0,-1,'0',0,0)
 ,(152,0,1,0,NULL,NULL,NULL,1,1,'PARENT',NULL,0,NULL,0,1,5,4,1,0,-1,'0',0,0)
 ,(153,0,1,0,NULL,NULL,NULL,1,1,'PARENT',NULL,0,NULL,0,1,8,5,1,1,-1,'0',0,0)
 ,(154,0,1,0,NULL,NULL,NULL,1,1,'PARENT',NULL,0,NULL,0,0,0,54,109,1,-1,'0',0,1)
 ,(155,0,1,0,NULL,NULL,NULL,1,1,'PARENT',NULL,0,NULL,0,0,0,10,109,1,-1,'0',0,1)
 ,(156,0,1,0,NULL,NULL,NULL,1,1,'PARENT',NULL,0,NULL,0,0,0,11,109,1,-1,'0',0,1)
 ,(157,0,2,0,NULL,NULL,NULL,1,1,'PARENT',NULL,0,NULL,0,0,2,14,109,0,-1,'0',0,1)
 ,(158,0,2,0,NULL,NULL,NULL,1,1,'PARENT',NULL,0,NULL,0,0,0,1,157,0,-1,'0',0,1)
 ,(159,0,2,0,NULL,NULL,NULL,1,1,'PARENT',NULL,0,NULL,0,0,0,2,157,0,-1,'0',0,1)
 ,(160,0,1,0,NULL,NULL,NULL,1,1,'PARENT',NULL,0,NULL,0,1,0,1,128,0,-1,'0',0,0)
 ,(161,0,1,0,NULL,NULL,NULL,1,1,'PARENT',NULL,0,NULL,0,1,0,2,128,0,-1,'0',0,0)
 ,(162,0,1,0,NULL,NULL,NULL,1,1,'PARENT',NULL,0,NULL,0,1,0,3,128,0,-1,'0',0,0)
 ,(163,0,1,0,NULL,NULL,NULL,1,1,'PARENT',NULL,0,NULL,0,1,0,4,128,0,-1,'0',0,0)
 ,(164,0,1,0,NULL,NULL,NULL,1,1,'PARENT',NULL,0,NULL,0,1,0,5,128,0,-1,'0',0,0)
 ,(165,0,1,0,NULL,NULL,NULL,1,1,'PARENT',NULL,0,NULL,0,1,0,1,129,0,-1,'0',0,0)
 ,(166,0,1,0,NULL,NULL,NULL,1,1,'PARENT',NULL,0,NULL,0,1,0,2,129,0,-1,'0',0,0)
 ,(167,0,1,0,NULL,NULL,NULL,1,1,'PARENT',NULL,0,NULL,0,1,0,3,129,0,-1,'0',0,0)
 ,(168,0,1,0,NULL,NULL,NULL,1,1,'PARENT',NULL,0,NULL,0,1,0,1,130,1,-1,'0',0,0)
 ,(169,0,1,0,NULL,NULL,NULL,1,1,'PARENT',NULL,0,NULL,0,1,0,2,130,0,-1,'0',0,0)
 ,(170,0,1,0,NULL,NULL,NULL,1,1,'PARENT',NULL,0,NULL,0,1,0,3,130,1,-1,'0',0,0)
 ,(171,0,1,0,NULL,NULL,NULL,1,1,'PARENT',NULL,0,NULL,0,1,0,1,152,1,-1,'0',0,0)
 ,(172,0,1,0,NULL,NULL,NULL,1,1,'PARENT',NULL,0,NULL,0,1,0,2,152,1,-1,'0',0,0)
 ,(173,0,1,0,NULL,NULL,NULL,1,1,'PARENT',NULL,0,NULL,0,1,0,3,152,1,-1,'0',0,0)
 ,(174,0,1,0,NULL,NULL,NULL,1,1,'PARENT',NULL,0,NULL,0,1,0,4,152,1,-1,'0',0,0)
 ,(175,0,1,0,NULL,NULL,NULL,1,1,'PARENT',NULL,0,NULL,0,1,0,5,152,1,-1,'0',0,0)
 ,(176,0,1,0,NULL,NULL,NULL,1,1,'PARENT',NULL,0,NULL,0,1,0,1,153,1,-1,'0',0,0)
 ,(177,0,1,0,NULL,NULL,NULL,1,1,'PARENT',NULL,0,NULL,0,1,0,2,153,1,-1,'0',0,0)
 ,(178,0,1,0,NULL,NULL,NULL,1,1,'PARENT',NULL,0,NULL,0,1,0,3,153,1,-1,'0',0,0)
 ,(179,0,1,0,NULL,NULL,NULL,1,1,'PARENT',NULL,0,NULL,0,1,0,4,153,1,-1,'0',0,0)
 ,(180,0,1,0,NULL,NULL,NULL,1,1,'PARENT',NULL,0,NULL,0,1,0,5,153,1,-1,'0',0,0)
 ,(181,0,1,0,NULL,NULL,NULL,1,1,'PARENT',NULL,0,NULL,0,1,0,6,153,1,-1,'0',0,0)
 ,(182,0,1,0,NULL,NULL,NULL,1,1,'PARENT',NULL,0,NULL,0,1,0,7,153,1,-1,'0',0,0)
 ,(183,0,1,0,NULL,NULL,NULL,1,1,'PARENT',NULL,0,NULL,0,1,0,8,153,1,-1,'0',0,0)
 ,(184,0,1,0,NULL,NULL,NULL,1,1,'PARENT',NULL,0,NULL,0,1,3,6,1,1,-1,'0',0,0)
 ,(185,0,1,0,NULL,NULL,NULL,1,1,'PARENT',NULL,0,NULL,0,1,0,1,184,1,-1,'0',0,0)
 ,(186,0,1,0,NULL,NULL,NULL,1,1,'PARENT',NULL,0,NULL,0,1,0,2,184,1,-1,'0',0,0)
 ,(187,0,1,0,NULL,NULL,NULL,1,1,'PARENT',NULL,0,NULL,0,1,0,3,184,1,-1,'0',0,0)
 ,(188,0,1,0,NULL,NULL,NULL,1,1,'PARENT',NULL,0,NULL,0,0,0,2,108,0,-1,'0',0,0)
 ,(189,0,1,0,NULL,NULL,NULL,1,1,'PARENT',NULL,0,NULL,0,0,0,3,108,0,-1,'0',0,0)
 ,(190,0,1,0,NULL,NULL,NULL,1,1,'PARENT',NULL,0,NULL,0,0,0,58,109,0,-1,'0',0,1)
 ,(191,0,1,0,NULL,NULL,NULL,1,1,'PARENT',NULL,0,NULL,0,1,9,9,1,0,-1,'0',0,0)
 ,(192,0,1,0,NULL,NULL,NULL,1,1,'PARENT',NULL,0,NULL,0,1,11,10,1,0,-1,'0',0,0)
 ,(193,0,1,0,NULL,NULL,NULL,1,1,'PARENT',NULL,0,NULL,0,1,0,1,191,0,-1,'0',0,0)
 ,(194,0,1,0,NULL,NULL,NULL,1,1,'PARENT',NULL,0,NULL,0,1,0,2,191,0,-1,'0',0,0)
 ,(195,0,1,0,NULL,NULL,NULL,1,1,'PARENT',NULL,0,NULL,0,1,0,3,191,0,-1,'0',0,0)
 ,(196,0,1,0,NULL,NULL,NULL,1,1,'PARENT',NULL,0,NULL,0,1,0,4,191,0,-1,'0',0,0)
 ,(197,0,1,0,NULL,NULL,NULL,1,1,'PARENT',NULL,0,NULL,0,1,0,5,191,0,-1,'0',0,0)
 ,(198,0,1,0,NULL,NULL,NULL,1,1,'PARENT',NULL,0,NULL,0,1,0,6,191,0,-1,'0',0,0)
 ,(199,0,1,0,NULL,NULL,NULL,1,1,'PARENT',NULL,0,NULL,0,1,0,7,191,0,-1,'0',0,0)
 ,(200,0,1,0,NULL,NULL,NULL,1,1,'PARENT',NULL,0,NULL,0,1,0,8,191,0,-1,'0',0,0)
 ,(201,0,1,0,NULL,NULL,NULL,1,1,'PARENT',NULL,0,NULL,0,1,0,9,191,0,-1,'0',0,0)
 ,(202,0,1,0,NULL,NULL,NULL,1,1,'PARENT',NULL,0,NULL,0,1,0,1,192,0,-1,'0',0,0)
 ,(203,0,1,0,NULL,NULL,NULL,1,1,'PARENT',NULL,0,NULL,0,1,0,2,192,0,-1,'0',0,0)
 ,(204,0,1,0,NULL,NULL,NULL,1,1,'PARENT',NULL,0,NULL,0,1,0,3,192,0,-1,'0',0,0)
 ,(205,0,1,0,NULL,NULL,NULL,1,1,'PARENT',NULL,0,NULL,0,1,0,4,192,0,-1,'0',0,0)
 ,(206,0,1,0,NULL,NULL,NULL,1,1,'PARENT',NULL,0,NULL,0,1,0,5,192,0,-1,'0',0,0)
 ,(207,0,1,0,NULL,NULL,NULL,1,1,'PARENT',NULL,0,NULL,0,1,0,6,192,0,-1,'0',0,0)
 ,(208,0,1,0,NULL,NULL,NULL,1,1,'PARENT',NULL,0,NULL,0,1,0,7,192,0,-1,'0',0,0)
 ,(209,0,1,0,NULL,NULL,NULL,1,1,'PARENT',NULL,0,NULL,0,1,0,8,192,0,-1,'0',0,0)
 ,(210,0,1,0,NULL,NULL,NULL,1,1,'PARENT',NULL,0,NULL,0,1,0,9,192,0,-1,'0',0,0)
 ,(211,0,1,0,NULL,NULL,NULL,1,1,'PARENT',NULL,0,NULL,0,1,0,10,192,0,-1,'0',0,0)
 ,(212,0,1,0,NULL,NULL,NULL,1,1,'PARENT',NULL,0,NULL,0,1,0,11,1,0,-1,'0',0,0)
 ,(213,0,1,0,NULL,NULL,NULL,1,2,'PARENT','/dashboard/event_calendar/view.php',0,NULL,0,1,6,14,2,3,-1,'0',0,1)
 ,(214,0,1,0,NULL,NULL,NULL,1,2,'PARENT','/dashboard/event_calendar/list_calendar.php',0,NULL,0,1,0,1,213,3,-1,'0',0,1)
 ,(215,0,1,0,NULL,NULL,NULL,1,2,'PARENT','/dashboard/event_calendar/list_event.php',0,NULL,0,1,0,2,213,3,-1,'0',0,1)
 ,(216,0,1,0,NULL,NULL,NULL,1,2,'PARENT','/dashboard/event_calendar/calendar.php',0,NULL,0,1,0,3,213,3,-1,'0',0,1)
 ,(217,0,1,0,NULL,NULL,NULL,1,2,'PARENT','/dashboard/event_calendar/event.php',0,NULL,0,1,0,4,213,3,-1,'0',0,1)
 ,(218,0,1,0,NULL,NULL,NULL,1,2,'PARENT','/dashboard/event_calendar/types.php',0,NULL,0,1,0,5,213,3,-1,'0',0,1)
 ,(219,0,1,0,NULL,NULL,NULL,1,2,'PARENT','/dashboard/event_calendar/settings.php',0,NULL,0,1,0,6,213,3,-1,'0',0,1)
 ,(220,0,1,0,NULL,NULL,NULL,1,1,'PARENT',NULL,0,NULL,0,1,1,12,1,0,-1,'0',0,0)
 ,(221,0,1,0,NULL,NULL,NULL,1,1,'PARENT',NULL,0,NULL,0,1,0,1,220,0,-1,'0',0,0)
 ,(222,0,1,0,NULL,NULL,NULL,1,2,'PARENT','/dashboard/news_scroller/view.php',0,NULL,0,1,2,15,2,4,-1,'0',0,1)
 ,(223,0,1,0,NULL,NULL,NULL,1,2,'PARENT','/dashboard/news_scroller/search.php',0,NULL,0,1,0,1,222,4,-1,'0',0,1)
 ,(224,0,1,0,NULL,NULL,NULL,1,2,'PARENT','/dashboard/news_scroller/add.php',0,NULL,0,1,0,2,222,4,-1,'0',0,1)
 ,(225,0,1,0,NULL,NULL,NULL,1,1,'PARENT',NULL,0,NULL,0,0,0,73,109,0,-1,'0',0,1)
 ,(226,0,1,0,NULL,NULL,NULL,1,1,'PARENT',NULL,0,NULL,0,1,1,13,1,1,-1,'0',0,0)
 ,(227,0,1,0,NULL,NULL,NULL,1,1,'PARENT',NULL,0,NULL,0,1,0,1,226,1,-1,'0',0,0)
 ,(228,0,1,0,NULL,NULL,NULL,1,1,'PARENT',NULL,0,NULL,0,1,1,14,1,1,-1,'0',0,0)
 ,(229,0,1,0,NULL,NULL,NULL,1,1,'PARENT',NULL,0,NULL,0,1,0,11,192,0,-1,'0',0,0)
 ,(230,0,1,0,NULL,NULL,NULL,1,1,'PARENT',NULL,0,NULL,0,1,41,52,1,1,-1,'0',0,0)
 ,(231,0,1,0,NULL,NULL,NULL,1,1,'PARENT',NULL,0,NULL,0,1,0,1,228,1,-1,'0',0,0)
 ,(232,0,1,0,NULL,NULL,NULL,1,1,'PARENT',NULL,0,NULL,0,1,3,54,1,0,-1,'0',0,0)
 ,(233,0,1,0,NULL,NULL,NULL,1,1,'PARENT',NULL,0,NULL,0,1,0,53,232,0,-1,'0',0,0)
 ,(234,0,3,0,NULL,NULL,NULL,1,1,'PARENT',NULL,0,NULL,0,0,0,4,108,0,-1,'0',0,0)
 ,(235,0,3,0,NULL,NULL,NULL,1,1,'PARENT',NULL,0,NULL,0,0,0,5,108,0,-1,'0',0,0)
 ,(236,0,1,0,NULL,NULL,NULL,1,1,'PARENT',NULL,0,NULL,0,1,0,56,232,1,-1,'0',0,0)
 ,(237,0,1,0,NULL,NULL,NULL,1,1,'PARENT',NULL,0,NULL,0,0,0,61,109,1,-1,'0',0,1)
 ,(238,0,1,0,NULL,NULL,NULL,1,1,'PARENT',NULL,0,NULL,0,0,0,62,109,0,-1,'0',0,1)
 ,(240,0,1,0,NULL,NULL,NULL,1,1,'PARENT',NULL,0,NULL,0,0,0,64,109,0,-1,'0',0,1)
 ,(242,0,1,0,NULL,NULL,NULL,1,1,'PARENT',NULL,0,NULL,0,0,0,7,108,0,-1,'0',0,0)
 ,(243,0,1,0,NULL,NULL,NULL,1,1,'PARENT',NULL,0,NULL,0,0,0,8,108,0,-1,'0',0,0)
 ,(244,0,2,0,NULL,NULL,NULL,1,1,'PARENT',NULL,0,NULL,0,1,0,60,232,1,-1,'0',0,0)
 ,(245,0,1,0,NULL,NULL,NULL,1,1,'PARENT',NULL,0,NULL,0,0,0,68,109,0,-1,'0',0,1)
 ,(248,0,1,0,NULL,NULL,NULL,1,1,'PARENT',NULL,0,NULL,0,0,0,67,109,0,-1,'0',0,1)
 ,(249,0,1,0,NULL,NULL,NULL,1,1,'PARENT',NULL,0,NULL,0,1,2,58,1,0,-1,'0',0,0)
 ,(250,0,1,0,NULL,NULL,NULL,1,1,'PARENT',NULL,0,NULL,0,1,5,0,249,0,-1,'0',0,0)
 ,(251,0,1,0,NULL,NULL,NULL,1,1,'PARENT',NULL,0,NULL,0,0,0,9,108,0,-1,'0',0,0)
 ,(252,0,1,0,NULL,NULL,NULL,1,1,'PARENT',NULL,0,NULL,0,0,0,10,108,0,-1,'0',0,0)
 ,(253,0,1,0,NULL,NULL,NULL,1,1,'PARENT',NULL,0,NULL,0,0,0,11,108,0,-1,'0',0,0)
 ,(254,0,1,0,NULL,NULL,NULL,1,1,'PARENT',NULL,0,NULL,0,0,0,12,108,0,-1,'0',0,0)
 ,(255,0,1,0,NULL,NULL,NULL,1,1,'PARENT',NULL,0,NULL,0,0,0,13,108,0,-1,'0',0,0)
 ,(256,0,1,0,NULL,NULL,NULL,1,1,'PARENT',NULL,0,NULL,0,0,0,70,109,0,-1,'0',0,1)
 ,(257,0,1,0,NULL,NULL,NULL,1,1,'PARENT',NULL,0,NULL,0,0,0,69,109,1,-1,'0',0,1)
 ,(258,0,1,0,NULL,NULL,NULL,1,1,'PARENT',NULL,0,NULL,0,1,3,2,249,0,-1,'0',0,0)
 ,(259,0,1,0,NULL,NULL,NULL,1,1,'PARENT',NULL,0,NULL,0,1,0,51,250,0,-1,'0',0,0)
 ,(260,0,1,0,NULL,NULL,NULL,1,1,'PARENT',NULL,0,NULL,0,1,0,52,250,0,-1,'0',0,0)
 ,(261,0,1,0,NULL,NULL,NULL,1,1,'PARENT',NULL,0,NULL,0,0,0,14,108,0,-1,'0',0,0)
 ,(262,0,1,0,NULL,NULL,NULL,1,1,'PARENT',NULL,0,NULL,0,1,0,52,258,0,-1,'0',0,0)
 ,(263,0,1,0,NULL,NULL,NULL,1,1,'PARENT',NULL,0,NULL,0,0,0,15,108,0,-1,'0',0,0)
 ,(264,0,1,0,NULL,NULL,NULL,1,1,'PARENT',NULL,0,NULL,0,1,0,54,250,0,-1,'0',0,0)
 ,(265,0,1,0,NULL,NULL,NULL,1,1,'PARENT',NULL,0,NULL,0,0,0,51,108,0,-1,'0',0,0)
 ,(266,0,1,0,NULL,NULL,NULL,1,1,'PARENT',NULL,0,NULL,0,1,0,56,250,0,-1,'0',0,0)
 ,(267,0,1,0,NULL,NULL,NULL,1,1,'PARENT',NULL,0,NULL,0,1,0,58,250,0,-1,'0',0,0)
 ,(268,0,1,0,NULL,NULL,NULL,1,1,'PARENT',NULL,0,NULL,0,1,0,56,258,0,-1,'0',0,0)
 ,(269,0,1,0,NULL,NULL,NULL,1,1,'PARENT',NULL,0,NULL,0,1,0,58,258,0,-1,'0',0,0)
 ,(271,0,1,0,NULL,NULL,NULL,1,1,'PARENT',NULL,0,NULL,0,0,0,52,108,0,-1,'0',0,0)
 ,(273,0,1,0,NULL,NULL,NULL,1,1,'PARENT',NULL,0,NULL,0,0,1,71,109,7,-1,'0',0,1)
 ,(274,0,1,0,NULL,NULL,NULL,1,1,'PARENT',NULL,0,NULL,0,0,0,0,273,7,-1,'0',0,1)
 ,(275,0,1,0,NULL,NULL,NULL,1,1,'PARENT',NULL,0,NULL,0,0,0,72,109,0,-1,'0',0,1)
 ,(277,0,1,0,NULL,NULL,NULL,1,2,'PARENT','/dashboard/blocks/designer_content.php',0,NULL,0,1,0,3,39,9,-1,'0',0,1)
 ,(278,0,1,0,NULL,NULL,NULL,1,1,'PARENT',NULL,0,NULL,0,1,0,1,230,0,-1,'0',0,0)
 ,(279,0,1,0,NULL,NULL,NULL,1,1,'PARENT',NULL,0,NULL,0,1,0,2,230,0,-1,'0',0,0)
 ,(280,0,1,0,NULL,NULL,NULL,1,1,'PARENT',NULL,0,NULL,0,1,0,3,230,0,-1,'0',0,0)
 ,(281,0,1,0,NULL,NULL,NULL,1,1,'PARENT',NULL,0,NULL,0,1,0,4,230,0,-1,'0',0,0)
 ,(282,0,1,0,NULL,NULL,NULL,1,1,'PARENT',NULL,0,NULL,0,1,0,5,230,0,-1,'0',0,0)
 ,(283,0,1,0,NULL,NULL,NULL,1,1,'PARENT',NULL,0,NULL,0,1,0,6,230,0,-1,'0',0,0)
 ,(284,0,1,0,NULL,NULL,NULL,1,1,'PARENT',NULL,0,NULL,0,0,0,74,109,0,-1,'0',0,1)
 ,(285,0,1,0,NULL,NULL,NULL,1,1,'PARENT',NULL,0,NULL,0,1,0,7,230,0,-1,'0',0,0)
 ,(286,0,1,0,NULL,NULL,NULL,1,1,'PARENT',NULL,0,NULL,0,1,0,8,230,0,-1,'0',0,0)
 ,(287,0,1,0,NULL,NULL,NULL,1,1,'PARENT',NULL,0,NULL,0,1,0,9,230,0,-1,'0',0,0)
 ,(288,0,1,0,NULL,NULL,NULL,1,1,'PARENT',NULL,0,NULL,0,1,0,10,230,0,-1,'0',0,0)
 ,(289,0,1,0,NULL,NULL,NULL,1,1,'PARENT',NULL,0,NULL,0,1,0,11,230,0,-1,'0',0,0)
 ,(290,0,1,0,NULL,NULL,NULL,1,1,'PARENT',NULL,0,NULL,0,1,0,12,230,0,-1,'0',0,0)
 ,(291,0,1,0,NULL,NULL,NULL,1,1,'PARENT',NULL,0,NULL,0,1,0,13,230,0,-1,'0',0,0)
 ,(292,0,1,0,NULL,NULL,NULL,1,1,'PARENT',NULL,0,NULL,0,1,0,14,230,0,-1,'0',0,0)
 ,(293,0,1,0,NULL,NULL,NULL,1,1,'PARENT',NULL,0,NULL,0,1,0,15,230,0,-1,'0',0,0)
 ,(294,0,1,0,NULL,NULL,NULL,1,1,'PARENT',NULL,0,NULL,0,1,0,16,230,0,-1,'0',0,0)
 ,(295,0,1,0,NULL,NULL,NULL,1,1,'PARENT',NULL,0,NULL,0,1,0,17,230,0,-1,'0',0,0)
 ,(296,0,1,0,NULL,NULL,NULL,1,1,'PARENT',NULL,0,NULL,0,1,0,18,230,0,-1,'0',0,0)
 ,(297,0,1,0,NULL,NULL,NULL,1,1,'PARENT',NULL,0,NULL,0,1,0,19,230,0,-1,'0',0,0)
 ,(298,0,1,0,NULL,NULL,NULL,1,1,'PARENT',NULL,0,NULL,0,1,0,20,230,0,-1,'0',0,0)
 ,(299,0,1,0,NULL,NULL,NULL,1,1,'PARENT',NULL,0,NULL,0,1,0,21,230,0,-1,'0',0,0)
 ,(300,0,1,0,NULL,NULL,NULL,1,1,'PARENT',NULL,0,NULL,0,1,0,22,230,0,-1,'0',0,0)
 ,(301,0,1,0,NULL,NULL,NULL,1,1,'PARENT',NULL,0,NULL,0,1,0,23,230,0,-1,'0',0,0)
 ,(302,0,1,0,NULL,NULL,NULL,1,1,'PARENT',NULL,0,NULL,0,1,0,24,230,0,-1,'0',0,0)
 ,(303,0,1,0,NULL,NULL,NULL,1,1,'PARENT',NULL,0,NULL,0,1,0,25,230,0,-1,'0',0,0)
 ,(304,0,1,0,NULL,NULL,NULL,1,1,'PARENT',NULL,0,NULL,0,1,0,26,230,0,-1,'0',0,0)
 ,(305,0,1,0,NULL,NULL,NULL,1,1,'PARENT',NULL,0,NULL,0,1,0,27,230,0,-1,'0',0,0)
 ,(306,0,1,0,NULL,NULL,NULL,1,1,'PARENT',NULL,0,NULL,0,1,0,28,230,0,-1,'0',0,0)
 ,(307,0,1,0,NULL,NULL,NULL,1,1,'PARENT',NULL,0,NULL,0,1,0,29,230,0,-1,'0',0,0)
 ,(308,0,1,0,NULL,NULL,NULL,1,1,'PARENT',NULL,0,NULL,0,1,0,30,230,0,-1,'0',0,0)
 ,(309,0,1,0,NULL,NULL,NULL,1,1,'PARENT',NULL,0,NULL,0,1,0,31,230,0,-1,'0',0,0)
 ,(310,0,1,0,NULL,NULL,NULL,1,1,'PARENT',NULL,0,NULL,0,1,0,32,230,0,-1,'0',0,0)
 ,(311,0,1,0,NULL,NULL,NULL,1,1,'PARENT',NULL,0,NULL,0,1,0,33,230,0,-1,'0',0,0)
 ,(312,0,1,0,NULL,NULL,NULL,1,1,'PARENT',NULL,0,NULL,0,1,0,34,230,0,-1,'0',0,0)
 ,(313,0,1,0,NULL,NULL,NULL,1,1,'PARENT',NULL,0,NULL,0,1,0,35,230,0,-1,'0',0,0)
 ,(314,0,1,0,NULL,NULL,NULL,1,1,'PARENT',NULL,0,NULL,0,1,0,36,230,0,-1,'0',0,0)
 ,(315,0,1,0,NULL,NULL,NULL,1,1,'PARENT',NULL,0,NULL,0,1,0,37,230,0,-1,'0',0,0)
 ,(316,0,1,0,NULL,NULL,NULL,1,1,'PARENT',NULL,0,NULL,0,1,0,38,230,0,-1,'0',0,0)
 ,(317,0,1,0,NULL,NULL,NULL,1,1,'PARENT',NULL,0,NULL,0,1,0,39,230,0,-1,'0',0,0)
 ,(318,0,1,0,NULL,NULL,NULL,1,1,'PARENT',NULL,0,NULL,0,1,0,40,230,0,-1,'0',0,0)
 ,(319,0,1,0,NULL,NULL,NULL,1,1,'PARENT',NULL,0,NULL,0,1,0,0,230,0,-1,'0',0,0);


CREATE TABLE IF NOT EXISTS `PermissionAccess` (
  `paID` int(10) unsigned NOT NULL AUTO_INCREMENT,
  `paIsInUse` int(1) unsigned NOT NULL DEFAULT '0',
  PRIMARY KEY (`paID`)
) ENGINE=InnoDB AUTO_INCREMENT=69 DEFAULT CHARSET=utf8;

INSERT INTO PermissionAccess VALUES(1,1)
 ,(2,1)
 ,(3,1)
 ,(4,1)
 ,(5,1)
 ,(6,1)
 ,(7,1)
 ,(8,1)
 ,(9,1)
 ,(10,1)
 ,(11,1)
 ,(12,1)
 ,(13,1)
 ,(14,1)
 ,(15,1)
 ,(16,1)
 ,(17,1)
 ,(18,1)
 ,(19,1)
 ,(20,1)
 ,(21,1)
 ,(22,1)
 ,(23,1)
 ,(24,1)
 ,(25,1)
 ,(26,1)
 ,(27,1)
 ,(28,1)
 ,(29,1)
 ,(30,1)
 ,(31,1)
 ,(32,1)
 ,(33,1)
 ,(34,1)
 ,(35,1)
 ,(36,1)
 ,(37,1)
 ,(38,1)
 ,(39,1)
 ,(40,1)
 ,(41,1)
 ,(42,1)
 ,(43,1)
 ,(44,1)
 ,(45,1)
 ,(46,1)
 ,(47,1)
 ,(48,1)
 ,(49,1)
 ,(50,1)
 ,(51,1)
 ,(52,1)
 ,(53,1)
 ,(54,1)
 ,(55,1)
 ,(56,1)
 ,(57,1)
 ,(58,1)
 ,(59,1)
 ,(60,1)
 ,(61,1)
 ,(62,1)
 ,(63,1)
 ,(64,1)
 ,(65,1)
 ,(66,1)
 ,(67,1)
 ,(68,1);


CREATE TABLE IF NOT EXISTS `PermissionAccessEntities` (
  `peID` int(10) unsigned NOT NULL AUTO_INCREMENT,
  `petID` int(10) unsigned DEFAULT NULL,
  PRIMARY KEY (`peID`),
  KEY `petID` (`petID`)
) ENGINE=InnoDB AUTO_INCREMENT=6 DEFAULT CHARSET=utf8;

INSERT INTO PermissionAccessEntities VALUES(1,1)
 ,(2,1)
 ,(3,1)
 ,(4,5)
 ,(5,6);


CREATE TABLE IF NOT EXISTS `PermissionAccessEntityGroupSets` (
  `peID` int(10) unsigned NOT NULL DEFAULT '0',
  `gsID` int(10) unsigned NOT NULL DEFAULT '0',
  PRIMARY KEY (`peID`,`gsID`),
  KEY `gsID` (`gsID`)
) ENGINE=InnoDB DEFAULT CHARSET=utf8;




CREATE TABLE IF NOT EXISTS `PermissionAccessEntityGroups` (
  `pegID` int(10) unsigned NOT NULL AUTO_INCREMENT,
  `peID` int(10) unsigned NOT NULL DEFAULT '0',
  `gID` int(10) unsigned NOT NULL DEFAULT '0',
  PRIMARY KEY (`pegID`),
  KEY `gID` (`gID`)
) ENGINE=InnoDB AUTO_INCREMENT=4 DEFAULT CHARSET=utf8;

INSERT INTO PermissionAccessEntityGroups VALUES(1,1,3)
 ,(2,2,1)
 ,(3,3,2);


CREATE TABLE IF NOT EXISTS `PermissionAccessEntityTypeCategories` (
  `petID` int(10) unsigned NOT NULL DEFAULT '0',
  `pkCategoryID` int(10) unsigned NOT NULL DEFAULT '0',
  PRIMARY KEY (`petID`,`pkCategoryID`)
) ENGINE=InnoDB DEFAULT CHARSET=utf8;

INSERT INTO PermissionAccessEntityTypeCategories VALUES(1,1)
 ,(1,5)
 ,(1,6)
 ,(1,7)
 ,(1,8)
 ,(1,9)
 ,(1,10)
 ,(1,11)
 ,(1,12)
 ,(1,13)
 ,(1,14)
 ,(2,1)
 ,(2,5)
 ,(2,6)
 ,(2,7)
 ,(2,8)
 ,(2,9)
 ,(2,10)
 ,(2,11)
 ,(2,12)
 ,(2,13)
 ,(2,14)
 ,(3,1)
 ,(3,5)
 ,(3,6)
 ,(3,7)
 ,(3,8)
 ,(3,9)
 ,(3,10)
 ,(3,11)
 ,(3,12)
 ,(3,13)
 ,(3,14)
 ,(4,1)
 ,(4,5)
 ,(4,6)
 ,(4,7)
 ,(4,8)
 ,(4,9)
 ,(4,10)
 ,(4,11)
 ,(4,12)
 ,(4,13)
 ,(4,14)
 ,(5,1)
 ,(6,6)
 ,(6,7);


CREATE TABLE IF NOT EXISTS `PermissionAccessEntityTypes` (
  `petID` int(10) unsigned NOT NULL AUTO_INCREMENT,
  `petHandle` varchar(255) NOT NULL,
  `petName` varchar(255) NOT NULL,
  `pkgID` int(10) unsigned DEFAULT NULL,
  PRIMARY KEY (`petID`)
) ENGINE=InnoDB AUTO_INCREMENT=7 DEFAULT CHARSET=utf8;

INSERT INTO PermissionAccessEntityTypes VALUES(1,'group','Group',0)
 ,(2,'user','User',0)
 ,(3,'group_set','Group Set',0)
 ,(4,'group_combination','Group Combination',0)
 ,(5,'page_owner','Page Owner',0)
 ,(6,'file_uploader','File Uploader',0);


CREATE TABLE IF NOT EXISTS `PermissionAccessEntityUsers` (
  `peID` int(10) unsigned NOT NULL DEFAULT '0',
  `uID` int(10) unsigned NOT NULL DEFAULT '0',
  PRIMARY KEY (`peID`,`uID`),
  KEY `uID` (`uID`)
) ENGINE=InnoDB DEFAULT CHARSET=utf8;




CREATE TABLE IF NOT EXISTS `PermissionAccessList` (
  `paID` int(10) unsigned NOT NULL DEFAULT '0',
  `peID` int(10) unsigned NOT NULL DEFAULT '0',
  `pdID` int(10) unsigned NOT NULL DEFAULT '0',
  `accessType` int(4) NOT NULL DEFAULT '0',
  PRIMARY KEY (`paID`,`peID`),
  KEY `accessType` (`accessType`),
  KEY `peID` (`peID`),
  KEY `peID_accessType` (`peID`,`accessType`)
) ENGINE=InnoDB DEFAULT CHARSET=utf8;

INSERT INTO PermissionAccessList VALUES(1,1,0,10)
 ,(2,1,0,10)
 ,(3,1,0,10)
 ,(4,1,0,10)
 ,(5,1,0,10)
 ,(6,1,0,10)
 ,(7,1,0,10)
 ,(8,1,0,10)
 ,(9,1,0,10)
 ,(10,1,0,10)
 ,(11,1,0,10)
 ,(12,1,0,10)
 ,(13,1,0,10)
 ,(14,1,0,10)
 ,(15,1,0,10)
 ,(16,1,0,10)
 ,(17,1,0,10)
 ,(18,1,0,10)
 ,(19,1,0,10)
 ,(20,1,0,10)
 ,(21,1,0,10)
 ,(22,1,0,10)
 ,(23,1,0,10)
 ,(24,1,0,10)
 ,(25,1,0,10)
 ,(26,1,0,10)
 ,(27,1,0,10)
 ,(28,1,0,10)
 ,(29,1,0,10)
 ,(30,1,0,10)
 ,(31,1,0,10)
 ,(32,1,0,10)
 ,(33,1,0,10)
 ,(34,1,0,10)
 ,(35,2,0,10)
 ,(36,2,0,10)
 ,(37,2,0,10)
 ,(38,2,0,10)
 ,(39,2,0,10)
 ,(39,3,0,10)
 ,(40,2,0,10)
 ,(40,3,0,10)
 ,(41,2,0,10)
 ,(42,2,0,10)
 ,(43,2,0,10)
 ,(44,1,0,10)
 ,(44,2,0,10)
 ,(45,1,0,10)
 ,(46,1,0,10)
 ,(47,1,0,10)
 ,(48,1,0,10)
 ,(49,1,0,10)
 ,(50,1,0,10)
 ,(51,1,0,10)
 ,(52,1,0,10)
 ,(53,2,0,10)
 ,(54,1,0,10)
 ,(55,1,0,10)
 ,(56,1,0,10)
 ,(57,1,0,10)
 ,(58,1,0,10)
 ,(59,1,0,10)
 ,(60,1,0,10)
 ,(61,1,0,10)
 ,(62,1,0,10)
 ,(63,1,0,10)
 ,(64,1,0,10)
 ,(65,1,0,10)
 ,(66,1,0,10)
 ,(67,1,0,10)
 ,(68,1,0,10);


CREATE TABLE IF NOT EXISTS `PermissionAccessWorkflows` (
  `paID` int(10) unsigned NOT NULL DEFAULT '0',
  `wfID` int(10) unsigned NOT NULL DEFAULT '0',
  PRIMARY KEY (`paID`,`wfID`)
) ENGINE=InnoDB DEFAULT CHARSET=utf8;




CREATE TABLE IF NOT EXISTS `PermissionAssignments` (
  `paID` int(10) unsigned NOT NULL DEFAULT '0',
  `pkID` int(10) unsigned NOT NULL DEFAULT '0',
  PRIMARY KEY (`paID`,`pkID`),
  KEY `pkID` (`pkID`)
) ENGINE=InnoDB DEFAULT CHARSET=utf8;

INSERT INTO PermissionAssignments VALUES(1,17)
 ,(2,18)
 ,(3,55)
 ,(4,56)
 ,(5,57)
 ,(6,58)
 ,(7,60)
 ,(8,61)
 ,(9,62)
 ,(10,63)
 ,(11,64)
 ,(12,66)
 ,(13,67)
 ,(14,68)
 ,(15,69)
 ,(16,70)
 ,(17,71)
 ,(18,72);


CREATE TABLE IF NOT EXISTS `PermissionDurationObjects` (
  `pdID` int(10) unsigned NOT NULL AUTO_INCREMENT,
  `pdObject` text,
  PRIMARY KEY (`pdID`)
) ENGINE=InnoDB DEFAULT CHARSET=utf8;




CREATE TABLE IF NOT EXISTS `PermissionKeyCategories` (
  `pkCategoryID` int(10) unsigned NOT NULL AUTO_INCREMENT,
  `pkCategoryHandle` varchar(255) NOT NULL,
  `pkgID` int(10) unsigned DEFAULT NULL,
  PRIMARY KEY (`pkCategoryID`)
) ENGINE=InnoDB AUTO_INCREMENT=15 DEFAULT CHARSET=utf8;

INSERT INTO PermissionKeyCategories VALUES(1,'page',NULL)
 ,(2,'single_page',NULL)
 ,(3,'stack',NULL)
 ,(4,'composer_page',NULL)
 ,(5,'user',NULL)
 ,(6,'file_set',NULL)
 ,(7,'file',NULL)
 ,(8,'area',NULL)
 ,(9,'block_type',NULL)
 ,(10,'block',NULL)
 ,(11,'admin',NULL)
 ,(12,'sitemap',NULL)
 ,(13,'marketplace_newsflow',NULL)
 ,(14,'basic_workflow',NULL);


CREATE TABLE IF NOT EXISTS `PermissionKeys` (
  `pkID` int(10) unsigned NOT NULL AUTO_INCREMENT,
  `pkHandle` varchar(255) NOT NULL,
  `pkName` varchar(255) NOT NULL,
  `pkCanTriggerWorkflow` int(1) NOT NULL DEFAULT '0',
  `pkHasCustomClass` int(1) NOT NULL DEFAULT '0',
  `pkDescription` varchar(255) DEFAULT NULL,
  `pkCategoryID` int(10) unsigned DEFAULT NULL,
  `pkgID` int(10) unsigned DEFAULT NULL,
  PRIMARY KEY (`pkID`),
  UNIQUE KEY `akHandle` (`pkHandle`)
) ENGINE=InnoDB AUTO_INCREMENT=73 DEFAULT CHARSET=utf8;

INSERT INTO PermissionKeys VALUES(1,'view_page','View',0,0,'Can see a page exists and read its content.',1,0)
 ,(2,'view_page_versions','View Versions',0,0,'Can view the page versions dialog and read past versions of a page.',1,0)
 ,(3,'view_page_in_sitemap','View Page in Sitemap',0,0,'Controls whether a user can see a page in the sitemap or intelligent search.',1,0)
 ,(4,'preview_page_as_user','Preview Page As User',0,0,'Ability to see what this page will look like at a specific time in the future as a specific user.',1,0)
 ,(5,'edit_page_properties','Edit Properties',0,1,'Ability to change anything in the Page Properties menu.',1,0)
 ,(6,'edit_page_contents','Edit Contents',0,0,'Ability to make edits to at least some of the content in the page. You can lock down different block areas and specific blocks by clicking Permissions on them as well. ',1,0)
 ,(7,'edit_page_speed_settings','Edit Speed Settings',0,0,'Ability to change caching settings.',1,0)
 ,(8,'edit_page_theme','Change Theme',0,1,'Ability to change just the theme for this page.',1,0)
 ,(9,'edit_page_type','Change Page Type',0,0,'Ability to change just the page type for this page, also check out Theme permissions.',1,0)
 ,(10,'edit_page_permissions','Edit Permissions',1,0,'Ability to change permissions for this page. Warning: by granting this a user could give themselves more access.',1,0)
 ,(11,'delete_page','Delete',1,0,'Ability to move this page to the site\'s Trash.',1,0)
 ,(12,'delete_page_versions','Delete Versions',1,0,'Ability to remove old versions of this page.',1,0)
 ,(13,'approve_page_versions','Approve Changes',1,0,'Can publish an unapproved version of the page.',1,0)
 ,(14,'add_subpage','Add Sub-Page',0,1,'Can add a page beneath the current page.',1,0)
 ,(15,'move_or_copy_page','Move or Copy Page',1,0,'Can move or copy this page to another location.',1,0)
 ,(16,'schedule_page_contents_guest_access','Schedule Guest Access',0,0,'Can control scheduled guest access to this page.',1,0)
 ,(17,'add_block','Add Block',0,1,'Can add a block to any area on the site. If someone is added here they can add blocks to any area (unless that area has permissions that override these global permissions.)',9,0)
 ,(18,'add_stack','Add Stack',0,0,'Can add a stack or block from a stack to any area on the site. If someone is added here they can add stacks to any area (unless that area has permissions that override these global permissions.)',9,0)
 ,(19,'view_area','View Area',0,0,'Can view the area and its contents.',8,0)
 ,(20,'edit_area_contents','Edit Area Contents',0,0,'Can edit blocks within this area.',8,0)
 ,(21,'add_block_to_area','Add Block to Area',0,1,'Can add blocks to this area. This setting overrides the global Add Block permission for this area.',8,0)
 ,(22,'add_stack_to_area','Add Stack to Area',0,0,'Can add stacks to this area. This setting overrides the global Add Stack permission for this area.',8,0)
 ,(23,'add_layout_to_area','Add Layouts to Area',0,0,'Controls whether users get the ability to add layouts to a particular area.',8,0)
 ,(24,'edit_area_design','Edit Area Design',0,0,'Controls whether users see design controls and can modify an area\'s custom CSS.',8,0)
 ,(25,'edit_area_permissions','Edit Area Permissions',0,0,'Controls whether users can access the permissions on an area. Custom area permissions could override those of the page.',8,0)
 ,(26,'delete_area_contents','Delete Area Contents',0,0,'Controls whether users can delete blocks from this area.',8,0)
 ,(27,'schedule_area_contents_guest_access','Schedule Guest Access',0,0,'Controls whether users can schedule guest access permissions on blocks in this area. Guest Access is a shortcut for granting permissions just to the Guest Group.',8,0)
 ,(28,'view_block','View Block',0,0,'Controls whether users can view this block in the page.',10,0)
 ,(29,'edit_block','Edit Block',0,0,'Controls whether users can edit this block. This overrides any area or page permissions.',10,0)
 ,(30,'edit_block_custom_template','Change Custom Template',0,0,'Controls whether users can change the custom template on this block. This overrides any area or page permissions.',10,0)
 ,(31,'delete_block','Delete Block',0,0,'Controls whether users can delete this block. This overrides any area or page permissions.',10,0)
 ,(32,'edit_block_design','Edit Design',0,0,'Controls whether users can set custom design properties or CSS on this block.',10,0)
 ,(33,'edit_block_permissions','Edit Permissions',0,0,'Controls whether users can change permissions on this block, potentially granting themselves or others greater access.',10,0)
 ,(34,'schedule_guest_access','Schedule Guest Access',0,0,'Controls whether users can schedule guest access permissions on this block. Guest Access is a shortcut for granting permissions just to the Guest Group.',10,0)
 ,(35,'view_file_set_file','View Files',0,0,'Can view and download files in the site.',6,0)
 ,(36,'search_file_set','Search Files in File Manager',0,0,'Can access the file manager',6,0)
 ,(37,'edit_file_set_file_properties','Edit File Properties',0,0,'Can edit a file\'s properties.',6,0)
 ,(38,'edit_file_set_file_contents','Edit File Contents',0,0,'Can edit or replace files in set.',6,0)
 ,(39,'copy_file_set_files','Copy File',0,0,'Can copy files in file set.',6,0)
 ,(40,'edit_file_set_permissions','Edit File Access',0,0,'Can edit access to file sets.',6,0)
 ,(41,'delete_file_set','Delete File Set',0,0,'Can delete file set.',6,0)
 ,(42,'delete_file_set_files','Delete File',0,0,'Can delete files in set.',6,0)
 ,(43,'add_file','Add File',0,1,'Can add files to set.',6,0)
 ,(44,'view_file','View Files',0,0,'Can view and download files.',7,0)
 ,(45,'view_file_in_file_manager','View File in File Manager',0,0,'Can access the File Manager.',7,0)
 ,(46,'edit_file_properties','Edit File Properties',0,0,'Can edit a file\'s properties.',7,0)
 ,(47,'edit_file_contents','Edit File Contents',0,0,'Can edit or replace files.',7,0)
 ,(48,'copy_file','Copy File',0,0,'Can copy file.',7,0)
 ,(49,'edit_file_permissions','Edit File Access',0,0,'Can edit access to file.',7,0)
 ,(50,'delete_file','Delete File',0,0,'Can delete file.',7,0)
 ,(51,'approve_basic_workflow_action','Approve or Deny',0,0,'Grant ability to approve workflow.',14,0)
 ,(52,'notify_on_basic_workflow_entry','Notify on Entry',0,0,'Notify approvers that a change has entered the workflow.',14,0)
 ,(53,'notify_on_basic_workflow_approve','Notify on Approve',0,0,'Notify approvers that a change has been approved.',14,0)
 ,(54,'notify_on_basic_workflow_deny','Notify on Deny',0,0,'Notify approvers that a change has been denied.',14,0)
 ,(55,'access_user_search','Access User Search',0,1,'',5,0)
 ,(56,'edit_user_properties','Edit User Details',0,1,NULL,5,0)
 ,(57,'view_user_attributes','View User Attributes',0,1,NULL,5,0)
 ,(58,'activate_user','Activate/Deactivate User',0,0,NULL,5,0)
 ,(59,'sudo','Sign in as User',0,0,NULL,5,0)
 ,(60,'delete_user','Delete User',0,0,NULL,5,0)
 ,(61,'access_group_search','Access Group Search',0,0,'',5,0)
 ,(62,'edit_groups','Edit Groups',0,0,'',5,0)
 ,(63,'assign_user_groups','Assign Groups to User',0,1,'',5,0)
 ,(64,'backup','Perform Backups',0,0,NULL,11,0)
 ,(65,'access_task_permissions','Access Task Permissions',0,0,NULL,11,0)
 ,(66,'access_sitemap','Access Sitemap',0,0,NULL,12,0)
 ,(67,'access_page_defaults','Access Page Type Defaults',0,0,NULL,11,0)
 ,(68,'empty_trash','Empty Trash',0,0,NULL,11,0)
 ,(69,'uninstall_packages','Uninstall Packages',0,0,NULL,13,0)
 ,(70,'install_packages','Install Packages',0,0,NULL,13,0)
 ,(71,'view_newsflow','View Newsflow',0,0,NULL,13,0)
 ,(72,'access_user_search_export','Export Site Users',0,0,'Controls whether a user can export site users or not',5,0);


CREATE TABLE IF NOT EXISTS `PileContents` (
  `pcID` int(10) unsigned NOT NULL AUTO_INCREMENT,
  `pID` int(10) unsigned NOT NULL DEFAULT '0',
  `itemID` int(10) unsigned NOT NULL DEFAULT '0',
  `itemType` varchar(64) NOT NULL,
  `quantity` int(10) unsigned NOT NULL DEFAULT '1',
  `timestamp` timestamp NOT NULL DEFAULT CURRENT_TIMESTAMP ON UPDATE CURRENT_TIMESTAMP,
  `displayOrder` int(10) unsigned NOT NULL DEFAULT '0',
  PRIMARY KEY (`pcID`)
) ENGINE=InnoDB AUTO_INCREMENT=107 DEFAULT CHARSET=utf8;

INSERT INTO PileContents VALUES(1,1,64,'BLOCK',1,'2015-08-26 14:08:04',1)
 ,(2,1,54,'BLOCK',1,'2015-08-26 14:31:01',2)
 ,(3,1,54,'BLOCK',1,'2015-08-26 14:32:44',3)
 ,(4,1,60,'BLOCK',1,'2015-08-26 14:33:19',4)
 ,(5,1,67,'BLOCK',1,'2015-08-26 17:11:35',5)
 ,(6,1,84,'BLOCK',1,'2015-08-26 17:15:59',6)
 ,(7,1,85,'BLOCK',1,'2015-08-26 17:16:05',7)
 ,(8,1,84,'BLOCK',1,'2015-08-26 17:17:33',8)
 ,(9,1,69,'BLOCK',1,'2015-08-26 18:04:36',9)
 ,(13,2,187,'BLOCK',1,'2015-08-29 17:18:35',0)
 ,(14,2,186,'BLOCK',1,'2015-08-29 17:19:46',1)
 ,(15,2,187,'BLOCK',1,'2015-08-29 17:20:06',2)
 ,(16,2,221,'BLOCK',1,'2015-08-31 10:19:47',3)
 ,(17,2,238,'BLOCK',1,'2015-08-31 11:44:40',4)
 ,(18,2,252,'BLOCK',1,'2015-08-31 19:56:11',5)
 ,(19,2,253,'BLOCK',1,'2015-08-31 19:56:26',6)
 ,(20,2,227,'BLOCK',1,'2015-09-01 20:59:54',7)
 ,(21,2,236,'BLOCK',1,'2015-09-01 21:00:17',8)
 ,(22,2,233,'BLOCK',1,'2015-09-01 21:00:42',9)
 ,(23,2,240,'BLOCK',1,'2015-09-01 21:01:45',10)
 ,(24,2,230,'BLOCK',1,'2015-09-01 21:02:01',11)
 ,(25,2,242,'BLOCK',1,'2015-09-01 21:02:16',12)
 ,(26,2,234,'BLOCK',1,'2015-09-01 21:02:31',13)
 ,(27,2,238,'BLOCK',1,'2015-09-01 21:02:54',14)
 ,(28,2,252,'BLOCK',1,'2015-09-01 21:03:12',15)
 ,(29,2,260,'BLOCK',1,'2015-09-01 21:03:25',16)
 ,(30,2,227,'BLOCK',1,'2015-09-11 02:05:03',17)
 ,(31,2,236,'BLOCK',1,'2015-09-11 02:05:19',18)
 ,(32,2,233,'BLOCK',1,'2015-09-11 02:05:35',19)
 ,(33,2,240,'BLOCK',1,'2015-09-11 02:06:14',20)
 ,(34,2,230,'BLOCK',1,'2015-09-11 02:06:32',21)
 ,(35,2,242,'BLOCK',1,'2015-09-11 02:06:53',22)
 ,(36,2,234,'BLOCK',1,'2015-09-11 02:07:06',23)
 ,(37,2,238,'BLOCK',1,'2015-09-11 02:07:18',24)
 ,(38,2,252,'BLOCK',1,'2015-09-11 02:22:55',25)
 ,(39,2,260,'BLOCK',1,'2015-09-11 02:23:09',26)
 ,(40,2,323,'BLOCK',1,'2015-09-11 02:40:28',27)
 ,(41,2,326,'BLOCK',1,'2015-09-11 02:40:42',28)
 ,(42,2,327,'BLOCK',1,'2015-09-11 02:40:55',29)
 ,(43,2,301,'BLOCK',1,'2015-09-11 02:41:10',30)
 ,(44,2,302,'BLOCK',1,'2015-09-11 02:41:23',31)
 ,(45,2,385,'BLOCK',1,'2015-09-11 02:41:36',32)
 ,(46,2,323,'BLOCK',1,'2015-09-11 02:49:20',33)
 ,(47,2,326,'BLOCK',1,'2015-09-11 02:49:34',34)
 ,(48,2,327,'BLOCK',1,'2015-09-11 02:49:46',35)
 ,(49,2,301,'BLOCK',1,'2015-09-11 02:49:57',36)
 ,(50,2,302,'BLOCK',1,'2015-09-11 02:50:08',37)
 ,(51,2,385,'BLOCK',1,'2015-09-11 02:50:18',38)
 ,(52,2,250,'BLOCK',1,'2015-09-11 02:56:11',39)
 ,(53,2,227,'BLOCK',1,'2015-09-11 08:40:14',40)
 ,(54,2,236,'BLOCK',1,'2015-09-11 08:40:27',41)
 ,(55,2,233,'BLOCK',1,'2015-09-11 08:41:26',42)
 ,(56,2,240,'BLOCK',1,'2015-09-11 08:43:11',43)
 ,(57,2,230,'BLOCK',1,'2015-09-11 08:43:23',44)
 ,(58,2,242,'BLOCK',1,'2015-09-11 08:43:33',45)
 ,(59,2,234,'BLOCK',1,'2015-09-11 08:43:44',46)
 ,(60,2,238,'BLOCK',1,'2015-09-11 08:43:56',47)
 ,(61,2,252,'BLOCK',1,'2015-09-11 08:44:22',48)
 ,(62,2,252,'BLOCK',1,'2015-09-11 08:45:59',49)
 ,(63,2,260,'BLOCK',1,'2015-09-11 08:46:15',50)
 ,(64,2,323,'BLOCK',1,'2015-09-11 08:47:26',51)
 ,(65,2,326,'BLOCK',1,'2015-09-11 08:47:37',52)
 ,(66,2,327,'BLOCK',1,'2015-09-11 08:47:47',53)
 ,(67,2,301,'BLOCK',1,'2015-09-11 08:47:57',54)
 ,(68,2,302,'BLOCK',1,'2015-09-11 08:48:09',55)
 ,(69,2,385,'BLOCK',1,'2015-09-11 08:48:19',56)
 ,(70,3,504,'BLOCK',1,'2015-09-11 09:00:16',1)
 ,(71,1,227,'BLOCK',1,'2015-09-11 10:56:03',10)
 ,(72,1,236,'BLOCK',1,'2015-09-11 10:56:05',11)
 ,(73,1,233,'BLOCK',1,'2015-09-11 10:56:06',12)
 ,(74,1,240,'BLOCK',1,'2015-09-11 10:56:09',13)
 ,(75,1,230,'BLOCK',1,'2015-09-11 10:56:11',14)
 ,(76,1,242,'BLOCK',1,'2015-09-11 10:56:13',15)
 ,(77,1,234,'BLOCK',1,'2015-09-11 10:56:14',16)
 ,(78,1,238,'BLOCK',1,'2015-09-11 10:56:17',17)
 ,(79,1,252,'BLOCK',1,'2015-09-11 10:56:28',18)
 ,(80,1,260,'BLOCK',1,'2015-09-11 10:56:30',19)
 ,(81,1,301,'BLOCK',1,'2015-09-11 10:56:33',20)
 ,(82,1,323,'BLOCK',1,'2015-09-11 10:56:35',21)
 ,(83,1,326,'BLOCK',1,'2015-09-11 10:56:37',22)
 ,(84,1,302,'BLOCK',1,'2015-09-11 10:56:39',23)
 ,(85,1,327,'BLOCK',1,'2015-09-11 10:56:40',24)
 ,(86,1,385,'BLOCK',1,'2015-09-11 10:56:43',25)
 ,(87,1,567,'BLOCK',1,'2015-09-11 11:31:23',26)
 ,(88,2,227,'BLOCK',1,'2015-09-14 09:40:13',57)
 ,(89,2,236,'BLOCK',1,'2015-09-14 09:40:27',58)
 ,(90,2,233,'BLOCK',1,'2015-09-14 09:40:37',59)
 ,(91,2,240,'BLOCK',1,'2015-09-14 09:40:48',60)
 ,(92,2,230,'BLOCK',1,'2015-09-14 09:41:10',61)
 ,(93,2,242,'BLOCK',1,'2015-09-14 09:41:20',62)
 ,(94,2,234,'BLOCK',1,'2015-09-14 09:41:34',63)
 ,(95,2,238,'BLOCK',1,'2015-09-14 09:41:44',64)
 ,(96,2,252,'BLOCK',1,'2015-09-14 09:41:57',65)
 ,(97,2,260,'BLOCK',1,'2015-09-14 09:42:30',66)
 ,(98,2,323,'BLOCK',1,'2015-09-14 09:43:51',67)
 ,(99,2,326,'BLOCK',1,'2015-09-14 09:44:01',68)
 ,(100,2,327,'BLOCK',1,'2015-09-14 09:44:16',69)
 ,(101,2,301,'BLOCK',1,'2015-09-14 09:44:26',70)
 ,(102,2,302,'BLOCK',1,'2015-09-14 09:44:46',71)
 ,(103,2,385,'BLOCK',1,'2015-09-14 09:44:57',72)
 ,(104,2,301,'BLOCK',1,'2015-09-14 10:11:10',73)
 ,(105,2,301,'BLOCK',1,'2015-09-14 10:11:48',74)
 ,(106,2,661,'BLOCK',1,'2015-09-14 13:25:50',75);


CREATE TABLE IF NOT EXISTS `Piles` (
  `pID` int(10) unsigned NOT NULL AUTO_INCREMENT,
  `uID` int(10) unsigned DEFAULT NULL,
  `isDefault` tinyint(1) NOT NULL DEFAULT '0',
  `timestamp` timestamp NOT NULL DEFAULT CURRENT_TIMESTAMP ON UPDATE CURRENT_TIMESTAMP,
  `name` varchar(255) DEFAULT NULL,
  `state` varchar(64) NOT NULL,
  PRIMARY KEY (`pID`)
) ENGINE=InnoDB AUTO_INCREMENT=4 DEFAULT CHARSET=utf8;

INSERT INTO Piles VALUES(1,2,1,'2015-08-26 14:08:04',NULL,'READY')
 ,(2,1,1,'2015-08-27 11:01:42',NULL,'READY')
 ,(3,3,1,'2015-09-11 09:00:16',NULL,'READY');


CREATE TABLE IF NOT EXISTS `QueueMessages` (
  `message_id` int(20) unsigned NOT NULL AUTO_INCREMENT,
  `queue_id` int(10) unsigned NOT NULL,
  `handle` varchar(32) DEFAULT NULL,
  `body` longtext,
  `md5` varchar(32) NOT NULL,
  `timeout` decimal(14,0) unsigned DEFAULT NULL,
  `created` int(10) unsigned NOT NULL,
  PRIMARY KEY (`message_id`),
  UNIQUE KEY `message_handle` (`handle`),
  KEY `message_queueid` (`queue_id`)
) ENGINE=InnoDB DEFAULT CHARSET=utf8;




CREATE TABLE IF NOT EXISTS `QueuePageDuplicationRelations` (
  `queue_name` varchar(255) NOT NULL,
  `cID` int(10) unsigned NOT NULL DEFAULT '0',
  `originalCID` int(10) unsigned NOT NULL DEFAULT '0',
  PRIMARY KEY (`cID`,`originalCID`)
) ENGINE=InnoDB DEFAULT CHARSET=utf8;




CREATE TABLE IF NOT EXISTS `Queues` (
  `queue_id` int(10) unsigned NOT NULL AUTO_INCREMENT,
  `queue_name` varchar(100) NOT NULL,
  `timeout` int(5) unsigned NOT NULL DEFAULT '30',
  PRIMARY KEY (`queue_id`)
) ENGINE=InnoDB DEFAULT CHARSET=utf8;




CREATE TABLE IF NOT EXISTS `SignupRequests` (
  `id` int(11) NOT NULL AUTO_INCREMENT,
  `ipFrom` int(10) unsigned NOT NULL DEFAULT '0',
  `date_access` timestamp NOT NULL DEFAULT CURRENT_TIMESTAMP ON UPDATE CURRENT_TIMESTAMP,
  PRIMARY KEY (`id`),
  KEY `index_ipFrom` (`ipFrom`)
) ENGINE=InnoDB DEFAULT CHARSET=utf8;




CREATE TABLE IF NOT EXISTS `Stacks` (
  `stID` int(10) unsigned NOT NULL AUTO_INCREMENT,
  `stName` varchar(255) NOT NULL,
  `stType` int(1) unsigned NOT NULL DEFAULT '0',
  `cID` int(10) unsigned NOT NULL DEFAULT '0',
  PRIMARY KEY (`stID`),
  KEY `stType` (`stType`),
  KEY `stName` (`stName`)
) ENGINE=InnoDB AUTO_INCREMENT=10 DEFAULT CHARSET=utf8;

INSERT INTO Stacks VALUES(1,'Header Nav',20,121)
 ,(2,'Side Nav',0,122)
 ,(3,'Site Name',20,123)
 ,(4,'Footer 1',20,144)
 ,(5,'Footer 2',20,145)
 ,(6,'Footer 3',20,146)
 ,(7,'Footer 4',20,147)
 ,(8,'Footer 5',20,148)
 ,(9,'Logo',20,150);


CREATE TABLE IF NOT EXISTS `SystemAntispamLibraries` (
  `saslHandle` varchar(64) NOT NULL,
  `saslName` varchar(255) DEFAULT NULL,
  `saslIsActive` int(1) NOT NULL DEFAULT '0',
  `pkgID` int(10) unsigned NOT NULL DEFAULT '0',
  PRIMARY KEY (`saslHandle`)
) ENGINE=InnoDB DEFAULT CHARSET=utf8;




CREATE TABLE IF NOT EXISTS `SystemCaptchaLibraries` (
  `sclHandle` varchar(64) NOT NULL,
  `sclName` varchar(255) DEFAULT NULL,
  `sclIsActive` int(1) NOT NULL DEFAULT '0',
  `pkgID` int(10) unsigned NOT NULL DEFAULT '0',
  PRIMARY KEY (`sclHandle`)
) ENGINE=InnoDB DEFAULT CHARSET=utf8;

INSERT INTO SystemCaptchaLibraries VALUES('securimage','SecurImage (Default)',1,0);


CREATE TABLE IF NOT EXISTS `SystemNotifications` (
  `snID` int(10) unsigned NOT NULL AUTO_INCREMENT,
  `snTypeID` int(3) unsigned NOT NULL DEFAULT '0',
  `snURL` text,
  `snURL2` text,
  `snDateTime` datetime NOT NULL,
  `snIsArchived` int(1) NOT NULL DEFAULT '0',
  `snIsNew` int(1) NOT NULL DEFAULT '0',
  `snTitle` varchar(255) DEFAULT NULL,
  `snDescription` text,
  `snBody` text,
  PRIMARY KEY (`snID`)
) ENGINE=InnoDB DEFAULT CHARSET=utf8;




CREATE TABLE IF NOT EXISTS `UserAttributeKeys` (
  `akID` int(10) unsigned NOT NULL,
  `uakProfileDisplay` tinyint(1) NOT NULL DEFAULT '0',
  `uakMemberListDisplay` tinyint(1) NOT NULL DEFAULT '0',
  `uakProfileEdit` tinyint(1) NOT NULL DEFAULT '1',
  `uakProfileEditRequired` tinyint(1) NOT NULL DEFAULT '0',
  `uakRegisterEdit` tinyint(1) NOT NULL DEFAULT '0',
  `uakRegisterEditRequired` tinyint(1) NOT NULL DEFAULT '0',
  `displayOrder` int(10) unsigned DEFAULT '0',
  `uakIsActive` tinyint(1) NOT NULL DEFAULT '1',
  PRIMARY KEY (`akID`)
) ENGINE=InnoDB DEFAULT CHARSET=utf8;

INSERT INTO UserAttributeKeys VALUES(10,0,0,1,0,1,0,1,1)
 ,(11,0,0,1,0,1,0,2,1);


CREATE TABLE IF NOT EXISTS `UserAttributeValues` (
  `uID` int(10) unsigned NOT NULL DEFAULT '0',
  `akID` int(10) unsigned NOT NULL DEFAULT '0',
  `avID` int(10) unsigned NOT NULL DEFAULT '0',
  PRIMARY KEY (`uID`,`akID`,`avID`)
) ENGINE=InnoDB DEFAULT CHARSET=utf8;

INSERT INTO UserAttributeValues VALUES(2,10,153)
 ,(2,11,154)
 ,(3,10,465)
 ,(3,11,466);


CREATE TABLE IF NOT EXISTS `UserBannedIPs` (
  `ipFrom` int(10) unsigned NOT NULL DEFAULT '0',
  `ipTo` int(10) unsigned NOT NULL DEFAULT '0',
  `banCode` int(1) unsigned NOT NULL DEFAULT '1',
  `expires` int(10) unsigned NOT NULL DEFAULT '0',
  `isManual` int(1) NOT NULL DEFAULT '0',
  PRIMARY KEY (`ipFrom`,`ipTo`),
  KEY `ipFrom` (`ipFrom`),
  KEY `ipTo` (`ipTo`)
) ENGINE=InnoDB DEFAULT CHARSET=utf8;




CREATE TABLE IF NOT EXISTS `UserGroups` (
  `uID` int(10) unsigned NOT NULL DEFAULT '0',
  `gID` int(10) unsigned NOT NULL DEFAULT '0',
  `ugEntered` datetime NOT NULL DEFAULT '0000-00-00 00:00:00',
  `type` varchar(64) DEFAULT NULL,
  PRIMARY KEY (`uID`,`gID`),
  KEY `uID` (`uID`),
  KEY `gID` (`gID`)
) ENGINE=InnoDB DEFAULT CHARSET=utf8;

INSERT INTO UserGroups VALUES(2,3,'2015-08-25 19:28:18',NULL)
 ,(3,3,'2015-09-10 17:00:24',NULL);


CREATE TABLE IF NOT EXISTS `UserOpenIDs` (
  `uID` int(10) unsigned NOT NULL,
  `uOpenID` varchar(255) NOT NULL,
  PRIMARY KEY (`uOpenID`),
  KEY `uID` (`uID`)
) ENGINE=InnoDB DEFAULT CHARSET=utf8;




CREATE TABLE IF NOT EXISTS `UserPermissionAssignGroupAccessList` (
  `paID` int(10) unsigned NOT NULL DEFAULT '0',
  `peID` int(10) unsigned NOT NULL DEFAULT '0',
  `permission` varchar(1) NOT NULL DEFAULT '1',
  PRIMARY KEY (`paID`,`peID`)
) ENGINE=InnoDB DEFAULT CHARSET=utf8;




CREATE TABLE IF NOT EXISTS `UserPermissionAssignGroupAccessListCustom` (
  `paID` int(10) unsigned NOT NULL DEFAULT '0',
  `peID` int(10) unsigned NOT NULL DEFAULT '0',
  `gID` int(10) unsigned NOT NULL DEFAULT '0',
  PRIMARY KEY (`paID`,`peID`,`gID`)
) ENGINE=InnoDB DEFAULT CHARSET=utf8;




CREATE TABLE IF NOT EXISTS `UserPermissionEditPropertyAccessList` (
  `paID` int(10) unsigned NOT NULL DEFAULT '0',
  `peID` int(10) unsigned NOT NULL DEFAULT '0',
  `uName` int(1) unsigned DEFAULT '0',
  `uEmail` int(1) unsigned DEFAULT '0',
  `uPassword` int(1) unsigned DEFAULT '0',
  `uAvatar` int(1) unsigned DEFAULT '0',
  `uTimezone` int(1) unsigned DEFAULT '0',
  `uDefaultLanguage` int(1) unsigned DEFAULT '0',
  `attributePermission` varchar(1) NOT NULL DEFAULT '1',
  PRIMARY KEY (`paID`,`peID`)
) ENGINE=InnoDB DEFAULT CHARSET=utf8;




CREATE TABLE IF NOT EXISTS `UserPermissionEditPropertyAttributeAccessListCustom` (
  `paID` int(10) unsigned NOT NULL DEFAULT '0',
  `peID` int(10) unsigned NOT NULL DEFAULT '0',
  `akID` int(10) unsigned NOT NULL DEFAULT '0',
  PRIMARY KEY (`paID`,`peID`,`akID`)
) ENGINE=InnoDB DEFAULT CHARSET=utf8;




CREATE TABLE IF NOT EXISTS `UserPermissionUserSearchAccessList` (
  `paID` int(10) unsigned NOT NULL DEFAULT '0',
  `peID` int(10) unsigned NOT NULL DEFAULT '0',
  `permission` varchar(1) NOT NULL DEFAULT '1',
  PRIMARY KEY (`paID`,`peID`)
) ENGINE=InnoDB DEFAULT CHARSET=utf8;




CREATE TABLE IF NOT EXISTS `UserPermissionUserSearchAccessListCustom` (
  `paID` int(10) unsigned NOT NULL DEFAULT '0',
  `peID` int(10) unsigned NOT NULL DEFAULT '0',
  `gID` int(10) unsigned NOT NULL DEFAULT '0',
  PRIMARY KEY (`paID`,`peID`,`gID`)
) ENGINE=InnoDB DEFAULT CHARSET=utf8;




CREATE TABLE IF NOT EXISTS `UserPermissionViewAttributeAccessList` (
  `paID` int(10) unsigned NOT NULL DEFAULT '0',
  `peID` int(10) unsigned NOT NULL DEFAULT '0',
  `permission` varchar(1) NOT NULL DEFAULT '1',
  PRIMARY KEY (`paID`,`peID`)
) ENGINE=InnoDB DEFAULT CHARSET=utf8;




CREATE TABLE IF NOT EXISTS `UserPermissionViewAttributeAccessListCustom` (
  `paID` int(10) unsigned NOT NULL DEFAULT '0',
  `peID` int(10) unsigned NOT NULL DEFAULT '0',
  `akID` int(10) unsigned NOT NULL DEFAULT '0',
  PRIMARY KEY (`paID`,`peID`,`akID`)
) ENGINE=InnoDB DEFAULT CHARSET=utf8;




CREATE TABLE IF NOT EXISTS `UserPointHistory` (
  `upID` int(11) NOT NULL AUTO_INCREMENT,
  `upuID` int(11) NOT NULL DEFAULT '0',
  `upaID` int(11) DEFAULT '0',
  `upPoints` int(11) DEFAULT '0',
  `timestamp` timestamp NOT NULL DEFAULT CURRENT_TIMESTAMP ON UPDATE CURRENT_TIMESTAMP,
  PRIMARY KEY (`upID`)
) ENGINE=InnoDB DEFAULT CHARSET=utf8;




CREATE TABLE IF NOT EXISTS `UserPrivateMessages` (
  `msgID` int(10) unsigned NOT NULL AUTO_INCREMENT,
  `uAuthorID` int(10) unsigned NOT NULL DEFAULT '0',
  `msgDateCreated` datetime NOT NULL,
  `msgSubject` varchar(255) NOT NULL,
  `msgBody` text,
  `uToID` int(10) unsigned NOT NULL DEFAULT '0',
  PRIMARY KEY (`msgID`)
) ENGINE=InnoDB DEFAULT CHARSET=utf8;




CREATE TABLE IF NOT EXISTS `UserPrivateMessagesTo` (
  `msgID` int(10) unsigned NOT NULL DEFAULT '0',
  `uID` int(10) unsigned NOT NULL DEFAULT '0',
  `uAuthorID` int(10) unsigned NOT NULL DEFAULT '0',
  `msgMailboxID` int(11) NOT NULL,
  `msgIsNew` int(1) NOT NULL DEFAULT '0',
  `msgIsUnread` int(1) NOT NULL DEFAULT '0',
  `msgIsReplied` int(1) NOT NULL DEFAULT '0',
  PRIMARY KEY (`msgID`,`uID`,`uAuthorID`),
  KEY `uID` (`uID`),
  KEY `uAuthorID` (`uAuthorID`),
  KEY `msgFolderID` (`msgMailboxID`),
  KEY `msgIsNew` (`msgIsNew`)
) ENGINE=InnoDB DEFAULT CHARSET=utf8;




CREATE TABLE IF NOT EXISTS `UserSearchIndexAttributes` (
  `uID` int(11) unsigned NOT NULL DEFAULT '0',
  `ak_profile_private_messages_enabled` tinyint(4) DEFAULT '0',
  `ak_profile_private_messages_notification_enabled` tinyint(4) DEFAULT '0',
  PRIMARY KEY (`uID`)
) ENGINE=InnoDB DEFAULT CHARSET=utf8;

INSERT INTO UserSearchIndexAttributes VALUES(2,1,1)
 ,(3,1,1);


CREATE TABLE IF NOT EXISTS `UserValidationHashes` (
  `uvhID` int(10) unsigned NOT NULL AUTO_INCREMENT,
  `uID` int(10) unsigned DEFAULT NULL,
  `uHash` varchar(64) NOT NULL,
  `type` int(4) unsigned NOT NULL DEFAULT '0',
  `uDateGenerated` int(10) unsigned NOT NULL DEFAULT '0',
  `uDateRedeemed` int(10) unsigned NOT NULL DEFAULT '0',
  PRIMARY KEY (`uvhID`)
) ENGINE=InnoDB AUTO_INCREMENT=3 DEFAULT CHARSET=utf8;

INSERT INTO UserValidationHashes VALUES(1,3,'SENg1lk5t9tT67CZ8BisVaeFiSBS3x0HtqhapUaXOJnCIGn3X0A1XZwNMYkcLP9k',2,1441922838,0)
 ,(2,3,'DMRAZtL7A0ItAyx1amWjeCSWVpt7878XZxENUkX6hqwWOyKucG3EOU8LY53VaDSZ',2,1441979450,0);


CREATE TABLE IF NOT EXISTS `Users` (
  `uID` int(10) unsigned NOT NULL AUTO_INCREMENT,
  `uName` varchar(64) NOT NULL,
  `uEmail` varchar(255) NOT NULL,
  `uPassword` varchar(255) NOT NULL,
  `uIsActive` varchar(1) NOT NULL DEFAULT '0',
  `uIsValidated` tinyint(4) NOT NULL DEFAULT '-1',
  `uIsFullRecord` tinyint(1) NOT NULL DEFAULT '1',
  `uDateAdded` datetime NOT NULL DEFAULT '0000-00-00 00:00:00',
  `uHasAvatar` tinyint(1) NOT NULL DEFAULT '0',
  `uLastOnline` int(10) unsigned NOT NULL DEFAULT '0',
  `uLastLogin` int(10) unsigned NOT NULL DEFAULT '0',
  `uLastIP` bigint(10) NOT NULL DEFAULT '0',
  `uPreviousLogin` int(10) unsigned NOT NULL DEFAULT '0',
  `uNumLogins` int(10) unsigned NOT NULL DEFAULT '0',
  `uTimezone` varchar(255) DEFAULT NULL,
  `uDefaultLanguage` varchar(32) DEFAULT NULL,
  PRIMARY KEY (`uID`),
  UNIQUE KEY `uName` (`uName`)
) ENGINE=InnoDB AUTO_INCREMENT=4 DEFAULT CHARSET=utf8;

INSERT INTO Users VALUES(1,'admin','webmaster@fitecma.umich.mx','$2a$12$DH5XRPEHlTDOAtvDMYRvHOQ69bkfRPZp/hKtzm3n/k7qy6jkQ5A42','1',-1,1,'2015-08-21 13:50:28',0,1442511691,1442498814,2497197449,1442375056,50,NULL,NULL)
 ,(2,'webmaster','webmaster2@fitecma.umich.mx','$2a$12$bn3dNTm0Gd5Hf1VjFk7fze5NRZQhMxV1DhOv7Wi9nrF8nA5hPsiH2','1',-1,1,'2015-08-25 19:28:18',0,1441989110,1441986693,3150012639,1441985596,15,NULL,'en_US')
 ,(3,'josue','josue@fitecma.umich.mx','$2a$12$ET2c6S7UCVQkJa1ekBcr7e3pJifNwOrw9dOmEvWLtVVOlf8A6631u','1',-1,1,'2015-09-10 17:00:24',0,1442501172,1442501172,2497187127,1442447293,14,NULL,'en_US');


CREATE TABLE IF NOT EXISTS `UsersFriends` (
  `ufID` int(10) unsigned NOT NULL AUTO_INCREMENT,
  `uID` int(10) unsigned DEFAULT NULL,
  `status` varchar(64) NOT NULL,
  `friendUID` int(10) unsigned DEFAULT NULL,
  `uDateAdded` datetime NOT NULL DEFAULT '0000-00-00 00:00:00',
  PRIMARY KEY (`ufID`)
) ENGINE=InnoDB DEFAULT CHARSET=utf8;




CREATE TABLE IF NOT EXISTS `WorkflowProgress` (
  `wpID` int(10) unsigned NOT NULL AUTO_INCREMENT,
  `wpCategoryID` int(10) unsigned DEFAULT NULL,
  `wfID` int(10) unsigned NOT NULL DEFAULT '0',
  `wpApproved` tinyint(1) NOT NULL DEFAULT '0',
  `wpDateAdded` datetime DEFAULT NULL,
  `wpDateLastAction` datetime DEFAULT NULL,
  `wpCurrentStatus` int(10) NOT NULL DEFAULT '0',
  `wrID` int(1) NOT NULL DEFAULT '0',
  `wpIsCompleted` tinyint(1) NOT NULL DEFAULT '0',
  PRIMARY KEY (`wpID`),
  KEY `wrID` (`wrID`),
  KEY `wpIsCompleted` (`wpIsCompleted`)
) ENGINE=InnoDB AUTO_INCREMENT=38 DEFAULT CHARSET=utf8;




CREATE TABLE IF NOT EXISTS `WorkflowProgressCategories` (
  `wpCategoryID` int(10) unsigned NOT NULL AUTO_INCREMENT,
  `wpCategoryHandle` varchar(255) NOT NULL,
  `pkgID` int(10) unsigned DEFAULT NULL,
  PRIMARY KEY (`wpCategoryID`)
) ENGINE=InnoDB AUTO_INCREMENT=4 DEFAULT CHARSET=utf8;

INSERT INTO WorkflowProgressCategories VALUES(1,'page',NULL)
 ,(2,'file',NULL)
 ,(3,'user',NULL);


CREATE TABLE IF NOT EXISTS `WorkflowProgressHistory` (
  `wphID` int(10) unsigned NOT NULL AUTO_INCREMENT,
  `wpID` int(10) unsigned NOT NULL DEFAULT '0',
  `timestamp` timestamp NOT NULL DEFAULT CURRENT_TIMESTAMP ON UPDATE CURRENT_TIMESTAMP,
  `object` text,
  PRIMARY KEY (`wphID`)
) ENGINE=InnoDB AUTO_INCREMENT=790 DEFAULT CHARSET=utf8;

INSERT INTO WorkflowProgressHistory VALUES(1,1,'2015-08-25 13:53:12','O:30:\"ApprovePagePageWorkflowRequest\":8:{s:14:\"\0*\0wrStatusNum\";i:30;s:12:\"\0*\0currentWP\";N;s:6:\"\0*\0uID\";s:1:\"1\";s:5:\"error\";s:0:\"\";s:4:\"pkID\";s:2:\"13\";s:3:\"cID\";s:3:\"111\";s:4:\"cvID\";s:1:\"2\";s:4:\"wrID\";s:1:\"1\";}')
 ,(2,2,'2015-08-25 13:53:25','O:30:\"ApprovePagePageWorkflowRequest\":8:{s:14:\"\0*\0wrStatusNum\";i:30;s:12:\"\0*\0currentWP\";N;s:6:\"\0*\0uID\";s:1:\"1\";s:5:\"error\";s:0:\"\";s:4:\"pkID\";s:2:\"13\";s:3:\"cID\";s:3:\"111\";s:4:\"cvID\";s:1:\"3\";s:4:\"wrID\";s:1:\"2\";}')
 ,(3,3,'2015-08-25 13:53:43','O:30:\"ApprovePagePageWorkflowRequest\":8:{s:14:\"\0*\0wrStatusNum\";i:30;s:12:\"\0*\0currentWP\";N;s:6:\"\0*\0uID\";s:1:\"1\";s:5:\"error\";s:0:\"\";s:4:\"pkID\";s:2:\"13\";s:3:\"cID\";s:3:\"112\";s:4:\"cvID\";s:1:\"2\";s:4:\"wrID\";s:1:\"3\";}')
 ,(4,4,'2015-08-25 13:56:04','O:30:\"ApprovePagePageWorkflowRequest\":8:{s:14:\"\0*\0wrStatusNum\";i:30;s:12:\"\0*\0currentWP\";N;s:6:\"\0*\0uID\";s:1:\"1\";s:5:\"error\";s:0:\"\";s:4:\"pkID\";s:2:\"13\";s:3:\"cID\";s:1:\"2\";s:4:\"cvID\";s:1:\"2\";s:4:\"wrID\";s:1:\"4\";}')
 ,(5,5,'2015-08-25 13:58:51','O:30:\"ApprovePagePageWorkflowRequest\":8:{s:14:\"\0*\0wrStatusNum\";i:30;s:12:\"\0*\0currentWP\";N;s:6:\"\0*\0uID\";s:1:\"1\";s:5:\"error\";s:0:\"\";s:4:\"pkID\";s:2:\"13\";s:3:\"cID\";s:2:\"15\";s:4:\"cvID\";s:1:\"2\";s:4:\"wrID\";s:1:\"5\";}')
 ,(6,6,'2015-08-25 19:52:34','O:30:\"ApprovePagePageWorkflowRequest\":8:{s:14:\"\0*\0wrStatusNum\";i:30;s:12:\"\0*\0currentWP\";N;s:6:\"\0*\0uID\";s:1:\"1\";s:5:\"error\";s:0:\"\";s:4:\"pkID\";s:2:\"13\";s:3:\"cID\";s:1:\"1\";s:4:\"cvID\";s:1:\"2\";s:4:\"wrID\";s:1:\"6\";}')
 ,(7,7,'2015-08-25 20:09:51','O:30:\"ApprovePagePageWorkflowRequest\":8:{s:14:\"\0*\0wrStatusNum\";i:30;s:12:\"\0*\0currentWP\";N;s:6:\"\0*\0uID\";s:1:\"1\";s:5:\"error\";s:0:\"\";s:4:\"pkID\";s:2:\"13\";s:3:\"cID\";s:1:\"1\";s:4:\"cvID\";s:1:\"3\";s:4:\"wrID\";s:1:\"7\";}')
 ,(8,8,'2015-08-25 20:18:39','O:30:\"ApprovePagePageWorkflowRequest\":8:{s:14:\"\0*\0wrStatusNum\";i:30;s:12:\"\0*\0currentWP\";N;s:6:\"\0*\0uID\";s:1:\"1\";s:5:\"error\";s:0:\"\";s:4:\"pkID\";s:2:\"13\";s:3:\"cID\";s:1:\"1\";s:4:\"cvID\";s:1:\"4\";s:4:\"wrID\";s:1:\"8\";}')
 ,(9,9,'2015-08-25 20:30:56','O:30:\"ApprovePagePageWorkflowRequest\":8:{s:14:\"\0*\0wrStatusNum\";i:30;s:12:\"\0*\0currentWP\";N;s:6:\"\0*\0uID\";s:1:\"1\";s:5:\"error\";s:0:\"\";s:4:\"pkID\";s:2:\"13\";s:3:\"cID\";s:1:\"1\";s:4:\"cvID\";s:1:\"5\";s:4:\"wrID\";s:1:\"9\";}')
 ,(10,10,'2015-08-25 20:35:53','O:30:\"ApprovePagePageWorkflowRequest\":8:{s:14:\"\0*\0wrStatusNum\";i:30;s:12:\"\0*\0currentWP\";N;s:6:\"\0*\0uID\";s:1:\"1\";s:5:\"error\";s:0:\"\";s:4:\"pkID\";s:2:\"13\";s:3:\"cID\";s:3:\"128\";s:4:\"cvID\";s:1:\"2\";s:4:\"wrID\";s:2:\"10\";}')
 ,(11,11,'2015-08-25 20:36:26','O:30:\"ApprovePagePageWorkflowRequest\":8:{s:14:\"\0*\0wrStatusNum\";i:30;s:12:\"\0*\0currentWP\";N;s:6:\"\0*\0uID\";s:1:\"1\";s:5:\"error\";s:0:\"\";s:4:\"pkID\";s:2:\"13\";s:3:\"cID\";s:3:\"130\";s:4:\"cvID\";s:1:\"2\";s:4:\"wrID\";s:2:\"11\";}')
 ,(12,12,'2015-08-25 20:37:19','O:30:\"ApprovePagePageWorkflowRequest\":8:{s:14:\"\0*\0wrStatusNum\";i:30;s:12:\"\0*\0currentWP\";N;s:6:\"\0*\0uID\";s:1:\"1\";s:5:\"error\";s:0:\"\";s:4:\"pkID\";s:2:\"13\";s:3:\"cID\";s:3:\"152\";s:4:\"cvID\";s:1:\"1\";s:4:\"wrID\";s:2:\"12\";}')
 ,(13,13,'2015-08-25 20:37:37','O:30:\"ApprovePagePageWorkflowRequest\":8:{s:14:\"\0*\0wrStatusNum\";i:30;s:12:\"\0*\0currentWP\";N;s:6:\"\0*\0uID\";s:1:\"1\";s:5:\"error\";s:0:\"\";s:4:\"pkID\";s:2:\"13\";s:3:\"cID\";s:3:\"153\";s:4:\"cvID\";s:1:\"1\";s:4:\"wrID\";s:2:\"13\";}')
 ,(14,14,'2015-08-25 20:37:59','O:30:\"ApprovePagePageWorkflowRequest\":8:{s:14:\"\0*\0wrStatusNum\";i:30;s:12:\"\0*\0currentWP\";N;s:6:\"\0*\0uID\";s:1:\"1\";s:5:\"error\";s:0:\"\";s:4:\"pkID\";s:2:\"13\";s:3:\"cID\";s:3:\"154\";s:4:\"cvID\";s:1:\"1\";s:4:\"wrID\";s:2:\"14\";}')
 ,(15,15,'2015-08-25 20:38:15','O:30:\"ApprovePagePageWorkflowRequest\":8:{s:14:\"\0*\0wrStatusNum\";i:30;s:12:\"\0*\0currentWP\";N;s:6:\"\0*\0uID\";s:1:\"1\";s:5:\"error\";s:0:\"\";s:4:\"pkID\";s:2:\"13\";s:3:\"cID\";s:3:\"155\";s:4:\"cvID\";s:1:\"1\";s:4:\"wrID\";s:2:\"15\";}')
 ,(16,16,'2015-08-25 20:39:26','O:30:\"ApprovePagePageWorkflowRequest\":8:{s:14:\"\0*\0wrStatusNum\";i:30;s:12:\"\0*\0currentWP\";N;s:6:\"\0*\0uID\";s:1:\"1\";s:5:\"error\";s:0:\"\";s:4:\"pkID\";s:2:\"13\";s:3:\"cID\";s:3:\"156\";s:4:\"cvID\";s:1:\"1\";s:4:\"wrID\";s:2:\"16\";}')
 ,(17,17,'2015-08-25 20:40:23','O:30:\"ApprovePagePageWorkflowRequest\":8:{s:14:\"\0*\0wrStatusNum\";i:30;s:12:\"\0*\0currentWP\";N;s:6:\"\0*\0uID\";s:1:\"1\";s:5:\"error\";s:0:\"\";s:4:\"pkID\";s:2:\"13\";s:3:\"cID\";s:3:\"129\";s:4:\"cvID\";s:1:\"2\";s:4:\"wrID\";s:2:\"17\";}')
 ,(18,18,'2015-08-25 20:41:34','O:30:\"ApprovePagePageWorkflowRequest\":8:{s:14:\"\0*\0wrStatusNum\";i:30;s:12:\"\0*\0currentWP\";N;s:6:\"\0*\0uID\";s:1:\"1\";s:5:\"error\";s:0:\"\";s:4:\"pkID\";s:2:\"13\";s:3:\"cID\";s:3:\"128\";s:4:\"cvID\";s:1:\"3\";s:4:\"wrID\";s:2:\"18\";}')
 ,(19,19,'2015-08-25 20:41:52','O:30:\"ApprovePagePageWorkflowRequest\":8:{s:14:\"\0*\0wrStatusNum\";i:30;s:12:\"\0*\0currentWP\";N;s:6:\"\0*\0uID\";s:1:\"1\";s:5:\"error\";s:0:\"\";s:4:\"pkID\";s:2:\"13\";s:3:\"cID\";s:1:\"1\";s:4:\"cvID\";s:1:\"6\";s:4:\"wrID\";s:2:\"19\";}')
 ,(20,20,'2015-08-25 20:43:13','O:30:\"ApprovePagePageWorkflowRequest\":8:{s:14:\"\0*\0wrStatusNum\";i:30;s:12:\"\0*\0currentWP\";N;s:6:\"\0*\0uID\";s:1:\"1\";s:5:\"error\";s:0:\"\";s:4:\"pkID\";s:2:\"13\";s:3:\"cID\";s:1:\"1\";s:4:\"cvID\";s:1:\"7\";s:4:\"wrID\";s:2:\"20\";}')
 ,(21,21,'2015-08-26 11:14:19','O:30:\"ApprovePagePageWorkflowRequest\":8:{s:14:\"\0*\0wrStatusNum\";i:30;s:12:\"\0*\0currentWP\";N;s:6:\"\0*\0uID\";s:1:\"2\";s:5:\"error\";s:0:\"\";s:4:\"pkID\";s:2:\"13\";s:3:\"cID\";s:3:\"152\";s:4:\"cvID\";s:1:\"2\";s:4:\"wrID\";s:2:\"21\";}')
 ,(22,22,'2015-08-26 11:18:27','O:30:\"ApprovePagePageWorkflowRequest\":8:{s:14:\"\0*\0wrStatusNum\";i:30;s:12:\"\0*\0currentWP\";N;s:6:\"\0*\0uID\";s:1:\"1\";s:5:\"error\";s:0:\"\";s:4:\"pkID\";s:2:\"13\";s:3:\"cID\";s:1:\"1\";s:4:\"cvID\";s:1:\"8\";s:4:\"wrID\";s:2:\"22\";}')
 ,(23,23,'2015-08-26 14:05:56','O:30:\"ApprovePagePageWorkflowRequest\":8:{s:14:\"\0*\0wrStatusNum\";i:30;s:12:\"\0*\0currentWP\";N;s:6:\"\0*\0uID\";s:1:\"2\";s:5:\"error\";s:0:\"\";s:4:\"pkID\";s:2:\"13\";s:3:\"cID\";s:3:\"152\";s:4:\"cvID\";s:1:\"3\";s:4:\"wrID\";s:2:\"23\";}')
 ,(24,24,'2015-08-26 14:07:14','O:30:\"ApprovePagePageWorkflowRequest\":8:{s:14:\"\0*\0wrStatusNum\";i:30;s:12:\"\0*\0currentWP\";N;s:6:\"\0*\0uID\";s:1:\"2\";s:5:\"error\";s:0:\"\";s:4:\"pkID\";s:2:\"13\";s:3:\"cID\";s:3:\"152\";s:4:\"cvID\";s:1:\"4\";s:4:\"wrID\";s:2:\"24\";}')
 ,(25,25,'2015-08-26 14:09:19','O:30:\"ApprovePagePageWorkflowRequest\":8:{s:14:\"\0*\0wrStatusNum\";i:30;s:12:\"\0*\0currentWP\";N;s:6:\"\0*\0uID\";s:1:\"2\";s:5:\"error\";s:0:\"\";s:4:\"pkID\";s:2:\"13\";s:3:\"cID\";s:3:\"152\";s:4:\"cvID\";s:1:\"5\";s:4:\"wrID\";s:2:\"25\";}')
 ,(26,26,'2015-08-26 14:13:44','O:30:\"ApprovePagePageWorkflowRequest\":8:{s:14:\"\0*\0wrStatusNum\";i:30;s:12:\"\0*\0currentWP\";N;s:6:\"\0*\0uID\";s:1:\"2\";s:5:\"error\";s:0:\"\";s:4:\"pkID\";s:2:\"13\";s:3:\"cID\";s:1:\"1\";s:4:\"cvID\";s:1:\"9\";s:4:\"wrID\";s:2:\"26\";}')
 ,(27,27,'2015-08-26 14:16:56','O:30:\"ApprovePagePageWorkflowRequest\":8:{s:14:\"\0*\0wrStatusNum\";i:30;s:12:\"\0*\0currentWP\";N;s:6:\"\0*\0uID\";s:1:\"2\";s:5:\"error\";s:0:\"\";s:4:\"pkID\";s:2:\"13\";s:3:\"cID\";s:3:\"157\";s:4:\"cvID\";s:1:\"1\";s:4:\"wrID\";s:2:\"27\";}')
 ,(28,28,'2015-08-26 14:17:32','O:30:\"ApprovePagePageWorkflowRequest\":8:{s:14:\"\0*\0wrStatusNum\";i:30;s:12:\"\0*\0currentWP\";N;s:6:\"\0*\0uID\";s:1:\"2\";s:5:\"error\";s:0:\"\";s:4:\"pkID\";s:2:\"13\";s:3:\"cID\";s:3:\"158\";s:4:\"cvID\";s:1:\"1\";s:4:\"wrID\";s:2:\"28\";}')
 ,(29,29,'2015-08-26 14:18:12','O:30:\"ApprovePagePageWorkflowRequest\":8:{s:14:\"\0*\0wrStatusNum\";i:30;s:12:\"\0*\0currentWP\";N;s:6:\"\0*\0uID\";s:1:\"2\";s:5:\"error\";s:0:\"\";s:4:\"pkID\";s:2:\"13\";s:3:\"cID\";s:3:\"159\";s:4:\"cvID\";s:1:\"1\";s:4:\"wrID\";s:2:\"29\";}')
 ,(30,30,'2015-08-26 14:25:16','O:30:\"ApprovePagePageWorkflowRequest\":8:{s:14:\"\0*\0wrStatusNum\";i:30;s:12:\"\0*\0currentWP\";N;s:6:\"\0*\0uID\";s:1:\"2\";s:5:\"error\";s:0:\"\";s:4:\"pkID\";s:2:\"13\";s:3:\"cID\";s:1:\"1\";s:4:\"cvID\";s:2:\"10\";s:4:\"wrID\";s:2:\"30\";}')
 ,(31,31,'2015-08-26 14:29:53','O:30:\"ApprovePagePageWorkflowRequest\":8:{s:14:\"\0*\0wrStatusNum\";i:30;s:12:\"\0*\0currentWP\";N;s:6:\"\0*\0uID\";s:1:\"2\";s:5:\"error\";s:0:\"\";s:4:\"pkID\";s:2:\"13\";s:3:\"cID\";s:1:\"1\";s:4:\"cvID\";s:2:\"11\";s:4:\"wrID\";s:2:\"31\";}')
 ,(32,32,'2015-08-26 14:31:33','O:30:\"ApprovePagePageWorkflowRequest\":8:{s:14:\"\0*\0wrStatusNum\";i:30;s:12:\"\0*\0currentWP\";N;s:6:\"\0*\0uID\";s:1:\"2\";s:5:\"error\";s:0:\"\";s:4:\"pkID\";s:2:\"13\";s:3:\"cID\";s:1:\"1\";s:4:\"cvID\";s:2:\"12\";s:4:\"wrID\";s:2:\"32\";}')
 ,(33,33,'2015-08-26 14:33:38','O:30:\"ApprovePagePageWorkflowRequest\":8:{s:14:\"\0*\0wrStatusNum\";i:30;s:12:\"\0*\0currentWP\";N;s:6:\"\0*\0uID\";s:1:\"2\";s:5:\"error\";s:0:\"\";s:4:\"pkID\";s:2:\"13\";s:3:\"cID\";s:1:\"1\";s:4:\"cvID\";s:2:\"13\";s:4:\"wrID\";s:2:\"33\";}')
 ,(34,34,'2015-08-26 16:54:15','O:30:\"ApprovePagePageWorkflowRequest\":8:{s:14:\"\0*\0wrStatusNum\";i:30;s:12:\"\0*\0currentWP\";N;s:6:\"\0*\0uID\";s:1:\"2\";s:5:\"error\";s:0:\"\";s:4:\"pkID\";s:2:\"13\";s:3:\"cID\";s:3:\"132\";s:4:\"cvID\";s:1:\"2\";s:4:\"wrID\";s:2:\"34\";}')
 ,(35,35,'2015-08-26 16:57:06','O:30:\"ApprovePagePageWorkflowRequest\":8:{s:14:\"\0*\0wrStatusNum\";i:30;s:12:\"\0*\0currentWP\";N;s:6:\"\0*\0uID\";s:1:\"2\";s:5:\"error\";s:0:\"\";s:4:\"pkID\";s:2:\"13\";s:3:\"cID\";s:1:\"1\";s:4:\"cvID\";s:2:\"14\";s:4:\"wrID\";s:2:\"35\";}')
 ,(36,36,'2015-08-26 17:09:34','O:30:\"ApprovePagePageWorkflowRequest\":8:{s:14:\"\0*\0wrStatusNum\";i:30;s:12:\"\0*\0currentWP\";N;s:6:\"\0*\0uID\";s:1:\"2\";s:5:\"error\";s:0:\"\";s:4:\"pkID\";s:2:\"13\";s:3:\"cID\";s:1:\"1\";s:4:\"cvID\";s:2:\"15\";s:4:\"wrID\";s:2:\"36\";}')
 ,(37,37,'2015-08-26 17:12:17','O:30:\"ApprovePagePageWorkflowRequest\":8:{s:14:\"\0*\0wrStatusNum\";i:30;s:12:\"\0*\0currentWP\";N;s:6:\"\0*\0uID\";s:1:\"2\";s:5:\"error\";s:0:\"\";s:4:\"pkID\";s:2:\"13\";s:3:\"cID\";s:3:\"156\";s:4:\"cvID\";s:1:\"2\";s:4:\"wrID\";s:2:\"37\";}')
 ,(38,38,'2015-08-26 17:17:23','O:30:\"ApprovePagePageWorkflowRequest\":8:{s:14:\"\0*\0wrStatusNum\";i:30;s:12:\"\0*\0currentWP\";N;s:6:\"\0*\0uID\";s:1:\"2\";s:5:\"error\";s:0:\"\";s:4:\"pkID\";s:2:\"13\";s:3:\"cID\";s:1:\"1\";s:4:\"cvID\";s:2:\"16\";s:4:\"wrID\";s:2:\"38\";}')
 ,(39,39,'2015-08-26 17:17:58','O:30:\"ApprovePagePageWorkflowRequest\":8:{s:14:\"\0*\0wrStatusNum\";i:30;s:12:\"\0*\0currentWP\";N;s:6:\"\0*\0uID\";s:1:\"2\";s:5:\"error\";s:0:\"\";s:4:\"pkID\";s:2:\"13\";s:3:\"cID\";s:1:\"1\";s:4:\"cvID\";s:2:\"17\";s:4:\"wrID\";s:2:\"39\";}')
 ,(40,40,'2015-08-26 17:43:46','O:30:\"ApprovePagePageWorkflowRequest\":8:{s:14:\"\0*\0wrStatusNum\";i:30;s:12:\"\0*\0currentWP\";N;s:6:\"\0*\0uID\";s:1:\"2\";s:5:\"error\";s:0:\"\";s:4:\"pkID\";s:2:\"13\";s:3:\"cID\";s:1:\"1\";s:4:\"cvID\";s:2:\"18\";s:4:\"wrID\";s:2:\"40\";}')
 ,(41,41,'2015-08-26 17:46:30','O:30:\"ApprovePagePageWorkflowRequest\":8:{s:14:\"\0*\0wrStatusNum\";i:30;s:12:\"\0*\0currentWP\";N;s:6:\"\0*\0uID\";s:1:\"2\";s:5:\"error\";s:0:\"\";s:4:\"pkID\";s:2:\"13\";s:3:\"cID\";s:1:\"1\";s:4:\"cvID\";s:2:\"19\";s:4:\"wrID\";s:2:\"41\";}')
 ,(42,42,'2015-08-26 17:53:59','O:30:\"ApprovePagePageWorkflowRequest\":8:{s:14:\"\0*\0wrStatusNum\";i:30;s:12:\"\0*\0currentWP\";N;s:6:\"\0*\0uID\";s:1:\"2\";s:5:\"error\";s:0:\"\";s:4:\"pkID\";s:2:\"13\";s:3:\"cID\";s:3:\"156\";s:4:\"cvID\";s:1:\"3\";s:4:\"wrID\";s:2:\"42\";}')
 ,(43,43,'2015-08-26 17:54:39','O:30:\"ApprovePagePageWorkflowRequest\":8:{s:14:\"\0*\0wrStatusNum\";i:30;s:12:\"\0*\0currentWP\";N;s:6:\"\0*\0uID\";s:1:\"2\";s:5:\"error\";s:0:\"\";s:4:\"pkID\";s:2:\"13\";s:3:\"cID\";s:3:\"156\";s:4:\"cvID\";s:1:\"4\";s:4:\"wrID\";s:2:\"43\";}')
 ,(44,44,'2015-08-26 17:57:55','O:30:\"ApprovePagePageWorkflowRequest\":8:{s:14:\"\0*\0wrStatusNum\";i:30;s:12:\"\0*\0currentWP\";N;s:6:\"\0*\0uID\";s:1:\"2\";s:5:\"error\";s:0:\"\";s:4:\"pkID\";s:2:\"13\";s:3:\"cID\";s:1:\"1\";s:4:\"cvID\";s:2:\"20\";s:4:\"wrID\";s:2:\"44\";}')
 ,(45,45,'2015-08-26 17:59:54','O:30:\"ApprovePagePageWorkflowRequest\":8:{s:14:\"\0*\0wrStatusNum\";i:30;s:12:\"\0*\0currentWP\";N;s:6:\"\0*\0uID\";s:1:\"2\";s:5:\"error\";s:0:\"\";s:4:\"pkID\";s:2:\"13\";s:3:\"cID\";s:1:\"1\";s:4:\"cvID\";s:2:\"21\";s:4:\"wrID\";s:2:\"45\";}')
 ,(46,46,'2015-08-26 18:00:50','O:30:\"ApprovePagePageWorkflowRequest\":8:{s:14:\"\0*\0wrStatusNum\";i:30;s:12:\"\0*\0currentWP\";N;s:6:\"\0*\0uID\";s:1:\"2\";s:5:\"error\";s:0:\"\";s:4:\"pkID\";s:2:\"13\";s:3:\"cID\";s:3:\"152\";s:4:\"cvID\";s:1:\"6\";s:4:\"wrID\";s:2:\"46\";}')
 ,(47,47,'2015-08-26 18:01:12','O:30:\"ApprovePagePageWorkflowRequest\":8:{s:14:\"\0*\0wrStatusNum\";i:30;s:12:\"\0*\0currentWP\";N;s:6:\"\0*\0uID\";s:1:\"2\";s:5:\"error\";s:0:\"\";s:4:\"pkID\";s:2:\"13\";s:3:\"cID\";s:3:\"152\";s:4:\"cvID\";s:1:\"7\";s:4:\"wrID\";s:2:\"47\";}')
 ,(48,48,'2015-08-26 18:04:24','O:30:\"ApprovePagePageWorkflowRequest\":8:{s:14:\"\0*\0wrStatusNum\";i:30;s:12:\"\0*\0currentWP\";N;s:6:\"\0*\0uID\";s:1:\"2\";s:5:\"error\";s:0:\"\";s:4:\"pkID\";s:2:\"13\";s:3:\"cID\";s:3:\"152\";s:4:\"cvID\";s:1:\"8\";s:4:\"wrID\";s:2:\"48\";}')
 ,(49,49,'2015-08-26 18:05:04','O:30:\"ApprovePagePageWorkflowRequest\":8:{s:14:\"\0*\0wrStatusNum\";i:30;s:12:\"\0*\0currentWP\";N;s:6:\"\0*\0uID\";s:1:\"2\";s:5:\"error\";s:0:\"\";s:4:\"pkID\";s:2:\"13\";s:3:\"cID\";s:3:\"152\";s:4:\"cvID\";s:1:\"9\";s:4:\"wrID\";s:2:\"49\";}')
 ,(50,50,'2015-08-26 18:09:52','O:30:\"ApprovePagePageWorkflowRequest\":8:{s:14:\"\0*\0wrStatusNum\";i:30;s:12:\"\0*\0currentWP\";N;s:6:\"\0*\0uID\";s:1:\"2\";s:5:\"error\";s:0:\"\";s:4:\"pkID\";s:2:\"13\";s:3:\"cID\";s:3:\"153\";s:4:\"cvID\";s:1:\"2\";s:4:\"wrID\";s:2:\"50\";}')
 ,(51,51,'2015-08-26 18:11:30','O:30:\"ApprovePagePageWorkflowRequest\":8:{s:14:\"\0*\0wrStatusNum\";i:30;s:12:\"\0*\0currentWP\";N;s:6:\"\0*\0uID\";s:1:\"2\";s:5:\"error\";s:0:\"\";s:4:\"pkID\";s:2:\"13\";s:3:\"cID\";s:3:\"153\";s:4:\"cvID\";s:1:\"3\";s:4:\"wrID\";s:2:\"51\";}')
 ,(52,52,'2015-08-26 18:12:50','O:30:\"ApprovePagePageWorkflowRequest\":8:{s:14:\"\0*\0wrStatusNum\";i:30;s:12:\"\0*\0currentWP\";N;s:6:\"\0*\0uID\";s:1:\"2\";s:5:\"error\";s:0:\"\";s:4:\"pkID\";s:2:\"13\";s:3:\"cID\";s:3:\"153\";s:4:\"cvID\";s:1:\"4\";s:4:\"wrID\";s:2:\"52\";}')
 ,(53,53,'2015-08-26 18:14:59','O:30:\"ApprovePagePageWorkflowRequest\":8:{s:14:\"\0*\0wrStatusNum\";i:30;s:12:\"\0*\0currentWP\";N;s:6:\"\0*\0uID\";s:1:\"2\";s:5:\"error\";s:0:\"\";s:4:\"pkID\";s:2:\"13\";s:3:\"cID\";s:3:\"153\";s:4:\"cvID\";s:1:\"5\";s:4:\"wrID\";s:2:\"53\";}')
 ,(54,54,'2015-08-26 18:16:10','O:30:\"ApprovePagePageWorkflowRequest\":8:{s:14:\"\0*\0wrStatusNum\";i:30;s:12:\"\0*\0currentWP\";N;s:6:\"\0*\0uID\";s:1:\"2\";s:5:\"error\";s:0:\"\";s:4:\"pkID\";s:2:\"13\";s:3:\"cID\";s:1:\"1\";s:4:\"cvID\";s:2:\"22\";s:4:\"wrID\";s:2:\"54\";}')
 ,(55,55,'2015-08-26 18:17:23','O:30:\"ApprovePagePageWorkflowRequest\":8:{s:14:\"\0*\0wrStatusNum\";i:30;s:12:\"\0*\0currentWP\";N;s:6:\"\0*\0uID\";s:1:\"2\";s:5:\"error\";s:0:\"\";s:4:\"pkID\";s:2:\"13\";s:3:\"cID\";s:1:\"1\";s:4:\"cvID\";s:2:\"23\";s:4:\"wrID\";s:2:\"55\";}')
 ,(56,56,'2015-08-26 18:28:25','O:30:\"ApprovePagePageWorkflowRequest\":8:{s:14:\"\0*\0wrStatusNum\";i:30;s:12:\"\0*\0currentWP\";N;s:6:\"\0*\0uID\";s:1:\"2\";s:5:\"error\";s:0:\"\";s:4:\"pkID\";s:2:\"13\";s:3:\"cID\";s:3:\"158\";s:4:\"cvID\";s:1:\"2\";s:4:\"wrID\";s:2:\"56\";}')
 ,(57,57,'2015-08-27 09:45:16','O:30:\"ApprovePagePageWorkflowRequest\":8:{s:14:\"\0*\0wrStatusNum\";i:30;s:12:\"\0*\0currentWP\";N;s:6:\"\0*\0uID\";s:1:\"1\";s:5:\"error\";s:0:\"\";s:4:\"pkID\";s:2:\"13\";s:3:\"cID\";s:3:\"128\";s:4:\"cvID\";s:1:\"4\";s:4:\"wrID\";s:2:\"57\";}')
 ,(58,58,'2015-08-27 09:45:58','O:30:\"ApprovePagePageWorkflowRequest\":8:{s:14:\"\0*\0wrStatusNum\";i:30;s:12:\"\0*\0currentWP\";N;s:6:\"\0*\0uID\";s:1:\"1\";s:5:\"error\";s:0:\"\";s:4:\"pkID\";s:2:\"13\";s:3:\"cID\";s:3:\"129\";s:4:\"cvID\";s:1:\"3\";s:4:\"wrID\";s:2:\"58\";}')
 ,(59,59,'2015-08-27 09:46:28','O:30:\"ApprovePagePageWorkflowRequest\":8:{s:14:\"\0*\0wrStatusNum\";i:30;s:12:\"\0*\0currentWP\";N;s:6:\"\0*\0uID\";s:1:\"1\";s:5:\"error\";s:0:\"\";s:4:\"pkID\";s:2:\"13\";s:3:\"cID\";s:3:\"130\";s:4:\"cvID\";s:1:\"3\";s:4:\"wrID\";s:2:\"59\";}')
 ,(60,60,'2015-08-27 09:46:52','O:30:\"ApprovePagePageWorkflowRequest\":8:{s:14:\"\0*\0wrStatusNum\";i:30;s:12:\"\0*\0currentWP\";N;s:6:\"\0*\0uID\";s:1:\"1\";s:5:\"error\";s:0:\"\";s:4:\"pkID\";s:2:\"13\";s:3:\"cID\";s:3:\"152\";s:4:\"cvID\";s:2:\"10\";s:4:\"wrID\";s:2:\"60\";}')
 ,(61,61,'2015-08-27 09:47:21','O:30:\"ApprovePagePageWorkflowRequest\":8:{s:14:\"\0*\0wrStatusNum\";i:30;s:12:\"\0*\0currentWP\";N;s:6:\"\0*\0uID\";s:1:\"1\";s:5:\"error\";s:0:\"\";s:4:\"pkID\";s:2:\"13\";s:3:\"cID\";s:3:\"153\";s:4:\"cvID\";s:1:\"6\";s:4:\"wrID\";s:2:\"61\";}')
 ,(62,62,'2015-08-27 09:47:48','O:30:\"ApprovePagePageWorkflowRequest\":8:{s:14:\"\0*\0wrStatusNum\";i:30;s:12:\"\0*\0currentWP\";N;s:6:\"\0*\0uID\";s:1:\"1\";s:5:\"error\";s:0:\"\";s:4:\"pkID\";s:2:\"13\";s:3:\"cID\";s:3:\"154\";s:4:\"cvID\";s:1:\"2\";s:4:\"wrID\";s:2:\"62\";}')
 ,(63,63,'2015-08-27 09:47:55','O:29:\"DeletePagePageWorkflowRequest\":7:{s:14:\"\0*\0wrStatusNum\";i:100;s:12:\"\0*\0currentWP\";N;s:6:\"\0*\0uID\";s:1:\"1\";s:5:\"error\";s:0:\"\";s:4:\"pkID\";s:2:\"11\";s:3:\"cID\";s:3:\"155\";s:4:\"wrID\";s:2:\"63\";}')
 ,(64,64,'2015-08-27 09:48:01','O:29:\"DeletePagePageWorkflowRequest\":7:{s:14:\"\0*\0wrStatusNum\";i:100;s:12:\"\0*\0currentWP\";N;s:6:\"\0*\0uID\";s:1:\"1\";s:5:\"error\";s:0:\"\";s:4:\"pkID\";s:2:\"11\";s:3:\"cID\";s:3:\"156\";s:4:\"wrID\";s:2:\"64\";}')
 ,(65,65,'2015-08-27 09:48:25','O:29:\"DeletePagePageWorkflowRequest\":7:{s:14:\"\0*\0wrStatusNum\";i:100;s:12:\"\0*\0currentWP\";N;s:6:\"\0*\0uID\";s:1:\"1\";s:5:\"error\";s:0:\"\";s:4:\"pkID\";s:2:\"11\";s:3:\"cID\";s:3:\"132\";s:4:\"wrID\";s:2:\"65\";}')
 ,(66,66,'2015-08-27 09:48:30','O:29:\"DeletePagePageWorkflowRequest\":7:{s:14:\"\0*\0wrStatusNum\";i:100;s:12:\"\0*\0currentWP\";N;s:6:\"\0*\0uID\";s:1:\"1\";s:5:\"error\";s:0:\"\";s:4:\"pkID\";s:2:\"11\";s:3:\"cID\";s:3:\"131\";s:4:\"wrID\";s:2:\"66\";}')
 ,(67,67,'2015-08-27 09:48:53','O:29:\"DeletePagePageWorkflowRequest\":7:{s:14:\"\0*\0wrStatusNum\";i:100;s:12:\"\0*\0currentWP\";N;s:6:\"\0*\0uID\";s:1:\"1\";s:5:\"error\";s:0:\"\";s:4:\"pkID\";s:2:\"11\";s:3:\"cID\";s:3:\"157\";s:4:\"wrID\";s:2:\"67\";}')
 ,(68,68,'2015-08-27 09:49:38','O:30:\"ApprovePagePageWorkflowRequest\":8:{s:14:\"\0*\0wrStatusNum\";i:30;s:12:\"\0*\0currentWP\";N;s:6:\"\0*\0uID\";s:1:\"1\";s:5:\"error\";s:0:\"\";s:4:\"pkID\";s:2:\"13\";s:3:\"cID\";s:3:\"160\";s:4:\"cvID\";s:1:\"1\";s:4:\"wrID\";s:2:\"68\";}')
 ,(69,69,'2015-08-27 09:49:49','O:30:\"ApprovePagePageWorkflowRequest\":8:{s:14:\"\0*\0wrStatusNum\";i:30;s:12:\"\0*\0currentWP\";N;s:6:\"\0*\0uID\";s:1:\"1\";s:5:\"error\";s:0:\"\";s:4:\"pkID\";s:2:\"13\";s:3:\"cID\";s:3:\"161\";s:4:\"cvID\";s:1:\"1\";s:4:\"wrID\";s:2:\"69\";}')
 ,(70,70,'2015-08-27 09:50:05','O:30:\"ApprovePagePageWorkflowRequest\":8:{s:14:\"\0*\0wrStatusNum\";i:30;s:12:\"\0*\0currentWP\";N;s:6:\"\0*\0uID\";s:1:\"1\";s:5:\"error\";s:0:\"\";s:4:\"pkID\";s:2:\"13\";s:3:\"cID\";s:3:\"162\";s:4:\"cvID\";s:1:\"1\";s:4:\"wrID\";s:2:\"70\";}')
 ,(71,71,'2015-08-27 09:50:25','O:30:\"ApprovePagePageWorkflowRequest\":8:{s:14:\"\0*\0wrStatusNum\";i:30;s:12:\"\0*\0currentWP\";N;s:6:\"\0*\0uID\";s:1:\"1\";s:5:\"error\";s:0:\"\";s:4:\"pkID\";s:2:\"13\";s:3:\"cID\";s:3:\"163\";s:4:\"cvID\";s:1:\"1\";s:4:\"wrID\";s:2:\"71\";}')
 ,(72,72,'2015-08-27 09:50:34','O:30:\"ApprovePagePageWorkflowRequest\":8:{s:14:\"\0*\0wrStatusNum\";i:30;s:12:\"\0*\0currentWP\";N;s:6:\"\0*\0uID\";s:1:\"1\";s:5:\"error\";s:0:\"\";s:4:\"pkID\";s:2:\"13\";s:3:\"cID\";s:3:\"164\";s:4:\"cvID\";s:1:\"1\";s:4:\"wrID\";s:2:\"72\";}')
 ,(73,73,'2015-08-27 09:51:13','O:30:\"ApprovePagePageWorkflowRequest\":8:{s:14:\"\0*\0wrStatusNum\";i:30;s:12:\"\0*\0currentWP\";N;s:6:\"\0*\0uID\";s:1:\"1\";s:5:\"error\";s:0:\"\";s:4:\"pkID\";s:2:\"13\";s:3:\"cID\";s:3:\"165\";s:4:\"cvID\";s:1:\"1\";s:4:\"wrID\";s:2:\"73\";}')
 ,(74,74,'2015-08-27 09:51:36','O:30:\"ApprovePagePageWorkflowRequest\":8:{s:14:\"\0*\0wrStatusNum\";i:30;s:12:\"\0*\0currentWP\";N;s:6:\"\0*\0uID\";s:1:\"1\";s:5:\"error\";s:0:\"\";s:4:\"pkID\";s:2:\"13\";s:3:\"cID\";s:3:\"166\";s:4:\"cvID\";s:1:\"1\";s:4:\"wrID\";s:2:\"74\";}')
 ,(75,75,'2015-08-27 09:52:02','O:30:\"ApprovePagePageWorkflowRequest\":8:{s:14:\"\0*\0wrStatusNum\";i:30;s:12:\"\0*\0currentWP\";N;s:6:\"\0*\0uID\";s:1:\"1\";s:5:\"error\";s:0:\"\";s:4:\"pkID\";s:2:\"13\";s:3:\"cID\";s:3:\"167\";s:4:\"cvID\";s:1:\"1\";s:4:\"wrID\";s:2:\"75\";}')
 ,(76,76,'2015-08-27 09:52:19','O:30:\"ApprovePagePageWorkflowRequest\":8:{s:14:\"\0*\0wrStatusNum\";i:30;s:12:\"\0*\0currentWP\";N;s:6:\"\0*\0uID\";s:1:\"1\";s:5:\"error\";s:0:\"\";s:4:\"pkID\";s:2:\"13\";s:3:\"cID\";s:3:\"167\";s:4:\"cvID\";s:1:\"2\";s:4:\"wrID\";s:2:\"76\";}')
 ,(77,77,'2015-08-27 09:52:44','O:29:\"DeletePagePageWorkflowRequest\":7:{s:14:\"\0*\0wrStatusNum\";i:100;s:12:\"\0*\0currentWP\";N;s:6:\"\0*\0uID\";s:1:\"1\";s:5:\"error\";s:0:\"\";s:4:\"pkID\";s:2:\"11\";s:3:\"cID\";s:3:\"133\";s:4:\"wrID\";s:2:\"77\";}')
 ,(78,78,'2015-08-27 09:52:48','O:29:\"DeletePagePageWorkflowRequest\":7:{s:14:\"\0*\0wrStatusNum\";i:100;s:12:\"\0*\0currentWP\";N;s:6:\"\0*\0uID\";s:1:\"1\";s:5:\"error\";s:0:\"\";s:4:\"pkID\";s:2:\"11\";s:3:\"cID\";s:3:\"134\";s:4:\"wrID\";s:2:\"78\";}')
 ,(79,79,'2015-08-27 09:53:12','O:30:\"ApprovePagePageWorkflowRequest\":8:{s:14:\"\0*\0wrStatusNum\";i:30;s:12:\"\0*\0currentWP\";N;s:6:\"\0*\0uID\";s:1:\"1\";s:5:\"error\";s:0:\"\";s:4:\"pkID\";s:2:\"13\";s:3:\"cID\";s:3:\"168\";s:4:\"cvID\";s:1:\"1\";s:4:\"wrID\";s:2:\"79\";}')
 ,(80,80,'2015-08-27 09:53:24','O:30:\"ApprovePagePageWorkflowRequest\":8:{s:14:\"\0*\0wrStatusNum\";i:30;s:12:\"\0*\0currentWP\";N;s:6:\"\0*\0uID\";s:1:\"1\";s:5:\"error\";s:0:\"\";s:4:\"pkID\";s:2:\"13\";s:3:\"cID\";s:3:\"169\";s:4:\"cvID\";s:1:\"1\";s:4:\"wrID\";s:2:\"80\";}')
 ,(81,81,'2015-08-27 09:53:34','O:30:\"ApprovePagePageWorkflowRequest\":8:{s:14:\"\0*\0wrStatusNum\";i:30;s:12:\"\0*\0currentWP\";N;s:6:\"\0*\0uID\";s:1:\"1\";s:5:\"error\";s:0:\"\";s:4:\"pkID\";s:2:\"13\";s:3:\"cID\";s:3:\"170\";s:4:\"cvID\";s:1:\"1\";s:4:\"wrID\";s:2:\"81\";}')
 ,(82,82,'2015-08-27 09:54:20','O:30:\"ApprovePagePageWorkflowRequest\":8:{s:14:\"\0*\0wrStatusNum\";i:30;s:12:\"\0*\0currentWP\";N;s:6:\"\0*\0uID\";s:1:\"1\";s:5:\"error\";s:0:\"\";s:4:\"pkID\";s:2:\"13\";s:3:\"cID\";s:3:\"171\";s:4:\"cvID\";s:1:\"1\";s:4:\"wrID\";s:2:\"82\";}')
 ,(83,83,'2015-08-27 09:54:43','O:30:\"ApprovePagePageWorkflowRequest\":8:{s:14:\"\0*\0wrStatusNum\";i:30;s:12:\"\0*\0currentWP\";N;s:6:\"\0*\0uID\";s:1:\"1\";s:5:\"error\";s:0:\"\";s:4:\"pkID\";s:2:\"13\";s:3:\"cID\";s:3:\"172\";s:4:\"cvID\";s:1:\"1\";s:4:\"wrID\";s:2:\"83\";}')
 ,(84,84,'2015-08-27 10:02:21','O:30:\"ApprovePagePageWorkflowRequest\":8:{s:14:\"\0*\0wrStatusNum\";i:30;s:12:\"\0*\0currentWP\";N;s:6:\"\0*\0uID\";s:1:\"1\";s:5:\"error\";s:0:\"\";s:4:\"pkID\";s:2:\"13\";s:3:\"cID\";s:3:\"173\";s:4:\"cvID\";s:1:\"1\";s:4:\"wrID\";s:2:\"84\";}')
 ,(85,85,'2015-08-27 10:02:42','O:30:\"ApprovePagePageWorkflowRequest\":8:{s:14:\"\0*\0wrStatusNum\";i:30;s:12:\"\0*\0currentWP\";N;s:6:\"\0*\0uID\";s:1:\"1\";s:5:\"error\";s:0:\"\";s:4:\"pkID\";s:2:\"13\";s:3:\"cID\";s:3:\"174\";s:4:\"cvID\";s:1:\"1\";s:4:\"wrID\";s:2:\"85\";}')
 ,(86,86,'2015-08-27 10:02:53','O:30:\"ApprovePagePageWorkflowRequest\":8:{s:14:\"\0*\0wrStatusNum\";i:30;s:12:\"\0*\0currentWP\";N;s:6:\"\0*\0uID\";s:1:\"1\";s:5:\"error\";s:0:\"\";s:4:\"pkID\";s:2:\"13\";s:3:\"cID\";s:3:\"175\";s:4:\"cvID\";s:1:\"1\";s:4:\"wrID\";s:2:\"86\";}')
 ,(87,87,'2015-08-27 10:03:12','O:30:\"ApprovePagePageWorkflowRequest\":8:{s:14:\"\0*\0wrStatusNum\";i:30;s:12:\"\0*\0currentWP\";N;s:6:\"\0*\0uID\";s:1:\"1\";s:5:\"error\";s:0:\"\";s:4:\"pkID\";s:2:\"13\";s:3:\"cID\";s:3:\"176\";s:4:\"cvID\";s:1:\"1\";s:4:\"wrID\";s:2:\"87\";}')
 ,(88,88,'2015-08-27 10:03:22','O:30:\"ApprovePagePageWorkflowRequest\":8:{s:14:\"\0*\0wrStatusNum\";i:30;s:12:\"\0*\0currentWP\";N;s:6:\"\0*\0uID\";s:1:\"1\";s:5:\"error\";s:0:\"\";s:4:\"pkID\";s:2:\"13\";s:3:\"cID\";s:3:\"177\";s:4:\"cvID\";s:1:\"1\";s:4:\"wrID\";s:2:\"88\";}')
 ,(89,89,'2015-08-27 10:03:38','O:30:\"ApprovePagePageWorkflowRequest\":8:{s:14:\"\0*\0wrStatusNum\";i:30;s:12:\"\0*\0currentWP\";N;s:6:\"\0*\0uID\";s:1:\"1\";s:5:\"error\";s:0:\"\";s:4:\"pkID\";s:2:\"13\";s:3:\"cID\";s:3:\"178\";s:4:\"cvID\";s:1:\"1\";s:4:\"wrID\";s:2:\"89\";}')
 ,(90,90,'2015-08-27 10:03:54','O:30:\"ApprovePagePageWorkflowRequest\":8:{s:14:\"\0*\0wrStatusNum\";i:30;s:12:\"\0*\0currentWP\";N;s:6:\"\0*\0uID\";s:1:\"1\";s:5:\"error\";s:0:\"\";s:4:\"pkID\";s:2:\"13\";s:3:\"cID\";s:3:\"179\";s:4:\"cvID\";s:1:\"1\";s:4:\"wrID\";s:2:\"90\";}')
 ,(91,91,'2015-08-27 10:04:32','O:30:\"ApprovePagePageWorkflowRequest\":8:{s:14:\"\0*\0wrStatusNum\";i:30;s:12:\"\0*\0currentWP\";N;s:6:\"\0*\0uID\";s:1:\"1\";s:5:\"error\";s:0:\"\";s:4:\"pkID\";s:2:\"13\";s:3:\"cID\";s:3:\"180\";s:4:\"cvID\";s:1:\"1\";s:4:\"wrID\";s:2:\"91\";}')
 ,(92,92,'2015-08-27 10:05:06','O:30:\"ApprovePagePageWorkflowRequest\":8:{s:14:\"\0*\0wrStatusNum\";i:30;s:12:\"\0*\0currentWP\";N;s:6:\"\0*\0uID\";s:1:\"1\";s:5:\"error\";s:0:\"\";s:4:\"pkID\";s:2:\"13\";s:3:\"cID\";s:3:\"181\";s:4:\"cvID\";s:1:\"1\";s:4:\"wrID\";s:2:\"92\";}')
 ,(93,93,'2015-08-27 10:06:35','O:30:\"ApprovePagePageWorkflowRequest\":8:{s:14:\"\0*\0wrStatusNum\";i:30;s:12:\"\0*\0currentWP\";N;s:6:\"\0*\0uID\";s:1:\"1\";s:5:\"error\";s:0:\"\";s:4:\"pkID\";s:2:\"13\";s:3:\"cID\";s:3:\"182\";s:4:\"cvID\";s:1:\"1\";s:4:\"wrID\";s:2:\"93\";}')
 ,(94,94,'2015-08-27 10:36:03','O:30:\"ApprovePagePageWorkflowRequest\":8:{s:14:\"\0*\0wrStatusNum\";i:30;s:12:\"\0*\0currentWP\";N;s:6:\"\0*\0uID\";s:1:\"1\";s:5:\"error\";s:0:\"\";s:4:\"pkID\";s:2:\"13\";s:3:\"cID\";s:3:\"183\";s:4:\"cvID\";s:1:\"1\";s:4:\"wrID\";s:2:\"94\";}')
 ,(95,95,'2015-08-27 10:41:55','O:30:\"ApprovePagePageWorkflowRequest\":8:{s:14:\"\0*\0wrStatusNum\";i:30;s:12:\"\0*\0currentWP\";N;s:6:\"\0*\0uID\";s:1:\"1\";s:5:\"error\";s:0:\"\";s:4:\"pkID\";s:2:\"13\";s:3:\"cID\";s:3:\"184\";s:4:\"cvID\";s:1:\"1\";s:4:\"wrID\";s:2:\"95\";}')
 ,(96,96,'2015-08-27 10:47:39','O:30:\"ApprovePagePageWorkflowRequest\":8:{s:14:\"\0*\0wrStatusNum\";i:30;s:12:\"\0*\0currentWP\";N;s:6:\"\0*\0uID\";s:1:\"1\";s:5:\"error\";s:0:\"\";s:4:\"pkID\";s:2:\"13\";s:3:\"cID\";s:3:\"185\";s:4:\"cvID\";s:1:\"1\";s:4:\"wrID\";s:2:\"96\";}')
 ,(97,97,'2015-08-27 10:47:55','O:30:\"ApprovePagePageWorkflowRequest\":8:{s:14:\"\0*\0wrStatusNum\";i:30;s:12:\"\0*\0currentWP\";N;s:6:\"\0*\0uID\";s:1:\"1\";s:5:\"error\";s:0:\"\";s:4:\"pkID\";s:2:\"13\";s:3:\"cID\";s:3:\"186\";s:4:\"cvID\";s:1:\"1\";s:4:\"wrID\";s:2:\"97\";}')
 ,(98,98,'2015-08-27 10:48:07','O:30:\"ApprovePagePageWorkflowRequest\":8:{s:14:\"\0*\0wrStatusNum\";i:30;s:12:\"\0*\0currentWP\";N;s:6:\"\0*\0uID\";s:1:\"1\";s:5:\"error\";s:0:\"\";s:4:\"pkID\";s:2:\"13\";s:3:\"cID\";s:3:\"187\";s:4:\"cvID\";s:1:\"1\";s:4:\"wrID\";s:2:\"98\";}')
 ,(99,99,'2015-08-27 11:09:52','O:30:\"ApprovePagePageWorkflowRequest\":8:{s:14:\"\0*\0wrStatusNum\";i:30;s:12:\"\0*\0currentWP\";N;s:6:\"\0*\0uID\";s:1:\"1\";s:5:\"error\";s:0:\"\";s:4:\"pkID\";s:2:\"13\";s:3:\"cID\";s:1:\"1\";s:4:\"cvID\";s:2:\"24\";s:4:\"wrID\";s:2:\"99\";}')
 ,(100,100,'2015-08-27 11:11:17','O:30:\"ApprovePagePageWorkflowRequest\":8:{s:14:\"\0*\0wrStatusNum\";i:30;s:12:\"\0*\0currentWP\";N;s:6:\"\0*\0uID\";s:1:\"1\";s:5:\"error\";s:0:\"\";s:4:\"pkID\";s:2:\"13\";s:3:\"cID\";s:1:\"1\";s:4:\"cvID\";s:2:\"25\";s:4:\"wrID\";s:3:\"100\";}')
 ,(101,101,'2015-08-27 11:13:36','O:30:\"ApprovePagePageWorkflowRequest\":8:{s:14:\"\0*\0wrStatusNum\";i:30;s:12:\"\0*\0currentWP\";N;s:6:\"\0*\0uID\";s:1:\"1\";s:5:\"error\";s:0:\"\";s:4:\"pkID\";s:2:\"13\";s:3:\"cID\";s:1:\"1\";s:4:\"cvID\";s:2:\"26\";s:4:\"wrID\";s:3:\"101\";}')
 ,(102,102,'2015-08-27 11:14:17','O:30:\"ApprovePagePageWorkflowRequest\":8:{s:14:\"\0*\0wrStatusNum\";i:30;s:12:\"\0*\0currentWP\";N;s:6:\"\0*\0uID\";s:1:\"1\";s:5:\"error\";s:0:\"\";s:4:\"pkID\";s:2:\"13\";s:3:\"cID\";s:1:\"1\";s:4:\"cvID\";s:2:\"27\";s:4:\"wrID\";s:3:\"102\";}')
 ,(103,103,'2015-08-27 11:18:07','O:30:\"ApprovePagePageWorkflowRequest\":8:{s:14:\"\0*\0wrStatusNum\";i:30;s:12:\"\0*\0currentWP\";N;s:6:\"\0*\0uID\";s:1:\"1\";s:5:\"error\";s:0:\"\";s:4:\"pkID\";s:2:\"13\";s:3:\"cID\";s:1:\"1\";s:4:\"cvID\";s:2:\"28\";s:4:\"wrID\";s:3:\"103\";}')
 ,(104,104,'2015-08-27 11:30:37','O:30:\"ApprovePagePageWorkflowRequest\":8:{s:14:\"\0*\0wrStatusNum\";i:30;s:12:\"\0*\0currentWP\";N;s:6:\"\0*\0uID\";s:1:\"1\";s:5:\"error\";s:0:\"\";s:4:\"pkID\";s:2:\"13\";s:3:\"cID\";s:1:\"1\";s:4:\"cvID\";s:2:\"29\";s:4:\"wrID\";s:3:\"104\";}')
 ,(105,105,'2015-08-27 11:46:50','O:30:\"ApprovePagePageWorkflowRequest\":8:{s:14:\"\0*\0wrStatusNum\";i:30;s:12:\"\0*\0currentWP\";N;s:6:\"\0*\0uID\";s:1:\"1\";s:5:\"error\";s:0:\"\";s:4:\"pkID\";s:2:\"13\";s:3:\"cID\";s:1:\"1\";s:4:\"cvID\";s:2:\"30\";s:4:\"wrID\";s:3:\"105\";}')
 ,(106,106,'2015-08-27 11:49:48','O:30:\"ApprovePagePageWorkflowRequest\":8:{s:14:\"\0*\0wrStatusNum\";i:30;s:12:\"\0*\0currentWP\";N;s:6:\"\0*\0uID\";s:1:\"1\";s:5:\"error\";s:0:\"\";s:4:\"pkID\";s:2:\"13\";s:3:\"cID\";s:1:\"1\";s:4:\"cvID\";s:2:\"31\";s:4:\"wrID\";s:3:\"106\";}')
 ,(107,107,'2015-08-27 11:52:37','O:30:\"ApprovePagePageWorkflowRequest\":8:{s:14:\"\0*\0wrStatusNum\";i:30;s:12:\"\0*\0currentWP\";N;s:6:\"\0*\0uID\";s:1:\"1\";s:5:\"error\";s:0:\"\";s:4:\"pkID\";s:2:\"13\";s:3:\"cID\";s:1:\"1\";s:4:\"cvID\";s:2:\"28\";s:4:\"wrID\";s:3:\"107\";}')
 ,(108,108,'2015-08-27 11:53:08','O:30:\"ApprovePagePageWorkflowRequest\":8:{s:14:\"\0*\0wrStatusNum\";i:30;s:12:\"\0*\0currentWP\";N;s:6:\"\0*\0uID\";s:1:\"1\";s:5:\"error\";s:0:\"\";s:4:\"pkID\";s:2:\"13\";s:3:\"cID\";s:1:\"1\";s:4:\"cvID\";s:2:\"26\";s:4:\"wrID\";s:3:\"108\";}')
 ,(109,109,'2015-08-27 11:54:07','O:30:\"ApprovePagePageWorkflowRequest\":8:{s:14:\"\0*\0wrStatusNum\";i:30;s:12:\"\0*\0currentWP\";N;s:6:\"\0*\0uID\";s:1:\"1\";s:5:\"error\";s:0:\"\";s:4:\"pkID\";s:2:\"13\";s:3:\"cID\";s:1:\"1\";s:4:\"cvID\";s:2:\"25\";s:4:\"wrID\";s:3:\"109\";}')
 ,(110,110,'2015-08-27 11:54:13','O:30:\"ApprovePagePageWorkflowRequest\":8:{s:14:\"\0*\0wrStatusNum\";i:30;s:12:\"\0*\0currentWP\";N;s:6:\"\0*\0uID\";s:1:\"1\";s:5:\"error\";s:0:\"\";s:4:\"pkID\";s:2:\"13\";s:3:\"cID\";s:1:\"1\";s:4:\"cvID\";s:2:\"31\";s:4:\"wrID\";s:3:\"110\";}')
 ,(111,111,'2015-08-27 11:54:49','O:29:\"DeletePagePageWorkflowRequest\":7:{s:14:\"\0*\0wrStatusNum\";i:100;s:12:\"\0*\0currentWP\";N;s:6:\"\0*\0uID\";s:1:\"1\";s:5:\"error\";s:0:\"\";s:4:\"pkID\";s:2:\"11\";s:3:\"cID\";s:3:\"154\";s:4:\"wrID\";s:3:\"111\";}')
 ,(112,112,'2015-08-27 12:33:30','O:30:\"ApprovePagePageWorkflowRequest\":8:{s:14:\"\0*\0wrStatusNum\";i:30;s:12:\"\0*\0currentWP\";N;s:6:\"\0*\0uID\";s:1:\"1\";s:5:\"error\";s:0:\"\";s:4:\"pkID\";s:2:\"13\";s:3:\"cID\";s:1:\"1\";s:4:\"cvID\";s:2:\"32\";s:4:\"wrID\";s:3:\"112\";}')
 ,(113,113,'2015-08-27 12:35:55','O:30:\"ApprovePagePageWorkflowRequest\":8:{s:14:\"\0*\0wrStatusNum\";i:30;s:12:\"\0*\0currentWP\";N;s:6:\"\0*\0uID\";s:1:\"2\";s:5:\"error\";s:0:\"\";s:4:\"pkID\";s:2:\"13\";s:3:\"cID\";s:1:\"1\";s:4:\"cvID\";s:2:\"33\";s:4:\"wrID\";s:3:\"113\";}')
 ,(114,114,'2015-08-27 12:53:57','O:30:\"ApprovePagePageWorkflowRequest\":8:{s:14:\"\0*\0wrStatusNum\";i:30;s:12:\"\0*\0currentWP\";N;s:6:\"\0*\0uID\";s:1:\"2\";s:5:\"error\";s:0:\"\";s:4:\"pkID\";s:2:\"13\";s:3:\"cID\";s:1:\"1\";s:4:\"cvID\";s:2:\"34\";s:4:\"wrID\";s:3:\"114\";}')
 ,(115,115,'2015-08-27 12:57:14','O:30:\"ApprovePagePageWorkflowRequest\":8:{s:14:\"\0*\0wrStatusNum\";i:30;s:12:\"\0*\0currentWP\";N;s:6:\"\0*\0uID\";s:1:\"2\";s:5:\"error\";s:0:\"\";s:4:\"pkID\";s:2:\"13\";s:3:\"cID\";s:1:\"1\";s:4:\"cvID\";s:2:\"35\";s:4:\"wrID\";s:3:\"115\";}')
 ,(116,116,'2015-08-27 13:07:03','O:30:\"ApprovePagePageWorkflowRequest\":8:{s:14:\"\0*\0wrStatusNum\";i:30;s:12:\"\0*\0currentWP\";N;s:6:\"\0*\0uID\";s:1:\"1\";s:5:\"error\";s:0:\"\";s:4:\"pkID\";s:2:\"13\";s:3:\"cID\";s:1:\"1\";s:4:\"cvID\";s:2:\"36\";s:4:\"wrID\";s:3:\"116\";}')
 ,(117,117,'2015-08-27 15:08:15','O:30:\"ApprovePagePageWorkflowRequest\":8:{s:14:\"\0*\0wrStatusNum\";i:30;s:12:\"\0*\0currentWP\";N;s:6:\"\0*\0uID\";s:1:\"1\";s:5:\"error\";s:0:\"\";s:4:\"pkID\";s:2:\"13\";s:3:\"cID\";s:3:\"190\";s:4:\"cvID\";s:1:\"1\";s:4:\"wrID\";s:3:\"117\";}')
 ,(118,118,'2015-08-27 15:09:20','O:29:\"DeletePagePageWorkflowRequest\":7:{s:14:\"\0*\0wrStatusNum\";i:100;s:12:\"\0*\0currentWP\";N;s:6:\"\0*\0uID\";s:1:\"1\";s:5:\"error\";s:0:\"\";s:4:\"pkID\";s:2:\"11\";s:3:\"cID\";s:3:\"190\";s:4:\"wrID\";s:3:\"118\";}')
 ,(119,119,'2015-08-27 15:09:54','O:30:\"ApprovePagePageWorkflowRequest\":8:{s:14:\"\0*\0wrStatusNum\";i:30;s:12:\"\0*\0currentWP\";N;s:6:\"\0*\0uID\";s:1:\"1\";s:5:\"error\";s:0:\"\";s:4:\"pkID\";s:2:\"13\";s:3:\"cID\";s:3:\"191\";s:4:\"cvID\";s:1:\"1\";s:4:\"wrID\";s:3:\"119\";}')
 ,(120,120,'2015-08-27 15:11:08','O:30:\"ApprovePagePageWorkflowRequest\":8:{s:14:\"\0*\0wrStatusNum\";i:30;s:12:\"\0*\0currentWP\";N;s:6:\"\0*\0uID\";s:1:\"1\";s:5:\"error\";s:0:\"\";s:4:\"pkID\";s:2:\"13\";s:3:\"cID\";s:3:\"192\";s:4:\"cvID\";s:1:\"1\";s:4:\"wrID\";s:3:\"120\";}')
 ,(121,121,'2015-08-27 15:12:43','O:30:\"ApprovePagePageWorkflowRequest\":8:{s:14:\"\0*\0wrStatusNum\";i:30;s:12:\"\0*\0currentWP\";N;s:6:\"\0*\0uID\";s:1:\"1\";s:5:\"error\";s:0:\"\";s:4:\"pkID\";s:2:\"13\";s:3:\"cID\";s:3:\"191\";s:4:\"cvID\";s:1:\"2\";s:4:\"wrID\";s:3:\"121\";}')
 ,(122,122,'2015-08-27 15:12:53','O:30:\"ApprovePagePageWorkflowRequest\":8:{s:14:\"\0*\0wrStatusNum\";i:30;s:12:\"\0*\0currentWP\";N;s:6:\"\0*\0uID\";s:1:\"1\";s:5:\"error\";s:0:\"\";s:4:\"pkID\";s:2:\"13\";s:3:\"cID\";s:3:\"192\";s:4:\"cvID\";s:1:\"2\";s:4:\"wrID\";s:3:\"122\";}')
 ,(123,123,'2015-08-27 15:13:53','O:30:\"ApprovePagePageWorkflowRequest\":8:{s:14:\"\0*\0wrStatusNum\";i:30;s:12:\"\0*\0currentWP\";N;s:6:\"\0*\0uID\";s:1:\"1\";s:5:\"error\";s:0:\"\";s:4:\"pkID\";s:2:\"13\";s:3:\"cID\";s:3:\"191\";s:4:\"cvID\";s:1:\"3\";s:4:\"wrID\";s:3:\"123\";}')
 ,(124,124,'2015-08-27 15:14:15','O:30:\"ApprovePagePageWorkflowRequest\":8:{s:14:\"\0*\0wrStatusNum\";i:30;s:12:\"\0*\0currentWP\";N;s:6:\"\0*\0uID\";s:1:\"1\";s:5:\"error\";s:0:\"\";s:4:\"pkID\";s:2:\"13\";s:3:\"cID\";s:3:\"192\";s:4:\"cvID\";s:1:\"3\";s:4:\"wrID\";s:3:\"124\";}')
 ,(125,125,'2015-08-27 15:14:42','O:30:\"ApprovePagePageWorkflowRequest\":8:{s:14:\"\0*\0wrStatusNum\";i:30;s:12:\"\0*\0currentWP\";N;s:6:\"\0*\0uID\";s:1:\"1\";s:5:\"error\";s:0:\"\";s:4:\"pkID\";s:2:\"13\";s:3:\"cID\";s:3:\"191\";s:4:\"cvID\";s:1:\"4\";s:4:\"wrID\";s:3:\"125\";}')
 ,(126,126,'2015-08-27 15:15:06','O:30:\"ApprovePagePageWorkflowRequest\":8:{s:14:\"\0*\0wrStatusNum\";i:30;s:12:\"\0*\0currentWP\";N;s:6:\"\0*\0uID\";s:1:\"1\";s:5:\"error\";s:0:\"\";s:4:\"pkID\";s:2:\"13\";s:3:\"cID\";s:3:\"191\";s:4:\"cvID\";s:1:\"5\";s:4:\"wrID\";s:3:\"126\";}')
 ,(127,127,'2015-08-27 15:15:14','O:30:\"ApprovePagePageWorkflowRequest\":8:{s:14:\"\0*\0wrStatusNum\";i:30;s:12:\"\0*\0currentWP\";N;s:6:\"\0*\0uID\";s:1:\"1\";s:5:\"error\";s:0:\"\";s:4:\"pkID\";s:2:\"13\";s:3:\"cID\";s:3:\"192\";s:4:\"cvID\";s:1:\"4\";s:4:\"wrID\";s:3:\"127\";}')
 ,(128,128,'2015-08-27 15:15:26','O:30:\"ApprovePagePageWorkflowRequest\":8:{s:14:\"\0*\0wrStatusNum\";i:30;s:12:\"\0*\0currentWP\";N;s:6:\"\0*\0uID\";s:1:\"1\";s:5:\"error\";s:0:\"\";s:4:\"pkID\";s:2:\"13\";s:3:\"cID\";s:3:\"191\";s:4:\"cvID\";s:1:\"6\";s:4:\"wrID\";s:3:\"128\";}')
 ,(129,129,'2015-08-27 15:16:38','O:30:\"ApprovePagePageWorkflowRequest\":8:{s:14:\"\0*\0wrStatusNum\";i:30;s:12:\"\0*\0currentWP\";N;s:6:\"\0*\0uID\";s:1:\"1\";s:5:\"error\";s:0:\"\";s:4:\"pkID\";s:2:\"13\";s:3:\"cID\";s:3:\"193\";s:4:\"cvID\";s:1:\"1\";s:4:\"wrID\";s:3:\"129\";}')
 ,(130,130,'2015-08-27 15:16:48','O:30:\"ApprovePagePageWorkflowRequest\":8:{s:14:\"\0*\0wrStatusNum\";i:30;s:12:\"\0*\0currentWP\";N;s:6:\"\0*\0uID\";s:1:\"1\";s:5:\"error\";s:0:\"\";s:4:\"pkID\";s:2:\"13\";s:3:\"cID\";s:1:\"1\";s:4:\"cvID\";s:2:\"37\";s:4:\"wrID\";s:3:\"130\";}')
 ,(131,131,'2015-08-27 15:17:22','O:30:\"ApprovePagePageWorkflowRequest\":8:{s:14:\"\0*\0wrStatusNum\";i:30;s:12:\"\0*\0currentWP\";N;s:6:\"\0*\0uID\";s:1:\"1\";s:5:\"error\";s:0:\"\";s:4:\"pkID\";s:2:\"13\";s:3:\"cID\";s:3:\"194\";s:4:\"cvID\";s:1:\"1\";s:4:\"wrID\";s:3:\"131\";}')
 ,(132,132,'2015-08-27 15:17:45','O:30:\"ApprovePagePageWorkflowRequest\":8:{s:14:\"\0*\0wrStatusNum\";i:30;s:12:\"\0*\0currentWP\";N;s:6:\"\0*\0uID\";s:1:\"1\";s:5:\"error\";s:0:\"\";s:4:\"pkID\";s:2:\"13\";s:3:\"cID\";s:3:\"195\";s:4:\"cvID\";s:1:\"1\";s:4:\"wrID\";s:3:\"132\";}')
 ,(133,133,'2015-08-27 15:18:25','O:30:\"ApprovePagePageWorkflowRequest\":8:{s:14:\"\0*\0wrStatusNum\";i:30;s:12:\"\0*\0currentWP\";N;s:6:\"\0*\0uID\";s:1:\"1\";s:5:\"error\";s:0:\"\";s:4:\"pkID\";s:2:\"13\";s:3:\"cID\";s:3:\"196\";s:4:\"cvID\";s:1:\"1\";s:4:\"wrID\";s:3:\"133\";}')
 ,(134,134,'2015-08-27 15:18:42','O:30:\"ApprovePagePageWorkflowRequest\":8:{s:14:\"\0*\0wrStatusNum\";i:30;s:12:\"\0*\0currentWP\";N;s:6:\"\0*\0uID\";s:1:\"1\";s:5:\"error\";s:0:\"\";s:4:\"pkID\";s:2:\"13\";s:3:\"cID\";s:3:\"197\";s:4:\"cvID\";s:1:\"1\";s:4:\"wrID\";s:3:\"134\";}')
 ,(135,135,'2015-08-27 15:18:58','O:30:\"ApprovePagePageWorkflowRequest\":8:{s:14:\"\0*\0wrStatusNum\";i:30;s:12:\"\0*\0currentWP\";N;s:6:\"\0*\0uID\";s:1:\"1\";s:5:\"error\";s:0:\"\";s:4:\"pkID\";s:2:\"13\";s:3:\"cID\";s:3:\"198\";s:4:\"cvID\";s:1:\"1\";s:4:\"wrID\";s:3:\"135\";}')
 ,(136,136,'2015-08-27 15:19:17','O:30:\"ApprovePagePageWorkflowRequest\":8:{s:14:\"\0*\0wrStatusNum\";i:30;s:12:\"\0*\0currentWP\";N;s:6:\"\0*\0uID\";s:1:\"1\";s:5:\"error\";s:0:\"\";s:4:\"pkID\";s:2:\"13\";s:3:\"cID\";s:3:\"199\";s:4:\"cvID\";s:1:\"1\";s:4:\"wrID\";s:3:\"136\";}')
 ,(137,137,'2015-08-27 15:19:41','O:30:\"ApprovePagePageWorkflowRequest\":8:{s:14:\"\0*\0wrStatusNum\";i:30;s:12:\"\0*\0currentWP\";N;s:6:\"\0*\0uID\";s:1:\"1\";s:5:\"error\";s:0:\"\";s:4:\"pkID\";s:2:\"13\";s:3:\"cID\";s:3:\"200\";s:4:\"cvID\";s:1:\"1\";s:4:\"wrID\";s:3:\"137\";}')
 ,(138,138,'2015-08-27 15:19:58','O:30:\"ApprovePagePageWorkflowRequest\":8:{s:14:\"\0*\0wrStatusNum\";i:30;s:12:\"\0*\0currentWP\";N;s:6:\"\0*\0uID\";s:1:\"1\";s:5:\"error\";s:0:\"\";s:4:\"pkID\";s:2:\"13\";s:3:\"cID\";s:3:\"201\";s:4:\"cvID\";s:1:\"1\";s:4:\"wrID\";s:3:\"138\";}')
 ,(139,139,'2015-08-27 15:20:25','O:30:\"ApprovePagePageWorkflowRequest\":8:{s:14:\"\0*\0wrStatusNum\";i:30;s:12:\"\0*\0currentWP\";N;s:6:\"\0*\0uID\";s:1:\"1\";s:5:\"error\";s:0:\"\";s:4:\"pkID\";s:2:\"13\";s:3:\"cID\";s:3:\"202\";s:4:\"cvID\";s:1:\"1\";s:4:\"wrID\";s:3:\"139\";}')
 ,(140,140,'2015-08-27 15:20:45','O:30:\"ApprovePagePageWorkflowRequest\":8:{s:14:\"\0*\0wrStatusNum\";i:30;s:12:\"\0*\0currentWP\";N;s:6:\"\0*\0uID\";s:1:\"1\";s:5:\"error\";s:0:\"\";s:4:\"pkID\";s:2:\"13\";s:3:\"cID\";s:3:\"203\";s:4:\"cvID\";s:1:\"1\";s:4:\"wrID\";s:3:\"140\";}')
 ,(141,141,'2015-08-27 15:21:35','O:30:\"ApprovePagePageWorkflowRequest\":8:{s:14:\"\0*\0wrStatusNum\";i:30;s:12:\"\0*\0currentWP\";N;s:6:\"\0*\0uID\";s:1:\"1\";s:5:\"error\";s:0:\"\";s:4:\"pkID\";s:2:\"13\";s:3:\"cID\";s:3:\"204\";s:4:\"cvID\";s:1:\"1\";s:4:\"wrID\";s:3:\"141\";}')
 ,(142,142,'2015-08-27 15:21:54','O:30:\"ApprovePagePageWorkflowRequest\":8:{s:14:\"\0*\0wrStatusNum\";i:30;s:12:\"\0*\0currentWP\";N;s:6:\"\0*\0uID\";s:1:\"1\";s:5:\"error\";s:0:\"\";s:4:\"pkID\";s:2:\"13\";s:3:\"cID\";s:3:\"205\";s:4:\"cvID\";s:1:\"1\";s:4:\"wrID\";s:3:\"142\";}')
 ,(143,143,'2015-08-27 15:22:32','O:30:\"ApprovePagePageWorkflowRequest\":8:{s:14:\"\0*\0wrStatusNum\";i:30;s:12:\"\0*\0currentWP\";N;s:6:\"\0*\0uID\";s:1:\"1\";s:5:\"error\";s:0:\"\";s:4:\"pkID\";s:2:\"13\";s:3:\"cID\";s:3:\"206\";s:4:\"cvID\";s:1:\"1\";s:4:\"wrID\";s:3:\"143\";}')
 ,(144,144,'2015-08-27 15:23:05','O:30:\"ApprovePagePageWorkflowRequest\":8:{s:14:\"\0*\0wrStatusNum\";i:30;s:12:\"\0*\0currentWP\";N;s:6:\"\0*\0uID\";s:1:\"1\";s:5:\"error\";s:0:\"\";s:4:\"pkID\";s:2:\"13\";s:3:\"cID\";s:3:\"206\";s:4:\"cvID\";s:1:\"2\";s:4:\"wrID\";s:3:\"144\";}')
 ,(145,145,'2015-08-27 15:23:44','O:30:\"ApprovePagePageWorkflowRequest\":8:{s:14:\"\0*\0wrStatusNum\";i:30;s:12:\"\0*\0currentWP\";N;s:6:\"\0*\0uID\";s:1:\"1\";s:5:\"error\";s:0:\"\";s:4:\"pkID\";s:2:\"13\";s:3:\"cID\";s:3:\"207\";s:4:\"cvID\";s:1:\"1\";s:4:\"wrID\";s:3:\"145\";}')
 ,(146,146,'2015-08-27 15:23:54','O:30:\"ApprovePagePageWorkflowRequest\":8:{s:14:\"\0*\0wrStatusNum\";i:30;s:12:\"\0*\0currentWP\";N;s:6:\"\0*\0uID\";s:1:\"1\";s:5:\"error\";s:0:\"\";s:4:\"pkID\";s:2:\"13\";s:3:\"cID\";s:3:\"208\";s:4:\"cvID\";s:1:\"1\";s:4:\"wrID\";s:3:\"146\";}')
 ,(147,147,'2015-08-27 15:24:11','O:30:\"ApprovePagePageWorkflowRequest\":8:{s:14:\"\0*\0wrStatusNum\";i:30;s:12:\"\0*\0currentWP\";N;s:6:\"\0*\0uID\";s:1:\"1\";s:5:\"error\";s:0:\"\";s:4:\"pkID\";s:2:\"13\";s:3:\"cID\";s:3:\"209\";s:4:\"cvID\";s:1:\"1\";s:4:\"wrID\";s:3:\"147\";}')
 ,(148,148,'2015-08-27 15:24:29','O:30:\"ApprovePagePageWorkflowRequest\":8:{s:14:\"\0*\0wrStatusNum\";i:30;s:12:\"\0*\0currentWP\";N;s:6:\"\0*\0uID\";s:1:\"1\";s:5:\"error\";s:0:\"\";s:4:\"pkID\";s:2:\"13\";s:3:\"cID\";s:3:\"210\";s:4:\"cvID\";s:1:\"1\";s:4:\"wrID\";s:3:\"148\";}')
 ,(149,149,'2015-08-27 15:24:48','O:30:\"ApprovePagePageWorkflowRequest\":8:{s:14:\"\0*\0wrStatusNum\";i:30;s:12:\"\0*\0currentWP\";N;s:6:\"\0*\0uID\";s:1:\"1\";s:5:\"error\";s:0:\"\";s:4:\"pkID\";s:2:\"13\";s:3:\"cID\";s:3:\"211\";s:4:\"cvID\";s:1:\"1\";s:4:\"wrID\";s:3:\"149\";}')
 ,(150,150,'2015-08-27 15:25:03','O:30:\"ApprovePagePageWorkflowRequest\":8:{s:14:\"\0*\0wrStatusNum\";i:30;s:12:\"\0*\0currentWP\";N;s:6:\"\0*\0uID\";s:1:\"1\";s:5:\"error\";s:0:\"\";s:4:\"pkID\";s:2:\"13\";s:3:\"cID\";s:3:\"211\";s:4:\"cvID\";s:1:\"2\";s:4:\"wrID\";s:3:\"150\";}')
 ,(151,151,'2015-08-27 15:25:22','O:30:\"ApprovePagePageWorkflowRequest\":8:{s:14:\"\0*\0wrStatusNum\";i:30;s:12:\"\0*\0currentWP\";N;s:6:\"\0*\0uID\";s:1:\"1\";s:5:\"error\";s:0:\"\";s:4:\"pkID\";s:2:\"13\";s:3:\"cID\";s:3:\"206\";s:4:\"cvID\";s:1:\"3\";s:4:\"wrID\";s:3:\"151\";}')
 ,(152,152,'2015-08-27 15:25:38','O:30:\"ApprovePagePageWorkflowRequest\":8:{s:14:\"\0*\0wrStatusNum\";i:30;s:12:\"\0*\0currentWP\";N;s:6:\"\0*\0uID\";s:1:\"1\";s:5:\"error\";s:0:\"\";s:4:\"pkID\";s:2:\"13\";s:3:\"cID\";s:3:\"206\";s:4:\"cvID\";s:1:\"4\";s:4:\"wrID\";s:3:\"152\";}')
 ,(153,153,'2015-08-27 15:26:15','O:30:\"ApprovePagePageWorkflowRequest\":8:{s:14:\"\0*\0wrStatusNum\";i:30;s:12:\"\0*\0currentWP\";N;s:6:\"\0*\0uID\";s:1:\"1\";s:5:\"error\";s:0:\"\";s:4:\"pkID\";s:2:\"13\";s:3:\"cID\";s:3:\"212\";s:4:\"cvID\";s:1:\"1\";s:4:\"wrID\";s:3:\"153\";}')
 ,(154,154,'2015-08-27 15:26:35','O:30:\"ApprovePagePageWorkflowRequest\":8:{s:14:\"\0*\0wrStatusNum\";i:30;s:12:\"\0*\0currentWP\";N;s:6:\"\0*\0uID\";s:1:\"1\";s:5:\"error\";s:0:\"\";s:4:\"pkID\";s:2:\"13\";s:3:\"cID\";s:3:\"212\";s:4:\"cvID\";s:1:\"2\";s:4:\"wrID\";s:3:\"154\";}')
 ,(155,155,'2015-08-27 15:26:50','O:30:\"ApprovePagePageWorkflowRequest\":8:{s:14:\"\0*\0wrStatusNum\";i:30;s:12:\"\0*\0currentWP\";N;s:6:\"\0*\0uID\";s:1:\"1\";s:5:\"error\";s:0:\"\";s:4:\"pkID\";s:2:\"13\";s:3:\"cID\";s:1:\"1\";s:4:\"cvID\";s:2:\"38\";s:4:\"wrID\";s:3:\"155\";}')
 ,(156,156,'2015-08-27 15:30:49','O:30:\"ApprovePagePageWorkflowRequest\":8:{s:14:\"\0*\0wrStatusNum\";i:30;s:12:\"\0*\0currentWP\";N;s:6:\"\0*\0uID\";s:1:\"1\";s:5:\"error\";s:0:\"\";s:4:\"pkID\";s:2:\"13\";s:3:\"cID\";s:1:\"1\";s:4:\"cvID\";s:2:\"39\";s:4:\"wrID\";s:3:\"156\";}')
 ,(157,157,'2015-08-27 15:32:30','O:30:\"ApprovePagePageWorkflowRequest\":8:{s:14:\"\0*\0wrStatusNum\";i:30;s:12:\"\0*\0currentWP\";N;s:6:\"\0*\0uID\";s:1:\"1\";s:5:\"error\";s:0:\"\";s:4:\"pkID\";s:2:\"13\";s:3:\"cID\";s:1:\"1\";s:4:\"cvID\";s:2:\"40\";s:4:\"wrID\";s:3:\"157\";}')
 ,(158,158,'2015-08-27 15:34:32','O:30:\"ApprovePagePageWorkflowRequest\":8:{s:14:\"\0*\0wrStatusNum\";i:30;s:12:\"\0*\0currentWP\";N;s:6:\"\0*\0uID\";s:1:\"1\";s:5:\"error\";s:0:\"\";s:4:\"pkID\";s:2:\"13\";s:3:\"cID\";s:1:\"1\";s:4:\"cvID\";s:2:\"41\";s:4:\"wrID\";s:3:\"158\";}')
 ,(159,159,'2015-08-27 15:35:49','O:30:\"ApprovePagePageWorkflowRequest\":8:{s:14:\"\0*\0wrStatusNum\";i:30;s:12:\"\0*\0currentWP\";N;s:6:\"\0*\0uID\";s:1:\"1\";s:5:\"error\";s:0:\"\";s:4:\"pkID\";s:2:\"13\";s:3:\"cID\";s:1:\"1\";s:4:\"cvID\";s:2:\"42\";s:4:\"wrID\";s:3:\"159\";}')
 ,(160,160,'2015-08-27 15:37:54','O:30:\"ApprovePagePageWorkflowRequest\":8:{s:14:\"\0*\0wrStatusNum\";i:30;s:12:\"\0*\0currentWP\";N;s:6:\"\0*\0uID\";s:1:\"1\";s:5:\"error\";s:0:\"\";s:4:\"pkID\";s:2:\"13\";s:3:\"cID\";s:1:\"1\";s:4:\"cvID\";s:2:\"43\";s:4:\"wrID\";s:3:\"160\";}')
 ,(161,161,'2015-08-27 16:17:50','O:30:\"ApprovePagePageWorkflowRequest\":8:{s:14:\"\0*\0wrStatusNum\";i:30;s:12:\"\0*\0currentWP\";N;s:6:\"\0*\0uID\";s:1:\"1\";s:5:\"error\";s:0:\"\";s:4:\"pkID\";s:2:\"13\";s:3:\"cID\";s:1:\"1\";s:4:\"cvID\";s:2:\"44\";s:4:\"wrID\";s:3:\"161\";}')
 ,(162,162,'2015-08-27 16:27:01','O:30:\"ApprovePagePageWorkflowRequest\":8:{s:14:\"\0*\0wrStatusNum\";i:30;s:12:\"\0*\0currentWP\";N;s:6:\"\0*\0uID\";s:1:\"1\";s:5:\"error\";s:0:\"\";s:4:\"pkID\";s:2:\"13\";s:3:\"cID\";s:1:\"1\";s:4:\"cvID\";s:2:\"45\";s:4:\"wrID\";s:3:\"162\";}')
 ,(163,163,'2015-08-27 16:33:13','O:30:\"ApprovePagePageWorkflowRequest\":8:{s:14:\"\0*\0wrStatusNum\";i:30;s:12:\"\0*\0currentWP\";N;s:6:\"\0*\0uID\";s:1:\"1\";s:5:\"error\";s:0:\"\";s:4:\"pkID\";s:2:\"13\";s:3:\"cID\";s:1:\"1\";s:4:\"cvID\";s:2:\"46\";s:4:\"wrID\";s:3:\"163\";}')
 ,(164,164,'2015-08-27 19:53:18','O:30:\"ApprovePagePageWorkflowRequest\":8:{s:14:\"\0*\0wrStatusNum\";i:30;s:12:\"\0*\0currentWP\";N;s:6:\"\0*\0uID\";s:1:\"1\";s:5:\"error\";s:0:\"\";s:4:\"pkID\";s:2:\"13\";s:3:\"cID\";s:1:\"1\";s:4:\"cvID\";s:2:\"47\";s:4:\"wrID\";s:3:\"164\";}')
 ,(165,165,'2015-08-27 19:56:33','O:30:\"ApprovePagePageWorkflowRequest\":8:{s:14:\"\0*\0wrStatusNum\";i:30;s:12:\"\0*\0currentWP\";N;s:6:\"\0*\0uID\";s:1:\"1\";s:5:\"error\";s:0:\"\";s:4:\"pkID\";s:2:\"13\";s:3:\"cID\";s:3:\"220\";s:4:\"cvID\";s:1:\"1\";s:4:\"wrID\";s:3:\"165\";}')
 ,(166,166,'2015-08-27 19:56:55','O:30:\"ApprovePagePageWorkflowRequest\":8:{s:14:\"\0*\0wrStatusNum\";i:30;s:12:\"\0*\0currentWP\";N;s:6:\"\0*\0uID\";s:1:\"1\";s:5:\"error\";s:0:\"\";s:4:\"pkID\";s:2:\"13\";s:3:\"cID\";s:3:\"220\";s:4:\"cvID\";s:1:\"2\";s:4:\"wrID\";s:3:\"166\";}')
 ,(167,167,'2015-08-27 19:57:22','O:30:\"ApprovePagePageWorkflowRequest\":8:{s:14:\"\0*\0wrStatusNum\";i:30;s:12:\"\0*\0currentWP\";N;s:6:\"\0*\0uID\";s:1:\"1\";s:5:\"error\";s:0:\"\";s:4:\"pkID\";s:2:\"13\";s:3:\"cID\";s:3:\"221\";s:4:\"cvID\";s:1:\"1\";s:4:\"wrID\";s:3:\"167\";}')
 ,(168,168,'2015-08-27 20:01:08','O:30:\"ApprovePagePageWorkflowRequest\":8:{s:14:\"\0*\0wrStatusNum\";i:30;s:12:\"\0*\0currentWP\";N;s:6:\"\0*\0uID\";s:1:\"1\";s:5:\"error\";s:0:\"\";s:4:\"pkID\";s:2:\"13\";s:3:\"cID\";s:3:\"221\";s:4:\"cvID\";s:1:\"2\";s:4:\"wrID\";s:3:\"168\";}')
 ,(169,169,'2015-08-27 20:03:25','O:30:\"ApprovePagePageWorkflowRequest\":8:{s:14:\"\0*\0wrStatusNum\";i:30;s:12:\"\0*\0currentWP\";N;s:6:\"\0*\0uID\";s:1:\"1\";s:5:\"error\";s:0:\"\";s:4:\"pkID\";s:2:\"13\";s:3:\"cID\";s:3:\"221\";s:4:\"cvID\";s:1:\"3\";s:4:\"wrID\";s:3:\"169\";}')
 ,(170,170,'2015-08-27 20:04:46','O:30:\"ApprovePagePageWorkflowRequest\":8:{s:14:\"\0*\0wrStatusNum\";i:30;s:12:\"\0*\0currentWP\";N;s:6:\"\0*\0uID\";s:1:\"1\";s:5:\"error\";s:0:\"\";s:4:\"pkID\";s:2:\"13\";s:3:\"cID\";s:3:\"221\";s:4:\"cvID\";s:1:\"4\";s:4:\"wrID\";s:3:\"170\";}')
 ,(171,171,'2015-08-27 20:05:50','O:30:\"ApprovePagePageWorkflowRequest\":8:{s:14:\"\0*\0wrStatusNum\";i:30;s:12:\"\0*\0currentWP\";N;s:6:\"\0*\0uID\";s:1:\"1\";s:5:\"error\";s:0:\"\";s:4:\"pkID\";s:2:\"13\";s:3:\"cID\";s:3:\"221\";s:4:\"cvID\";s:1:\"5\";s:4:\"wrID\";s:3:\"171\";}')
 ,(172,172,'2015-08-27 20:15:08','O:30:\"ApprovePagePageWorkflowRequest\":8:{s:14:\"\0*\0wrStatusNum\";i:30;s:12:\"\0*\0currentWP\";N;s:6:\"\0*\0uID\";s:1:\"1\";s:5:\"error\";s:0:\"\";s:4:\"pkID\";s:2:\"13\";s:3:\"cID\";s:1:\"1\";s:4:\"cvID\";s:2:\"48\";s:4:\"wrID\";s:3:\"172\";}')
 ,(173,173,'2015-08-27 20:16:04','O:30:\"ApprovePagePageWorkflowRequest\":8:{s:14:\"\0*\0wrStatusNum\";i:30;s:12:\"\0*\0currentWP\";N;s:6:\"\0*\0uID\";s:1:\"1\";s:5:\"error\";s:0:\"\";s:4:\"pkID\";s:2:\"13\";s:3:\"cID\";s:1:\"1\";s:4:\"cvID\";s:2:\"49\";s:4:\"wrID\";s:3:\"173\";}')
 ,(174,174,'2015-08-27 20:32:13','O:30:\"ApprovePagePageWorkflowRequest\":8:{s:14:\"\0*\0wrStatusNum\";i:30;s:12:\"\0*\0currentWP\";N;s:6:\"\0*\0uID\";s:1:\"1\";s:5:\"error\";s:0:\"\";s:4:\"pkID\";s:2:\"13\";s:3:\"cID\";s:1:\"1\";s:4:\"cvID\";s:2:\"50\";s:4:\"wrID\";s:3:\"174\";}')
 ,(175,175,'2015-08-27 20:35:43','O:30:\"ApprovePagePageWorkflowRequest\":8:{s:14:\"\0*\0wrStatusNum\";i:30;s:12:\"\0*\0currentWP\";N;s:6:\"\0*\0uID\";s:1:\"1\";s:5:\"error\";s:0:\"\";s:4:\"pkID\";s:2:\"13\";s:3:\"cID\";s:1:\"1\";s:4:\"cvID\";s:2:\"51\";s:4:\"wrID\";s:3:\"175\";}')
 ,(176,176,'2015-08-27 20:36:03','O:30:\"ApprovePagePageWorkflowRequest\":8:{s:14:\"\0*\0wrStatusNum\";i:30;s:12:\"\0*\0currentWP\";N;s:6:\"\0*\0uID\";s:1:\"1\";s:5:\"error\";s:0:\"\";s:4:\"pkID\";s:2:\"13\";s:3:\"cID\";s:1:\"1\";s:4:\"cvID\";s:2:\"52\";s:4:\"wrID\";s:3:\"176\";}')
 ,(177,177,'2015-08-27 20:36:44','O:30:\"ApprovePagePageWorkflowRequest\":8:{s:14:\"\0*\0wrStatusNum\";i:30;s:12:\"\0*\0currentWP\";N;s:6:\"\0*\0uID\";s:1:\"1\";s:5:\"error\";s:0:\"\";s:4:\"pkID\";s:2:\"13\";s:3:\"cID\";s:1:\"1\";s:4:\"cvID\";s:2:\"53\";s:4:\"wrID\";s:3:\"177\";}')
 ,(178,178,'2015-08-27 20:37:10','O:30:\"ApprovePagePageWorkflowRequest\":8:{s:14:\"\0*\0wrStatusNum\";i:30;s:12:\"\0*\0currentWP\";N;s:6:\"\0*\0uID\";s:1:\"1\";s:5:\"error\";s:0:\"\";s:4:\"pkID\";s:2:\"13\";s:3:\"cID\";s:1:\"1\";s:4:\"cvID\";s:2:\"54\";s:4:\"wrID\";s:3:\"178\";}')
 ,(179,179,'2015-08-27 20:38:16','O:30:\"ApprovePagePageWorkflowRequest\":8:{s:14:\"\0*\0wrStatusNum\";i:30;s:12:\"\0*\0currentWP\";N;s:6:\"\0*\0uID\";s:1:\"1\";s:5:\"error\";s:0:\"\";s:4:\"pkID\";s:2:\"13\";s:3:\"cID\";s:1:\"1\";s:4:\"cvID\";s:2:\"55\";s:4:\"wrID\";s:3:\"179\";}')
 ,(180,180,'2015-08-27 23:43:29','O:30:\"ApprovePagePageWorkflowRequest\":8:{s:14:\"\0*\0wrStatusNum\";i:30;s:12:\"\0*\0currentWP\";N;s:6:\"\0*\0uID\";s:1:\"1\";s:5:\"error\";s:0:\"\";s:4:\"pkID\";s:2:\"13\";s:3:\"cID\";s:1:\"1\";s:4:\"cvID\";s:2:\"56\";s:4:\"wrID\";s:3:\"180\";}')
 ,(181,181,'2015-08-27 23:44:15','O:30:\"ApprovePagePageWorkflowRequest\":8:{s:14:\"\0*\0wrStatusNum\";i:30;s:12:\"\0*\0currentWP\";N;s:6:\"\0*\0uID\";s:1:\"1\";s:5:\"error\";s:0:\"\";s:4:\"pkID\";s:2:\"13\";s:3:\"cID\";s:1:\"1\";s:4:\"cvID\";s:2:\"57\";s:4:\"wrID\";s:3:\"181\";}')
 ,(182,182,'2015-08-27 23:44:41','O:30:\"ApprovePagePageWorkflowRequest\":8:{s:14:\"\0*\0wrStatusNum\";i:30;s:12:\"\0*\0currentWP\";N;s:6:\"\0*\0uID\";s:1:\"1\";s:5:\"error\";s:0:\"\";s:4:\"pkID\";s:2:\"13\";s:3:\"cID\";s:1:\"1\";s:4:\"cvID\";s:2:\"58\";s:4:\"wrID\";s:3:\"182\";}')
 ,(183,183,'2015-08-27 23:51:20','O:30:\"ApprovePagePageWorkflowRequest\":8:{s:14:\"\0*\0wrStatusNum\";i:30;s:12:\"\0*\0currentWP\";N;s:6:\"\0*\0uID\";s:1:\"1\";s:5:\"error\";s:0:\"\";s:4:\"pkID\";s:2:\"13\";s:3:\"cID\";s:3:\"164\";s:4:\"cvID\";s:1:\"2\";s:4:\"wrID\";s:3:\"183\";}')
 ,(184,184,'2015-08-27 23:52:55','O:30:\"ApprovePagePageWorkflowRequest\":8:{s:14:\"\0*\0wrStatusNum\";i:30;s:12:\"\0*\0currentWP\";N;s:6:\"\0*\0uID\";s:1:\"1\";s:5:\"error\";s:0:\"\";s:4:\"pkID\";s:2:\"13\";s:3:\"cID\";s:3:\"164\";s:4:\"cvID\";s:1:\"3\";s:4:\"wrID\";s:3:\"184\";}')
 ,(185,185,'2015-08-27 23:54:46','O:30:\"ApprovePagePageWorkflowRequest\":8:{s:14:\"\0*\0wrStatusNum\";i:30;s:12:\"\0*\0currentWP\";N;s:6:\"\0*\0uID\";s:1:\"1\";s:5:\"error\";s:0:\"\";s:4:\"pkID\";s:2:\"13\";s:3:\"cID\";s:3:\"164\";s:4:\"cvID\";s:1:\"4\";s:4:\"wrID\";s:3:\"185\";}')
 ,(186,186,'2015-08-27 23:57:21','O:30:\"ApprovePagePageWorkflowRequest\":8:{s:14:\"\0*\0wrStatusNum\";i:30;s:12:\"\0*\0currentWP\";N;s:6:\"\0*\0uID\";s:1:\"1\";s:5:\"error\";s:0:\"\";s:4:\"pkID\";s:2:\"13\";s:3:\"cID\";s:3:\"164\";s:4:\"cvID\";s:1:\"5\";s:4:\"wrID\";s:3:\"186\";}')
 ,(187,187,'2015-08-27 23:59:15','O:30:\"ApprovePagePageWorkflowRequest\":8:{s:14:\"\0*\0wrStatusNum\";i:30;s:12:\"\0*\0currentWP\";N;s:6:\"\0*\0uID\";s:1:\"1\";s:5:\"error\";s:0:\"\";s:4:\"pkID\";s:2:\"13\";s:3:\"cID\";s:3:\"164\";s:4:\"cvID\";s:1:\"6\";s:4:\"wrID\";s:3:\"187\";}')
 ,(188,188,'2015-08-28 00:01:57','O:30:\"ApprovePagePageWorkflowRequest\":8:{s:14:\"\0*\0wrStatusNum\";i:30;s:12:\"\0*\0currentWP\";N;s:6:\"\0*\0uID\";s:1:\"1\";s:5:\"error\";s:0:\"\";s:4:\"pkID\";s:2:\"13\";s:3:\"cID\";s:3:\"164\";s:4:\"cvID\";s:1:\"7\";s:4:\"wrID\";s:3:\"188\";}')
 ,(189,189,'2015-08-28 00:02:44','O:30:\"ApprovePagePageWorkflowRequest\":8:{s:14:\"\0*\0wrStatusNum\";i:30;s:12:\"\0*\0currentWP\";N;s:6:\"\0*\0uID\";s:1:\"1\";s:5:\"error\";s:0:\"\";s:4:\"pkID\";s:2:\"13\";s:3:\"cID\";s:3:\"164\";s:4:\"cvID\";s:1:\"8\";s:4:\"wrID\";s:3:\"189\";}')
 ,(190,190,'2015-08-28 00:03:42','O:30:\"ApprovePagePageWorkflowRequest\":8:{s:14:\"\0*\0wrStatusNum\";i:30;s:12:\"\0*\0currentWP\";N;s:6:\"\0*\0uID\";s:1:\"1\";s:5:\"error\";s:0:\"\";s:4:\"pkID\";s:2:\"13\";s:3:\"cID\";s:3:\"164\";s:4:\"cvID\";s:1:\"9\";s:4:\"wrID\";s:3:\"190\";}')
 ,(191,191,'2015-08-28 00:04:29','O:30:\"ApprovePagePageWorkflowRequest\":8:{s:14:\"\0*\0wrStatusNum\";i:30;s:12:\"\0*\0currentWP\";N;s:6:\"\0*\0uID\";s:1:\"1\";s:5:\"error\";s:0:\"\";s:4:\"pkID\";s:2:\"13\";s:3:\"cID\";s:3:\"164\";s:4:\"cvID\";s:2:\"10\";s:4:\"wrID\";s:3:\"191\";}')
 ,(192,192,'2015-08-28 00:05:19','O:30:\"ApprovePagePageWorkflowRequest\":8:{s:14:\"\0*\0wrStatusNum\";i:30;s:12:\"\0*\0currentWP\";N;s:6:\"\0*\0uID\";s:1:\"1\";s:5:\"error\";s:0:\"\";s:4:\"pkID\";s:2:\"13\";s:3:\"cID\";s:3:\"164\";s:4:\"cvID\";s:2:\"11\";s:4:\"wrID\";s:3:\"192\";}')
 ,(193,193,'2015-08-28 00:06:36','O:30:\"ApprovePagePageWorkflowRequest\":8:{s:14:\"\0*\0wrStatusNum\";i:30;s:12:\"\0*\0currentWP\";N;s:6:\"\0*\0uID\";s:1:\"1\";s:5:\"error\";s:0:\"\";s:4:\"pkID\";s:2:\"13\";s:3:\"cID\";s:3:\"164\";s:4:\"cvID\";s:2:\"12\";s:4:\"wrID\";s:3:\"193\";}')
 ,(194,194,'2015-08-28 08:10:53','O:30:\"ApprovePagePageWorkflowRequest\":8:{s:14:\"\0*\0wrStatusNum\";i:30;s:12:\"\0*\0currentWP\";N;s:6:\"\0*\0uID\";s:1:\"1\";s:5:\"error\";s:0:\"\";s:4:\"pkID\";s:2:\"13\";s:3:\"cID\";s:1:\"1\";s:4:\"cvID\";s:2:\"59\";s:4:\"wrID\";s:3:\"194\";}')
 ,(195,195,'2015-08-28 08:11:33','O:30:\"ApprovePagePageWorkflowRequest\":8:{s:14:\"\0*\0wrStatusNum\";i:30;s:12:\"\0*\0currentWP\";N;s:6:\"\0*\0uID\";s:1:\"1\";s:5:\"error\";s:0:\"\";s:4:\"pkID\";s:2:\"13\";s:3:\"cID\";s:1:\"1\";s:4:\"cvID\";s:2:\"60\";s:4:\"wrID\";s:3:\"195\";}')
 ,(196,196,'2015-08-28 08:12:16','O:30:\"ApprovePagePageWorkflowRequest\":8:{s:14:\"\0*\0wrStatusNum\";i:30;s:12:\"\0*\0currentWP\";N;s:6:\"\0*\0uID\";s:1:\"1\";s:5:\"error\";s:0:\"\";s:4:\"pkID\";s:2:\"13\";s:3:\"cID\";s:1:\"1\";s:4:\"cvID\";s:2:\"61\";s:4:\"wrID\";s:3:\"196\";}')
 ,(197,197,'2015-08-28 10:09:42','O:30:\"ApprovePagePageWorkflowRequest\":8:{s:14:\"\0*\0wrStatusNum\";i:30;s:12:\"\0*\0currentWP\";N;s:6:\"\0*\0uID\";s:1:\"1\";s:5:\"error\";s:0:\"\";s:4:\"pkID\";s:2:\"13\";s:3:\"cID\";s:3:\"225\";s:4:\"cvID\";s:1:\"1\";s:4:\"wrID\";s:3:\"197\";}')
 ,(198,198,'2015-08-28 10:24:09','O:30:\"ApprovePagePageWorkflowRequest\":8:{s:14:\"\0*\0wrStatusNum\";i:30;s:12:\"\0*\0currentWP\";N;s:6:\"\0*\0uID\";s:1:\"1\";s:5:\"error\";s:0:\"\";s:4:\"pkID\";s:2:\"13\";s:3:\"cID\";s:3:\"225\";s:4:\"cvID\";s:1:\"2\";s:4:\"wrID\";s:3:\"198\";}')
 ,(199,199,'2015-08-28 10:38:16','O:30:\"ApprovePagePageWorkflowRequest\":8:{s:14:\"\0*\0wrStatusNum\";i:30;s:12:\"\0*\0currentWP\";N;s:6:\"\0*\0uID\";s:1:\"1\";s:5:\"error\";s:0:\"\";s:4:\"pkID\";s:2:\"13\";s:3:\"cID\";s:3:\"225\";s:4:\"cvID\";s:1:\"3\";s:4:\"wrID\";s:3:\"199\";}')
 ,(200,200,'2015-08-28 10:40:45','O:30:\"ApprovePagePageWorkflowRequest\":8:{s:14:\"\0*\0wrStatusNum\";i:30;s:12:\"\0*\0currentWP\";N;s:6:\"\0*\0uID\";s:1:\"1\";s:5:\"error\";s:0:\"\";s:4:\"pkID\";s:2:\"13\";s:3:\"cID\";s:3:\"225\";s:4:\"cvID\";s:1:\"4\";s:4:\"wrID\";s:3:\"200\";}')
 ,(201,201,'2015-08-28 10:42:41','O:30:\"ApprovePagePageWorkflowRequest\":8:{s:14:\"\0*\0wrStatusNum\";i:30;s:12:\"\0*\0currentWP\";N;s:6:\"\0*\0uID\";s:1:\"1\";s:5:\"error\";s:0:\"\";s:4:\"pkID\";s:2:\"13\";s:3:\"cID\";s:3:\"226\";s:4:\"cvID\";s:1:\"1\";s:4:\"wrID\";s:3:\"201\";}')
 ,(202,202,'2015-08-28 10:43:00','O:30:\"ApprovePagePageWorkflowRequest\":8:{s:14:\"\0*\0wrStatusNum\";i:30;s:12:\"\0*\0currentWP\";N;s:6:\"\0*\0uID\";s:1:\"1\";s:5:\"error\";s:0:\"\";s:4:\"pkID\";s:2:\"13\";s:3:\"cID\";s:3:\"226\";s:4:\"cvID\";s:1:\"2\";s:4:\"wrID\";s:3:\"202\";}')
 ,(203,203,'2015-08-28 10:43:30','O:30:\"ApprovePagePageWorkflowRequest\":8:{s:14:\"\0*\0wrStatusNum\";i:30;s:12:\"\0*\0currentWP\";N;s:6:\"\0*\0uID\";s:1:\"1\";s:5:\"error\";s:0:\"\";s:4:\"pkID\";s:2:\"13\";s:3:\"cID\";s:3:\"227\";s:4:\"cvID\";s:1:\"1\";s:4:\"wrID\";s:3:\"203\";}')
 ,(204,204,'2015-08-28 10:48:05','O:30:\"ApprovePagePageWorkflowRequest\":8:{s:14:\"\0*\0wrStatusNum\";i:30;s:12:\"\0*\0currentWP\";N;s:6:\"\0*\0uID\";s:1:\"1\";s:5:\"error\";s:0:\"\";s:4:\"pkID\";s:2:\"13\";s:3:\"cID\";s:3:\"226\";s:4:\"cvID\";s:1:\"3\";s:4:\"wrID\";s:3:\"204\";}')
 ,(205,205,'2015-08-28 11:16:44','O:30:\"ApprovePagePageWorkflowRequest\":8:{s:14:\"\0*\0wrStatusNum\";i:30;s:12:\"\0*\0currentWP\";N;s:6:\"\0*\0uID\";s:1:\"1\";s:5:\"error\";s:0:\"\";s:4:\"pkID\";s:2:\"13\";s:3:\"cID\";s:1:\"1\";s:4:\"cvID\";s:2:\"62\";s:4:\"wrID\";s:3:\"205\";}')
 ,(206,206,'2015-08-28 11:22:43','O:30:\"ApprovePagePageWorkflowRequest\":8:{s:14:\"\0*\0wrStatusNum\";i:30;s:12:\"\0*\0currentWP\";N;s:6:\"\0*\0uID\";s:1:\"1\";s:5:\"error\";s:0:\"\";s:4:\"pkID\";s:2:\"13\";s:3:\"cID\";s:1:\"1\";s:4:\"cvID\";s:2:\"64\";s:4:\"wrID\";s:3:\"206\";}')
 ,(207,207,'2015-08-28 11:35:07','O:30:\"ApprovePagePageWorkflowRequest\":8:{s:14:\"\0*\0wrStatusNum\";i:30;s:12:\"\0*\0currentWP\";N;s:6:\"\0*\0uID\";s:1:\"1\";s:5:\"error\";s:0:\"\";s:4:\"pkID\";s:2:\"13\";s:3:\"cID\";s:1:\"1\";s:4:\"cvID\";s:2:\"65\";s:4:\"wrID\";s:3:\"207\";}')
 ,(208,208,'2015-08-29 11:35:21','O:30:\"ApprovePagePageWorkflowRequest\":8:{s:14:\"\0*\0wrStatusNum\";i:30;s:12:\"\0*\0currentWP\";N;s:6:\"\0*\0uID\";s:1:\"2\";s:5:\"error\";s:0:\"\";s:4:\"pkID\";s:2:\"13\";s:3:\"cID\";s:3:\"172\";s:4:\"cvID\";s:1:\"2\";s:4:\"wrID\";s:3:\"208\";}')
 ,(209,209,'2015-08-29 17:26:35','O:30:\"ApprovePagePageWorkflowRequest\":8:{s:14:\"\0*\0wrStatusNum\";i:30;s:12:\"\0*\0currentWP\";N;s:6:\"\0*\0uID\";s:1:\"1\";s:5:\"error\";s:0:\"\";s:4:\"pkID\";s:2:\"13\";s:3:\"cID\";s:1:\"1\";s:4:\"cvID\";s:2:\"66\";s:4:\"wrID\";s:3:\"209\";}')
 ,(210,210,'2015-08-31 10:45:20','O:30:\"ApprovePagePageWorkflowRequest\":8:{s:14:\"\0*\0wrStatusNum\";i:30;s:12:\"\0*\0currentWP\";N;s:6:\"\0*\0uID\";s:1:\"1\";s:5:\"error\";s:0:\"\";s:4:\"pkID\";s:2:\"13\";s:3:\"cID\";s:1:\"1\";s:4:\"cvID\";s:2:\"67\";s:4:\"wrID\";s:3:\"210\";}')
 ,(211,211,'2015-08-31 10:46:16','O:30:\"ApprovePagePageWorkflowRequest\":8:{s:14:\"\0*\0wrStatusNum\";i:30;s:12:\"\0*\0currentWP\";N;s:6:\"\0*\0uID\";s:1:\"1\";s:5:\"error\";s:0:\"\";s:4:\"pkID\";s:2:\"13\";s:3:\"cID\";s:1:\"1\";s:4:\"cvID\";s:2:\"68\";s:4:\"wrID\";s:3:\"211\";}')
 ,(212,212,'2015-08-31 10:51:36','O:30:\"ApprovePagePageWorkflowRequest\":8:{s:14:\"\0*\0wrStatusNum\";i:30;s:12:\"\0*\0currentWP\";N;s:6:\"\0*\0uID\";s:1:\"1\";s:5:\"error\";s:0:\"\";s:4:\"pkID\";s:2:\"13\";s:3:\"cID\";s:1:\"1\";s:4:\"cvID\";s:2:\"69\";s:4:\"wrID\";s:3:\"212\";}')
 ,(213,213,'2015-08-31 10:53:50','O:30:\"ApprovePagePageWorkflowRequest\":8:{s:14:\"\0*\0wrStatusNum\";i:30;s:12:\"\0*\0currentWP\";N;s:6:\"\0*\0uID\";s:1:\"1\";s:5:\"error\";s:0:\"\";s:4:\"pkID\";s:2:\"13\";s:3:\"cID\";s:1:\"1\";s:4:\"cvID\";s:2:\"70\";s:4:\"wrID\";s:3:\"213\";}')
 ,(214,214,'2015-08-31 10:57:14','O:30:\"ApprovePagePageWorkflowRequest\":8:{s:14:\"\0*\0wrStatusNum\";i:30;s:12:\"\0*\0currentWP\";N;s:6:\"\0*\0uID\";s:1:\"1\";s:5:\"error\";s:0:\"\";s:4:\"pkID\";s:2:\"13\";s:3:\"cID\";s:1:\"1\";s:4:\"cvID\";s:2:\"71\";s:4:\"wrID\";s:3:\"214\";}')
 ,(215,215,'2015-08-31 10:58:20','O:30:\"ApprovePagePageWorkflowRequest\":8:{s:14:\"\0*\0wrStatusNum\";i:30;s:12:\"\0*\0currentWP\";N;s:6:\"\0*\0uID\";s:1:\"1\";s:5:\"error\";s:0:\"\";s:4:\"pkID\";s:2:\"13\";s:3:\"cID\";s:1:\"1\";s:4:\"cvID\";s:2:\"72\";s:4:\"wrID\";s:3:\"215\";}')
 ,(216,216,'2015-08-31 11:04:38','O:30:\"ApprovePagePageWorkflowRequest\":8:{s:14:\"\0*\0wrStatusNum\";i:30;s:12:\"\0*\0currentWP\";N;s:6:\"\0*\0uID\";s:1:\"1\";s:5:\"error\";s:0:\"\";s:4:\"pkID\";s:2:\"13\";s:3:\"cID\";s:1:\"1\";s:4:\"cvID\";s:2:\"73\";s:4:\"wrID\";s:3:\"216\";}')
 ,(217,217,'2015-08-31 11:05:40','O:30:\"ApprovePagePageWorkflowRequest\":8:{s:14:\"\0*\0wrStatusNum\";i:30;s:12:\"\0*\0currentWP\";N;s:6:\"\0*\0uID\";s:1:\"1\";s:5:\"error\";s:0:\"\";s:4:\"pkID\";s:2:\"13\";s:3:\"cID\";s:1:\"1\";s:4:\"cvID\";s:2:\"74\";s:4:\"wrID\";s:3:\"217\";}')
 ,(218,218,'2015-08-31 11:28:32','O:30:\"ApprovePagePageWorkflowRequest\":8:{s:14:\"\0*\0wrStatusNum\";i:30;s:12:\"\0*\0currentWP\";N;s:6:\"\0*\0uID\";s:1:\"1\";s:5:\"error\";s:0:\"\";s:4:\"pkID\";s:2:\"13\";s:3:\"cID\";s:3:\"228\";s:4:\"cvID\";s:1:\"1\";s:4:\"wrID\";s:3:\"218\";}')
 ,(219,219,'2015-08-31 11:29:13','O:30:\"ApprovePagePageWorkflowRequest\":8:{s:14:\"\0*\0wrStatusNum\";i:30;s:12:\"\0*\0currentWP\";N;s:6:\"\0*\0uID\";s:1:\"1\";s:5:\"error\";s:0:\"\";s:4:\"pkID\";s:2:\"13\";s:3:\"cID\";s:3:\"228\";s:4:\"cvID\";s:1:\"2\";s:4:\"wrID\";s:3:\"219\";}')
 ,(220,220,'2015-08-31 11:31:29','O:30:\"ApprovePagePageWorkflowRequest\":8:{s:14:\"\0*\0wrStatusNum\";i:30;s:12:\"\0*\0currentWP\";N;s:6:\"\0*\0uID\";s:1:\"1\";s:5:\"error\";s:0:\"\";s:4:\"pkID\";s:2:\"13\";s:3:\"cID\";s:1:\"1\";s:4:\"cvID\";s:2:\"75\";s:4:\"wrID\";s:3:\"220\";}')
 ,(221,221,'2015-08-31 11:32:48','O:30:\"ApprovePagePageWorkflowRequest\":8:{s:14:\"\0*\0wrStatusNum\";i:30;s:12:\"\0*\0currentWP\";N;s:6:\"\0*\0uID\";s:1:\"1\";s:5:\"error\";s:0:\"\";s:4:\"pkID\";s:2:\"13\";s:3:\"cID\";s:3:\"171\";s:4:\"cvID\";s:1:\"2\";s:4:\"wrID\";s:3:\"221\";}')
 ,(222,222,'2015-08-31 11:43:49','O:30:\"ApprovePagePageWorkflowRequest\":8:{s:14:\"\0*\0wrStatusNum\";i:30;s:12:\"\0*\0currentWP\";N;s:6:\"\0*\0uID\";s:1:\"1\";s:5:\"error\";s:0:\"\";s:4:\"pkID\";s:2:\"13\";s:3:\"cID\";s:1:\"1\";s:4:\"cvID\";s:2:\"76\";s:4:\"wrID\";s:3:\"222\";}')
 ,(223,223,'2015-08-31 11:44:56','O:30:\"ApprovePagePageWorkflowRequest\":8:{s:14:\"\0*\0wrStatusNum\";i:30;s:12:\"\0*\0currentWP\";N;s:6:\"\0*\0uID\";s:1:\"1\";s:5:\"error\";s:0:\"\";s:4:\"pkID\";s:2:\"13\";s:3:\"cID\";s:1:\"1\";s:4:\"cvID\";s:2:\"77\";s:4:\"wrID\";s:3:\"223\";}')
 ,(224,224,'2015-08-31 11:46:39','O:30:\"ApprovePagePageWorkflowRequest\":8:{s:14:\"\0*\0wrStatusNum\";i:30;s:12:\"\0*\0currentWP\";N;s:6:\"\0*\0uID\";s:1:\"1\";s:5:\"error\";s:0:\"\";s:4:\"pkID\";s:2:\"13\";s:3:\"cID\";s:3:\"229\";s:4:\"cvID\";s:1:\"1\";s:4:\"wrID\";s:3:\"224\";}')
 ,(225,225,'2015-08-31 11:46:53','O:30:\"ApprovePagePageWorkflowRequest\":8:{s:14:\"\0*\0wrStatusNum\";i:30;s:12:\"\0*\0currentWP\";N;s:6:\"\0*\0uID\";s:1:\"1\";s:5:\"error\";s:0:\"\";s:4:\"pkID\";s:2:\"13\";s:3:\"cID\";s:3:\"229\";s:4:\"cvID\";s:1:\"2\";s:4:\"wrID\";s:3:\"225\";}')
 ,(226,226,'2015-08-31 13:05:51','O:30:\"ApprovePagePageWorkflowRequest\":8:{s:14:\"\0*\0wrStatusNum\";i:30;s:12:\"\0*\0currentWP\";N;s:6:\"\0*\0uID\";s:1:\"1\";s:5:\"error\";s:0:\"\";s:4:\"pkID\";s:2:\"13\";s:3:\"cID\";s:1:\"1\";s:4:\"cvID\";s:2:\"78\";s:4:\"wrID\";s:3:\"226\";}')
 ,(227,227,'2015-08-31 13:21:49','O:30:\"ApprovePagePageWorkflowRequest\":8:{s:14:\"\0*\0wrStatusNum\";i:30;s:12:\"\0*\0currentWP\";N;s:6:\"\0*\0uID\";s:1:\"1\";s:5:\"error\";s:0:\"\";s:4:\"pkID\";s:2:\"13\";s:3:\"cID\";s:1:\"1\";s:4:\"cvID\";s:2:\"79\";s:4:\"wrID\";s:3:\"227\";}')
 ,(228,228,'2015-08-31 13:32:09','O:30:\"ApprovePagePageWorkflowRequest\":8:{s:14:\"\0*\0wrStatusNum\";i:30;s:12:\"\0*\0currentWP\";N;s:6:\"\0*\0uID\";s:1:\"1\";s:5:\"error\";s:0:\"\";s:4:\"pkID\";s:2:\"13\";s:3:\"cID\";s:3:\"201\";s:4:\"cvID\";s:1:\"2\";s:4:\"wrID\";s:3:\"228\";}')
 ,(229,229,'2015-08-31 13:33:31','O:30:\"ApprovePagePageWorkflowRequest\":8:{s:14:\"\0*\0wrStatusNum\";i:30;s:12:\"\0*\0currentWP\";N;s:6:\"\0*\0uID\";s:1:\"1\";s:5:\"error\";s:0:\"\";s:4:\"pkID\";s:2:\"13\";s:3:\"cID\";s:1:\"1\";s:4:\"cvID\";s:2:\"80\";s:4:\"wrID\";s:3:\"229\";}')
 ,(230,230,'2015-08-31 13:36:42','O:30:\"ApprovePagePageWorkflowRequest\":8:{s:14:\"\0*\0wrStatusNum\";i:30;s:12:\"\0*\0currentWP\";N;s:6:\"\0*\0uID\";s:1:\"1\";s:5:\"error\";s:0:\"\";s:4:\"pkID\";s:2:\"13\";s:3:\"cID\";s:1:\"1\";s:4:\"cvID\";s:2:\"81\";s:4:\"wrID\";s:3:\"230\";}')
 ,(231,231,'2015-08-31 19:57:30','O:30:\"ApprovePagePageWorkflowRequest\":8:{s:14:\"\0*\0wrStatusNum\";i:30;s:12:\"\0*\0currentWP\";N;s:6:\"\0*\0uID\";s:1:\"1\";s:5:\"error\";s:0:\"\";s:4:\"pkID\";s:2:\"13\";s:3:\"cID\";s:1:\"1\";s:4:\"cvID\";s:2:\"82\";s:4:\"wrID\";s:3:\"231\";}')
 ,(232,232,'2015-08-31 19:59:52','O:30:\"ApprovePagePageWorkflowRequest\":8:{s:14:\"\0*\0wrStatusNum\";i:30;s:12:\"\0*\0currentWP\";N;s:6:\"\0*\0uID\";s:1:\"1\";s:5:\"error\";s:0:\"\";s:4:\"pkID\";s:2:\"13\";s:3:\"cID\";s:1:\"1\";s:4:\"cvID\";s:2:\"83\";s:4:\"wrID\";s:3:\"232\";}')
 ,(233,233,'2015-08-31 20:00:43','O:30:\"ApprovePagePageWorkflowRequest\":8:{s:14:\"\0*\0wrStatusNum\";i:30;s:12:\"\0*\0currentWP\";N;s:6:\"\0*\0uID\";s:1:\"1\";s:5:\"error\";s:0:\"\";s:4:\"pkID\";s:2:\"13\";s:3:\"cID\";s:1:\"1\";s:4:\"cvID\";s:2:\"84\";s:4:\"wrID\";s:3:\"233\";}')
 ,(234,234,'2015-08-31 21:07:22','O:30:\"ApprovePagePageWorkflowRequest\":8:{s:14:\"\0*\0wrStatusNum\";i:30;s:12:\"\0*\0currentWP\";N;s:6:\"\0*\0uID\";s:1:\"1\";s:5:\"error\";s:0:\"\";s:4:\"pkID\";s:2:\"13\";s:3:\"cID\";s:1:\"1\";s:4:\"cvID\";s:2:\"87\";s:4:\"wrID\";s:3:\"234\";}')
 ,(235,235,'2015-08-31 21:07:40','O:30:\"ApprovePagePageWorkflowRequest\":8:{s:14:\"\0*\0wrStatusNum\";i:30;s:12:\"\0*\0currentWP\";N;s:6:\"\0*\0uID\";s:1:\"1\";s:5:\"error\";s:0:\"\";s:4:\"pkID\";s:2:\"13\";s:3:\"cID\";s:1:\"1\";s:4:\"cvID\";s:2:\"88\";s:4:\"wrID\";s:3:\"235\";}')
 ,(236,236,'2015-08-31 21:07:43','O:30:\"ApprovePagePageWorkflowRequest\":8:{s:14:\"\0*\0wrStatusNum\";i:30;s:12:\"\0*\0currentWP\";N;s:6:\"\0*\0uID\";s:1:\"1\";s:5:\"error\";s:0:\"\";s:4:\"pkID\";s:2:\"13\";s:3:\"cID\";s:1:\"1\";s:4:\"cvID\";s:2:\"88\";s:4:\"wrID\";s:3:\"236\";}')
 ,(237,237,'2015-09-01 17:16:41','O:30:\"ApprovePagePageWorkflowRequest\":8:{s:14:\"\0*\0wrStatusNum\";i:30;s:12:\"\0*\0currentWP\";N;s:6:\"\0*\0uID\";s:1:\"1\";s:5:\"error\";s:0:\"\";s:4:\"pkID\";s:2:\"13\";s:3:\"cID\";s:1:\"1\";s:4:\"cvID\";s:2:\"90\";s:4:\"wrID\";s:3:\"237\";}')
 ,(238,238,'2015-09-01 17:26:57','O:30:\"ApprovePagePageWorkflowRequest\":8:{s:14:\"\0*\0wrStatusNum\";i:30;s:12:\"\0*\0currentWP\";N;s:6:\"\0*\0uID\";s:1:\"1\";s:5:\"error\";s:0:\"\";s:4:\"pkID\";s:2:\"13\";s:3:\"cID\";s:3:\"129\";s:4:\"cvID\";s:1:\"4\";s:4:\"wrID\";s:3:\"238\";}')
 ,(239,239,'2015-09-01 17:34:19','O:30:\"ApprovePagePageWorkflowRequest\":8:{s:14:\"\0*\0wrStatusNum\";i:30;s:12:\"\0*\0currentWP\";N;s:6:\"\0*\0uID\";s:1:\"1\";s:5:\"error\";s:0:\"\";s:4:\"pkID\";s:2:\"13\";s:3:\"cID\";s:3:\"168\";s:4:\"cvID\";s:1:\"2\";s:4:\"wrID\";s:3:\"239\";}')
 ,(240,240,'2015-09-01 17:59:38','O:27:\"MovePagePageWorkflowRequest\":9:{s:12:\"\0*\0targetCID\";s:1:\"1\";s:14:\"\0*\0wrStatusNum\";i:50;s:12:\"\0*\0currentWP\";N;s:6:\"\0*\0uID\";s:1:\"1\";s:5:\"error\";s:0:\"\";s:4:\"pkID\";s:2:\"15\";s:3:\"cID\";s:3:\"225\";s:15:\"saveOldPagePath\";N;s:4:\"wrID\";s:3:\"240\";}')
 ,(241,241,'2015-09-01 18:02:00','O:30:\"ApprovePagePageWorkflowRequest\":8:{s:14:\"\0*\0wrStatusNum\";i:30;s:12:\"\0*\0currentWP\";N;s:6:\"\0*\0uID\";s:1:\"1\";s:5:\"error\";s:0:\"\";s:4:\"pkID\";s:2:\"13\";s:3:\"cID\";s:3:\"230\";s:4:\"cvID\";s:1:\"1\";s:4:\"wrID\";s:3:\"241\";}')
 ,(242,242,'2015-09-01 18:02:23','O:30:\"ApprovePagePageWorkflowRequest\":8:{s:14:\"\0*\0wrStatusNum\";i:30;s:12:\"\0*\0currentWP\";N;s:6:\"\0*\0uID\";s:1:\"1\";s:5:\"error\";s:0:\"\";s:4:\"pkID\";s:2:\"13\";s:3:\"cID\";s:3:\"230\";s:4:\"cvID\";s:1:\"2\";s:4:\"wrID\";s:3:\"242\";}')
 ,(243,243,'2015-09-01 18:07:07','O:27:\"MovePagePageWorkflowRequest\":9:{s:12:\"\0*\0targetCID\";s:3:\"230\";s:14:\"\0*\0wrStatusNum\";i:50;s:12:\"\0*\0currentWP\";N;s:6:\"\0*\0uID\";s:1:\"1\";s:5:\"error\";s:0:\"\";s:4:\"pkID\";s:2:\"15\";s:3:\"cID\";s:3:\"225\";s:15:\"saveOldPagePath\";N;s:4:\"wrID\";s:3:\"243\";}')
 ,(244,244,'2015-09-01 18:37:32','O:30:\"ApprovePagePageWorkflowRequest\":8:{s:14:\"\0*\0wrStatusNum\";i:30;s:12:\"\0*\0currentWP\";N;s:6:\"\0*\0uID\";s:1:\"1\";s:5:\"error\";s:0:\"\";s:4:\"pkID\";s:2:\"13\";s:3:\"cID\";s:3:\"165\";s:4:\"cvID\";s:1:\"2\";s:4:\"wrID\";s:3:\"244\";}')
 ,(245,245,'2015-09-01 18:38:53','O:30:\"ApprovePagePageWorkflowRequest\":8:{s:14:\"\0*\0wrStatusNum\";i:30;s:12:\"\0*\0currentWP\";N;s:6:\"\0*\0uID\";s:1:\"1\";s:5:\"error\";s:0:\"\";s:4:\"pkID\";s:2:\"13\";s:3:\"cID\";s:3:\"166\";s:4:\"cvID\";s:1:\"2\";s:4:\"wrID\";s:3:\"245\";}')
 ,(246,246,'2015-09-01 18:40:01','O:30:\"ApprovePagePageWorkflowRequest\":8:{s:14:\"\0*\0wrStatusNum\";i:30;s:12:\"\0*\0currentWP\";N;s:6:\"\0*\0uID\";s:1:\"1\";s:5:\"error\";s:0:\"\";s:4:\"pkID\";s:2:\"13\";s:3:\"cID\";s:3:\"167\";s:4:\"cvID\";s:1:\"3\";s:4:\"wrID\";s:3:\"246\";}')
 ,(247,247,'2015-09-01 19:00:55','O:30:\"ApprovePagePageWorkflowRequest\":8:{s:14:\"\0*\0wrStatusNum\";i:30;s:12:\"\0*\0currentWP\";N;s:6:\"\0*\0uID\";s:1:\"1\";s:5:\"error\";s:0:\"\";s:4:\"pkID\";s:2:\"13\";s:3:\"cID\";s:3:\"165\";s:4:\"cvID\";s:1:\"3\";s:4:\"wrID\";s:3:\"247\";}')
 ,(248,248,'2015-09-01 19:19:20','O:30:\"ApprovePagePageWorkflowRequest\":8:{s:14:\"\0*\0wrStatusNum\";i:30;s:12:\"\0*\0currentWP\";N;s:6:\"\0*\0uID\";s:1:\"1\";s:5:\"error\";s:0:\"\";s:4:\"pkID\";s:2:\"13\";s:3:\"cID\";s:3:\"165\";s:4:\"cvID\";s:1:\"4\";s:4:\"wrID\";s:3:\"248\";}')
 ,(249,249,'2015-09-01 19:26:20','O:30:\"ApprovePagePageWorkflowRequest\":8:{s:14:\"\0*\0wrStatusNum\";i:30;s:12:\"\0*\0currentWP\";N;s:6:\"\0*\0uID\";s:1:\"1\";s:5:\"error\";s:0:\"\";s:4:\"pkID\";s:2:\"13\";s:3:\"cID\";s:3:\"166\";s:4:\"cvID\";s:1:\"3\";s:4:\"wrID\";s:3:\"249\";}')
 ,(250,250,'2015-09-01 19:33:38','O:30:\"ApprovePagePageWorkflowRequest\":8:{s:14:\"\0*\0wrStatusNum\";i:30;s:12:\"\0*\0currentWP\";N;s:6:\"\0*\0uID\";s:1:\"1\";s:5:\"error\";s:0:\"\";s:4:\"pkID\";s:2:\"13\";s:3:\"cID\";s:3:\"167\";s:4:\"cvID\";s:1:\"4\";s:4:\"wrID\";s:3:\"250\";}')
 ,(251,251,'2015-09-01 19:37:38','O:30:\"ApprovePagePageWorkflowRequest\":8:{s:14:\"\0*\0wrStatusNum\";i:30;s:12:\"\0*\0currentWP\";N;s:6:\"\0*\0uID\";s:1:\"1\";s:5:\"error\";s:0:\"\";s:4:\"pkID\";s:2:\"13\";s:3:\"cID\";s:3:\"167\";s:4:\"cvID\";s:1:\"5\";s:4:\"wrID\";s:3:\"251\";}')
 ,(252,252,'2015-09-01 19:59:35','O:30:\"ApprovePagePageWorkflowRequest\":8:{s:14:\"\0*\0wrStatusNum\";i:30;s:12:\"\0*\0currentWP\";N;s:6:\"\0*\0uID\";s:1:\"1\";s:5:\"error\";s:0:\"\";s:4:\"pkID\";s:2:\"13\";s:3:\"cID\";s:3:\"165\";s:4:\"cvID\";s:1:\"5\";s:4:\"wrID\";s:3:\"252\";}')
 ,(253,253,'2015-09-01 20:01:16','O:30:\"ApprovePagePageWorkflowRequest\":8:{s:14:\"\0*\0wrStatusNum\";i:30;s:12:\"\0*\0currentWP\";N;s:6:\"\0*\0uID\";s:1:\"1\";s:5:\"error\";s:0:\"\";s:4:\"pkID\";s:2:\"13\";s:3:\"cID\";s:3:\"225\";s:4:\"cvID\";s:1:\"5\";s:4:\"wrID\";s:3:\"253\";}')
 ,(254,254,'2015-09-01 20:18:11','O:30:\"ApprovePagePageWorkflowRequest\":8:{s:14:\"\0*\0wrStatusNum\";i:30;s:12:\"\0*\0currentWP\";N;s:6:\"\0*\0uID\";s:1:\"1\";s:5:\"error\";s:0:\"\";s:4:\"pkID\";s:2:\"13\";s:3:\"cID\";s:3:\"225\";s:4:\"cvID\";s:1:\"6\";s:4:\"wrID\";s:3:\"254\";}')
 ,(255,255,'2015-09-01 20:29:10','O:30:\"ApprovePagePageWorkflowRequest\":8:{s:14:\"\0*\0wrStatusNum\";i:30;s:12:\"\0*\0currentWP\";N;s:6:\"\0*\0uID\";s:1:\"1\";s:5:\"error\";s:0:\"\";s:4:\"pkID\";s:2:\"13\";s:3:\"cID\";s:3:\"225\";s:4:\"cvID\";s:1:\"7\";s:4:\"wrID\";s:3:\"255\";}')
 ,(256,256,'2015-09-01 20:30:14','O:30:\"ApprovePagePageWorkflowRequest\":8:{s:14:\"\0*\0wrStatusNum\";i:30;s:12:\"\0*\0currentWP\";N;s:6:\"\0*\0uID\";s:1:\"1\";s:5:\"error\";s:0:\"\";s:4:\"pkID\";s:2:\"13\";s:3:\"cID\";s:3:\"225\";s:4:\"cvID\";s:1:\"8\";s:4:\"wrID\";s:3:\"256\";}')
 ,(257,257,'2015-09-01 20:30:34','O:30:\"ApprovePagePageWorkflowRequest\":8:{s:14:\"\0*\0wrStatusNum\";i:30;s:12:\"\0*\0currentWP\";N;s:6:\"\0*\0uID\";s:1:\"1\";s:5:\"error\";s:0:\"\";s:4:\"pkID\";s:2:\"13\";s:3:\"cID\";s:3:\"225\";s:4:\"cvID\";s:1:\"9\";s:4:\"wrID\";s:3:\"257\";}')
 ,(258,258,'2015-09-01 20:38:40','O:30:\"ApprovePagePageWorkflowRequest\":8:{s:14:\"\0*\0wrStatusNum\";i:30;s:12:\"\0*\0currentWP\";N;s:6:\"\0*\0uID\";s:1:\"1\";s:5:\"error\";s:0:\"\";s:4:\"pkID\";s:2:\"13\";s:3:\"cID\";s:3:\"227\";s:4:\"cvID\";s:1:\"2\";s:4:\"wrID\";s:3:\"258\";}')
 ,(259,259,'2015-09-01 20:39:44','O:30:\"ApprovePagePageWorkflowRequest\":8:{s:14:\"\0*\0wrStatusNum\";i:30;s:12:\"\0*\0currentWP\";N;s:6:\"\0*\0uID\";s:1:\"1\";s:5:\"error\";s:0:\"\";s:4:\"pkID\";s:2:\"13\";s:3:\"cID\";s:3:\"227\";s:4:\"cvID\";s:1:\"3\";s:4:\"wrID\";s:3:\"259\";}')
 ,(260,260,'2015-09-01 20:41:27','O:30:\"ApprovePagePageWorkflowRequest\":8:{s:14:\"\0*\0wrStatusNum\";i:30;s:12:\"\0*\0currentWP\";N;s:6:\"\0*\0uID\";s:1:\"1\";s:5:\"error\";s:0:\"\";s:4:\"pkID\";s:2:\"13\";s:3:\"cID\";s:3:\"227\";s:4:\"cvID\";s:1:\"4\";s:4:\"wrID\";s:3:\"260\";}')
 ,(261,261,'2015-09-01 20:44:57','O:30:\"ApprovePagePageWorkflowRequest\":8:{s:14:\"\0*\0wrStatusNum\";i:30;s:12:\"\0*\0currentWP\";N;s:6:\"\0*\0uID\";s:1:\"1\";s:5:\"error\";s:0:\"\";s:4:\"pkID\";s:2:\"13\";s:3:\"cID\";s:3:\"165\";s:4:\"cvID\";s:1:\"6\";s:4:\"wrID\";s:3:\"261\";}')
 ,(262,262,'2015-09-01 20:45:43','O:30:\"ApprovePagePageWorkflowRequest\":8:{s:14:\"\0*\0wrStatusNum\";i:30;s:12:\"\0*\0currentWP\";N;s:6:\"\0*\0uID\";s:1:\"1\";s:5:\"error\";s:0:\"\";s:4:\"pkID\";s:2:\"13\";s:3:\"cID\";s:3:\"165\";s:4:\"cvID\";s:1:\"7\";s:4:\"wrID\";s:3:\"262\";}')
 ,(263,263,'2015-09-01 20:46:32','O:30:\"ApprovePagePageWorkflowRequest\":8:{s:14:\"\0*\0wrStatusNum\";i:30;s:12:\"\0*\0currentWP\";N;s:6:\"\0*\0uID\";s:1:\"1\";s:5:\"error\";s:0:\"\";s:4:\"pkID\";s:2:\"13\";s:3:\"cID\";s:3:\"165\";s:4:\"cvID\";s:1:\"8\";s:4:\"wrID\";s:3:\"263\";}')
 ,(264,264,'2015-09-01 20:54:46','O:30:\"ApprovePagePageWorkflowRequest\":8:{s:14:\"\0*\0wrStatusNum\";i:30;s:12:\"\0*\0currentWP\";N;s:6:\"\0*\0uID\";s:1:\"1\";s:5:\"error\";s:0:\"\";s:4:\"pkID\";s:2:\"13\";s:3:\"cID\";s:1:\"1\";s:4:\"cvID\";s:2:\"91\";s:4:\"wrID\";s:3:\"264\";}')
 ,(265,265,'2015-09-01 20:55:40','O:30:\"ApprovePagePageWorkflowRequest\":8:{s:14:\"\0*\0wrStatusNum\";i:30;s:12:\"\0*\0currentWP\";N;s:6:\"\0*\0uID\";s:1:\"1\";s:5:\"error\";s:0:\"\";s:4:\"pkID\";s:2:\"13\";s:3:\"cID\";s:1:\"1\";s:4:\"cvID\";s:2:\"92\";s:4:\"wrID\";s:3:\"265\";}')
 ,(266,266,'2015-09-01 21:04:51','O:30:\"ApprovePagePageWorkflowRequest\":8:{s:14:\"\0*\0wrStatusNum\";i:30;s:12:\"\0*\0currentWP\";N;s:6:\"\0*\0uID\";s:1:\"1\";s:5:\"error\";s:0:\"\";s:4:\"pkID\";s:2:\"13\";s:3:\"cID\";s:1:\"1\";s:4:\"cvID\";s:2:\"93\";s:4:\"wrID\";s:3:\"266\";}')
 ,(267,267,'2015-09-01 21:08:11','O:30:\"ApprovePagePageWorkflowRequest\":8:{s:14:\"\0*\0wrStatusNum\";i:30;s:12:\"\0*\0currentWP\";N;s:6:\"\0*\0uID\";s:1:\"1\";s:5:\"error\";s:0:\"\";s:4:\"pkID\";s:2:\"13\";s:3:\"cID\";s:1:\"1\";s:4:\"cvID\";s:2:\"94\";s:4:\"wrID\";s:3:\"267\";}')
 ,(268,268,'2015-09-01 21:09:00','O:30:\"ApprovePagePageWorkflowRequest\":8:{s:14:\"\0*\0wrStatusNum\";i:30;s:12:\"\0*\0currentWP\";N;s:6:\"\0*\0uID\";s:1:\"1\";s:5:\"error\";s:0:\"\";s:4:\"pkID\";s:2:\"13\";s:3:\"cID\";s:1:\"1\";s:4:\"cvID\";s:2:\"95\";s:4:\"wrID\";s:3:\"268\";}')
 ,(269,269,'2015-09-01 21:11:38','O:30:\"ApprovePagePageWorkflowRequest\":8:{s:14:\"\0*\0wrStatusNum\";i:30;s:12:\"\0*\0currentWP\";N;s:6:\"\0*\0uID\";s:1:\"1\";s:5:\"error\";s:0:\"\";s:4:\"pkID\";s:2:\"13\";s:3:\"cID\";s:1:\"1\";s:4:\"cvID\";s:2:\"96\";s:4:\"wrID\";s:3:\"269\";}')
 ,(270,270,'2015-09-01 21:13:21','O:30:\"ApprovePagePageWorkflowRequest\":8:{s:14:\"\0*\0wrStatusNum\";i:30;s:12:\"\0*\0currentWP\";N;s:6:\"\0*\0uID\";s:1:\"1\";s:5:\"error\";s:0:\"\";s:4:\"pkID\";s:2:\"13\";s:3:\"cID\";s:1:\"1\";s:4:\"cvID\";s:2:\"97\";s:4:\"wrID\";s:3:\"270\";}')
 ,(271,271,'2015-09-01 21:14:35','O:30:\"ApprovePagePageWorkflowRequest\":8:{s:14:\"\0*\0wrStatusNum\";i:30;s:12:\"\0*\0currentWP\";N;s:6:\"\0*\0uID\";s:1:\"1\";s:5:\"error\";s:0:\"\";s:4:\"pkID\";s:2:\"13\";s:3:\"cID\";s:1:\"1\";s:4:\"cvID\";s:2:\"98\";s:4:\"wrID\";s:3:\"271\";}')
 ,(272,272,'2015-09-01 21:16:17','O:30:\"ApprovePagePageWorkflowRequest\":8:{s:14:\"\0*\0wrStatusNum\";i:30;s:12:\"\0*\0currentWP\";N;s:6:\"\0*\0uID\";s:1:\"1\";s:5:\"error\";s:0:\"\";s:4:\"pkID\";s:2:\"13\";s:3:\"cID\";s:1:\"1\";s:4:\"cvID\";s:2:\"99\";s:4:\"wrID\";s:3:\"272\";}')
 ,(273,273,'2015-09-01 21:17:57','O:30:\"ApprovePagePageWorkflowRequest\":8:{s:14:\"\0*\0wrStatusNum\";i:30;s:12:\"\0*\0currentWP\";N;s:6:\"\0*\0uID\";s:1:\"1\";s:5:\"error\";s:0:\"\";s:4:\"pkID\";s:2:\"13\";s:3:\"cID\";s:1:\"1\";s:4:\"cvID\";s:3:\"100\";s:4:\"wrID\";s:3:\"273\";}')
 ,(274,274,'2015-09-01 21:18:39','O:30:\"ApprovePagePageWorkflowRequest\":8:{s:14:\"\0*\0wrStatusNum\";i:30;s:12:\"\0*\0currentWP\";N;s:6:\"\0*\0uID\";s:1:\"1\";s:5:\"error\";s:0:\"\";s:4:\"pkID\";s:2:\"13\";s:3:\"cID\";s:1:\"1\";s:4:\"cvID\";s:3:\"101\";s:4:\"wrID\";s:3:\"274\";}')
 ,(275,275,'2015-09-01 21:20:51','O:30:\"ApprovePagePageWorkflowRequest\":8:{s:14:\"\0*\0wrStatusNum\";i:30;s:12:\"\0*\0currentWP\";N;s:6:\"\0*\0uID\";s:1:\"1\";s:5:\"error\";s:0:\"\";s:4:\"pkID\";s:2:\"13\";s:3:\"cID\";s:1:\"1\";s:4:\"cvID\";s:3:\"102\";s:4:\"wrID\";s:3:\"275\";}')
 ,(276,276,'2015-09-01 21:23:11','O:30:\"ApprovePagePageWorkflowRequest\":8:{s:14:\"\0*\0wrStatusNum\";i:30;s:12:\"\0*\0currentWP\";N;s:6:\"\0*\0uID\";s:1:\"1\";s:5:\"error\";s:0:\"\";s:4:\"pkID\";s:2:\"13\";s:3:\"cID\";s:1:\"1\";s:4:\"cvID\";s:3:\"103\";s:4:\"wrID\";s:3:\"276\";}')
 ,(277,277,'2015-09-01 21:24:37','O:30:\"ApprovePagePageWorkflowRequest\":8:{s:14:\"\0*\0wrStatusNum\";i:30;s:12:\"\0*\0currentWP\";N;s:6:\"\0*\0uID\";s:1:\"1\";s:5:\"error\";s:0:\"\";s:4:\"pkID\";s:2:\"13\";s:3:\"cID\";s:1:\"1\";s:4:\"cvID\";s:3:\"104\";s:4:\"wrID\";s:3:\"277\";}')
 ,(278,278,'2015-09-01 21:26:19','O:30:\"ApprovePagePageWorkflowRequest\":8:{s:14:\"\0*\0wrStatusNum\";i:30;s:12:\"\0*\0currentWP\";N;s:6:\"\0*\0uID\";s:1:\"1\";s:5:\"error\";s:0:\"\";s:4:\"pkID\";s:2:\"13\";s:3:\"cID\";s:1:\"1\";s:4:\"cvID\";s:3:\"105\";s:4:\"wrID\";s:3:\"278\";}')
 ,(279,279,'2015-09-01 21:27:20','O:30:\"ApprovePagePageWorkflowRequest\":8:{s:14:\"\0*\0wrStatusNum\";i:30;s:12:\"\0*\0currentWP\";N;s:6:\"\0*\0uID\";s:1:\"1\";s:5:\"error\";s:0:\"\";s:4:\"pkID\";s:2:\"13\";s:3:\"cID\";s:1:\"1\";s:4:\"cvID\";s:3:\"106\";s:4:\"wrID\";s:3:\"279\";}')
 ,(280,280,'2015-09-01 21:28:02','O:30:\"ApprovePagePageWorkflowRequest\":8:{s:14:\"\0*\0wrStatusNum\";i:30;s:12:\"\0*\0currentWP\";N;s:6:\"\0*\0uID\";s:1:\"1\";s:5:\"error\";s:0:\"\";s:4:\"pkID\";s:2:\"13\";s:3:\"cID\";s:1:\"1\";s:4:\"cvID\";s:3:\"107\";s:4:\"wrID\";s:3:\"280\";}')
 ,(281,281,'2015-09-01 21:29:25','O:30:\"ApprovePagePageWorkflowRequest\":8:{s:14:\"\0*\0wrStatusNum\";i:30;s:12:\"\0*\0currentWP\";N;s:6:\"\0*\0uID\";s:1:\"1\";s:5:\"error\";s:0:\"\";s:4:\"pkID\";s:2:\"13\";s:3:\"cID\";s:1:\"1\";s:4:\"cvID\";s:3:\"108\";s:4:\"wrID\";s:3:\"281\";}')
 ,(282,282,'2015-09-01 21:31:30','O:30:\"ApprovePagePageWorkflowRequest\":8:{s:14:\"\0*\0wrStatusNum\";i:30;s:12:\"\0*\0currentWP\";N;s:6:\"\0*\0uID\";s:1:\"1\";s:5:\"error\";s:0:\"\";s:4:\"pkID\";s:2:\"13\";s:3:\"cID\";s:1:\"1\";s:4:\"cvID\";s:3:\"109\";s:4:\"wrID\";s:3:\"282\";}')
 ,(283,283,'2015-09-01 21:32:05','O:30:\"ApprovePagePageWorkflowRequest\":8:{s:14:\"\0*\0wrStatusNum\";i:30;s:12:\"\0*\0currentWP\";N;s:6:\"\0*\0uID\";s:1:\"1\";s:5:\"error\";s:0:\"\";s:4:\"pkID\";s:2:\"13\";s:3:\"cID\";s:1:\"1\";s:4:\"cvID\";s:3:\"110\";s:4:\"wrID\";s:3:\"283\";}')
 ,(284,284,'2015-09-01 21:32:36','O:30:\"ApprovePagePageWorkflowRequest\":8:{s:14:\"\0*\0wrStatusNum\";i:30;s:12:\"\0*\0currentWP\";N;s:6:\"\0*\0uID\";s:1:\"1\";s:5:\"error\";s:0:\"\";s:4:\"pkID\";s:2:\"13\";s:3:\"cID\";s:1:\"1\";s:4:\"cvID\";s:3:\"111\";s:4:\"wrID\";s:3:\"284\";}')
 ,(285,285,'2015-09-02 08:14:11','O:30:\"ApprovePagePageWorkflowRequest\":8:{s:14:\"\0*\0wrStatusNum\";i:30;s:12:\"\0*\0currentWP\";N;s:6:\"\0*\0uID\";s:1:\"1\";s:5:\"error\";s:0:\"\";s:4:\"pkID\";s:2:\"13\";s:3:\"cID\";s:1:\"1\";s:4:\"cvID\";s:3:\"112\";s:4:\"wrID\";s:3:\"285\";}')
 ,(286,286,'2015-09-02 08:32:47','O:30:\"ApprovePagePageWorkflowRequest\":8:{s:14:\"\0*\0wrStatusNum\";i:30;s:12:\"\0*\0currentWP\";N;s:6:\"\0*\0uID\";s:1:\"1\";s:5:\"error\";s:0:\"\";s:4:\"pkID\";s:2:\"13\";s:3:\"cID\";s:1:\"1\";s:4:\"cvID\";s:3:\"113\";s:4:\"wrID\";s:3:\"286\";}')
 ,(287,287,'2015-09-02 08:33:36','O:30:\"ApprovePagePageWorkflowRequest\":8:{s:14:\"\0*\0wrStatusNum\";i:30;s:12:\"\0*\0currentWP\";N;s:6:\"\0*\0uID\";s:1:\"1\";s:5:\"error\";s:0:\"\";s:4:\"pkID\";s:2:\"13\";s:3:\"cID\";s:1:\"1\";s:4:\"cvID\";s:3:\"114\";s:4:\"wrID\";s:3:\"287\";}')
 ,(288,288,'2015-09-02 08:57:05','O:30:\"ApprovePagePageWorkflowRequest\":8:{s:14:\"\0*\0wrStatusNum\";i:30;s:12:\"\0*\0currentWP\";N;s:6:\"\0*\0uID\";s:1:\"1\";s:5:\"error\";s:0:\"\";s:4:\"pkID\";s:2:\"13\";s:3:\"cID\";s:1:\"1\";s:4:\"cvID\";s:3:\"115\";s:4:\"wrID\";s:3:\"288\";}')
 ,(289,289,'2015-09-02 08:58:37','O:30:\"ApprovePagePageWorkflowRequest\":8:{s:14:\"\0*\0wrStatusNum\";i:30;s:12:\"\0*\0currentWP\";N;s:6:\"\0*\0uID\";s:1:\"1\";s:5:\"error\";s:0:\"\";s:4:\"pkID\";s:2:\"13\";s:3:\"cID\";s:1:\"1\";s:4:\"cvID\";s:3:\"116\";s:4:\"wrID\";s:3:\"289\";}')
 ,(290,290,'2015-09-02 09:01:12','O:30:\"ApprovePagePageWorkflowRequest\":8:{s:14:\"\0*\0wrStatusNum\";i:30;s:12:\"\0*\0currentWP\";N;s:6:\"\0*\0uID\";s:1:\"1\";s:5:\"error\";s:0:\"\";s:4:\"pkID\";s:2:\"13\";s:3:\"cID\";s:1:\"1\";s:4:\"cvID\";s:3:\"117\";s:4:\"wrID\";s:3:\"290\";}')
 ,(291,291,'2015-09-02 09:02:23','O:30:\"ApprovePagePageWorkflowRequest\":8:{s:14:\"\0*\0wrStatusNum\";i:30;s:12:\"\0*\0currentWP\";N;s:6:\"\0*\0uID\";s:1:\"1\";s:5:\"error\";s:0:\"\";s:4:\"pkID\";s:2:\"13\";s:3:\"cID\";s:1:\"1\";s:4:\"cvID\";s:3:\"118\";s:4:\"wrID\";s:3:\"291\";}')
 ,(292,292,'2015-09-02 09:03:14','O:30:\"ApprovePagePageWorkflowRequest\":8:{s:14:\"\0*\0wrStatusNum\";i:30;s:12:\"\0*\0currentWP\";N;s:6:\"\0*\0uID\";s:1:\"1\";s:5:\"error\";s:0:\"\";s:4:\"pkID\";s:2:\"13\";s:3:\"cID\";s:1:\"1\";s:4:\"cvID\";s:3:\"119\";s:4:\"wrID\";s:3:\"292\";}')
 ,(293,293,'2015-09-02 09:04:13','O:30:\"ApprovePagePageWorkflowRequest\":8:{s:14:\"\0*\0wrStatusNum\";i:30;s:12:\"\0*\0currentWP\";N;s:6:\"\0*\0uID\";s:1:\"1\";s:5:\"error\";s:0:\"\";s:4:\"pkID\";s:2:\"13\";s:3:\"cID\";s:1:\"1\";s:4:\"cvID\";s:3:\"120\";s:4:\"wrID\";s:3:\"293\";}')
 ,(294,294,'2015-09-02 09:05:30','O:30:\"ApprovePagePageWorkflowRequest\":8:{s:14:\"\0*\0wrStatusNum\";i:30;s:12:\"\0*\0currentWP\";N;s:6:\"\0*\0uID\";s:1:\"1\";s:5:\"error\";s:0:\"\";s:4:\"pkID\";s:2:\"13\";s:3:\"cID\";s:1:\"1\";s:4:\"cvID\";s:3:\"121\";s:4:\"wrID\";s:3:\"294\";}')
 ,(295,295,'2015-09-02 09:05:58','O:30:\"ApprovePagePageWorkflowRequest\":8:{s:14:\"\0*\0wrStatusNum\";i:30;s:12:\"\0*\0currentWP\";N;s:6:\"\0*\0uID\";s:1:\"1\";s:5:\"error\";s:0:\"\";s:4:\"pkID\";s:2:\"13\";s:3:\"cID\";s:1:\"1\";s:4:\"cvID\";s:3:\"122\";s:4:\"wrID\";s:3:\"295\";}')
 ,(296,296,'2015-09-02 10:05:50','O:30:\"ApprovePagePageWorkflowRequest\":8:{s:14:\"\0*\0wrStatusNum\";i:30;s:12:\"\0*\0currentWP\";N;s:6:\"\0*\0uID\";s:1:\"1\";s:5:\"error\";s:0:\"\";s:4:\"pkID\";s:2:\"13\";s:3:\"cID\";s:3:\"228\";s:4:\"cvID\";s:1:\"3\";s:4:\"wrID\";s:3:\"296\";}')
 ,(297,297,'2015-09-02 10:08:43','O:30:\"ApprovePagePageWorkflowRequest\":8:{s:14:\"\0*\0wrStatusNum\";i:30;s:12:\"\0*\0currentWP\";N;s:6:\"\0*\0uID\";s:1:\"1\";s:5:\"error\";s:0:\"\";s:4:\"pkID\";s:2:\"13\";s:3:\"cID\";s:3:\"228\";s:4:\"cvID\";s:1:\"4\";s:4:\"wrID\";s:3:\"297\";}')
 ,(298,298,'2015-09-02 10:10:08','O:30:\"ApprovePagePageWorkflowRequest\":8:{s:14:\"\0*\0wrStatusNum\";i:30;s:12:\"\0*\0currentWP\";N;s:6:\"\0*\0uID\";s:1:\"1\";s:5:\"error\";s:0:\"\";s:4:\"pkID\";s:2:\"13\";s:3:\"cID\";s:3:\"228\";s:4:\"cvID\";s:1:\"5\";s:4:\"wrID\";s:3:\"298\";}')
 ,(299,299,'2015-09-02 10:11:01','O:30:\"ApprovePagePageWorkflowRequest\":8:{s:14:\"\0*\0wrStatusNum\";i:30;s:12:\"\0*\0currentWP\";N;s:6:\"\0*\0uID\";s:1:\"1\";s:5:\"error\";s:0:\"\";s:4:\"pkID\";s:2:\"13\";s:3:\"cID\";s:3:\"228\";s:4:\"cvID\";s:1:\"6\";s:4:\"wrID\";s:3:\"299\";}')
 ,(300,300,'2015-09-02 10:13:12','O:30:\"ApprovePagePageWorkflowRequest\":8:{s:14:\"\0*\0wrStatusNum\";i:30;s:12:\"\0*\0currentWP\";N;s:6:\"\0*\0uID\";s:1:\"1\";s:5:\"error\";s:0:\"\";s:4:\"pkID\";s:2:\"13\";s:3:\"cID\";s:3:\"228\";s:4:\"cvID\";s:1:\"7\";s:4:\"wrID\";s:3:\"300\";}')
 ,(301,301,'2015-09-02 10:14:03','O:30:\"ApprovePagePageWorkflowRequest\":8:{s:14:\"\0*\0wrStatusNum\";i:30;s:12:\"\0*\0currentWP\";N;s:6:\"\0*\0uID\";s:1:\"1\";s:5:\"error\";s:0:\"\";s:4:\"pkID\";s:2:\"13\";s:3:\"cID\";s:3:\"228\";s:4:\"cvID\";s:1:\"8\";s:4:\"wrID\";s:3:\"301\";}')
 ,(302,302,'2015-09-02 10:15:22','O:30:\"ApprovePagePageWorkflowRequest\":8:{s:14:\"\0*\0wrStatusNum\";i:30;s:12:\"\0*\0currentWP\";N;s:6:\"\0*\0uID\";s:1:\"1\";s:5:\"error\";s:0:\"\";s:4:\"pkID\";s:2:\"13\";s:3:\"cID\";s:3:\"228\";s:4:\"cvID\";s:1:\"9\";s:4:\"wrID\";s:3:\"302\";}')
 ,(303,303,'2015-09-02 10:16:15','O:30:\"ApprovePagePageWorkflowRequest\":8:{s:14:\"\0*\0wrStatusNum\";i:30;s:12:\"\0*\0currentWP\";N;s:6:\"\0*\0uID\";s:1:\"1\";s:5:\"error\";s:0:\"\";s:4:\"pkID\";s:2:\"13\";s:3:\"cID\";s:3:\"228\";s:4:\"cvID\";s:2:\"10\";s:4:\"wrID\";s:3:\"303\";}')
 ,(304,304,'2015-09-02 10:57:38','O:30:\"ApprovePagePageWorkflowRequest\":8:{s:14:\"\0*\0wrStatusNum\";i:30;s:12:\"\0*\0currentWP\";N;s:6:\"\0*\0uID\";s:1:\"1\";s:5:\"error\";s:0:\"\";s:4:\"pkID\";s:2:\"13\";s:3:\"cID\";s:3:\"228\";s:4:\"cvID\";s:2:\"11\";s:4:\"wrID\";s:3:\"304\";}')
 ,(305,305,'2015-09-02 11:07:22','O:30:\"ApprovePagePageWorkflowRequest\":8:{s:14:\"\0*\0wrStatusNum\";i:30;s:12:\"\0*\0currentWP\";N;s:6:\"\0*\0uID\";s:1:\"1\";s:5:\"error\";s:0:\"\";s:4:\"pkID\";s:2:\"13\";s:3:\"cID\";s:3:\"228\";s:4:\"cvID\";s:2:\"12\";s:4:\"wrID\";s:3:\"305\";}')
 ,(306,306,'2015-09-02 11:08:06','O:30:\"ApprovePagePageWorkflowRequest\":8:{s:14:\"\0*\0wrStatusNum\";i:30;s:12:\"\0*\0currentWP\";N;s:6:\"\0*\0uID\";s:1:\"1\";s:5:\"error\";s:0:\"\";s:4:\"pkID\";s:2:\"13\";s:3:\"cID\";s:3:\"228\";s:4:\"cvID\";s:2:\"13\";s:4:\"wrID\";s:3:\"306\";}')
 ,(307,307,'2015-09-02 11:08:31','O:30:\"ApprovePagePageWorkflowRequest\":8:{s:14:\"\0*\0wrStatusNum\";i:30;s:12:\"\0*\0currentWP\";N;s:6:\"\0*\0uID\";s:1:\"1\";s:5:\"error\";s:0:\"\";s:4:\"pkID\";s:2:\"13\";s:3:\"cID\";s:3:\"228\";s:4:\"cvID\";s:2:\"14\";s:4:\"wrID\";s:3:\"307\";}')
 ,(308,308,'2015-09-02 11:08:49','O:30:\"ApprovePagePageWorkflowRequest\":8:{s:14:\"\0*\0wrStatusNum\";i:30;s:12:\"\0*\0currentWP\";N;s:6:\"\0*\0uID\";s:1:\"1\";s:5:\"error\";s:0:\"\";s:4:\"pkID\";s:2:\"13\";s:3:\"cID\";s:3:\"228\";s:4:\"cvID\";s:2:\"15\";s:4:\"wrID\";s:3:\"308\";}')
 ,(309,309,'2015-09-02 11:10:13','O:30:\"ApprovePagePageWorkflowRequest\":8:{s:14:\"\0*\0wrStatusNum\";i:30;s:12:\"\0*\0currentWP\";N;s:6:\"\0*\0uID\";s:1:\"1\";s:5:\"error\";s:0:\"\";s:4:\"pkID\";s:2:\"13\";s:3:\"cID\";s:3:\"228\";s:4:\"cvID\";s:2:\"16\";s:4:\"wrID\";s:3:\"309\";}')
 ,(310,310,'2015-09-02 11:20:45','O:30:\"ApprovePagePageWorkflowRequest\":8:{s:14:\"\0*\0wrStatusNum\";i:30;s:12:\"\0*\0currentWP\";N;s:6:\"\0*\0uID\";s:1:\"1\";s:5:\"error\";s:0:\"\";s:4:\"pkID\";s:2:\"13\";s:3:\"cID\";s:3:\"228\";s:4:\"cvID\";s:2:\"17\";s:4:\"wrID\";s:3:\"310\";}')
 ,(311,311,'2015-09-02 11:21:32','O:30:\"ApprovePagePageWorkflowRequest\":8:{s:14:\"\0*\0wrStatusNum\";i:30;s:12:\"\0*\0currentWP\";N;s:6:\"\0*\0uID\";s:1:\"1\";s:5:\"error\";s:0:\"\";s:4:\"pkID\";s:2:\"13\";s:3:\"cID\";s:3:\"228\";s:4:\"cvID\";s:2:\"18\";s:4:\"wrID\";s:3:\"311\";}')
 ,(312,312,'2015-09-02 11:21:58','O:30:\"ApprovePagePageWorkflowRequest\":8:{s:14:\"\0*\0wrStatusNum\";i:30;s:12:\"\0*\0currentWP\";N;s:6:\"\0*\0uID\";s:1:\"1\";s:5:\"error\";s:0:\"\";s:4:\"pkID\";s:2:\"13\";s:3:\"cID\";s:3:\"228\";s:4:\"cvID\";s:2:\"19\";s:4:\"wrID\";s:3:\"312\";}')
 ,(313,313,'2015-09-02 11:54:43','O:30:\"ApprovePagePageWorkflowRequest\":8:{s:14:\"\0*\0wrStatusNum\";i:30;s:12:\"\0*\0currentWP\";N;s:6:\"\0*\0uID\";s:1:\"1\";s:5:\"error\";s:0:\"\";s:4:\"pkID\";s:2:\"13\";s:3:\"cID\";s:3:\"231\";s:4:\"cvID\";s:1:\"1\";s:4:\"wrID\";s:3:\"313\";}')
 ,(314,314,'2015-09-02 11:56:01','O:30:\"ApprovePagePageWorkflowRequest\":8:{s:14:\"\0*\0wrStatusNum\";i:30;s:12:\"\0*\0currentWP\";N;s:6:\"\0*\0uID\";s:1:\"1\";s:5:\"error\";s:0:\"\";s:4:\"pkID\";s:2:\"13\";s:3:\"cID\";s:3:\"231\";s:4:\"cvID\";s:1:\"2\";s:4:\"wrID\";s:3:\"314\";}')
 ,(315,315,'2015-09-02 11:58:13','O:30:\"ApprovePagePageWorkflowRequest\":8:{s:14:\"\0*\0wrStatusNum\";i:30;s:12:\"\0*\0currentWP\";N;s:6:\"\0*\0uID\";s:1:\"1\";s:5:\"error\";s:0:\"\";s:4:\"pkID\";s:2:\"13\";s:3:\"cID\";s:3:\"231\";s:4:\"cvID\";s:1:\"3\";s:4:\"wrID\";s:3:\"315\";}')
 ,(316,316,'2015-09-02 13:22:09','O:30:\"ApprovePagePageWorkflowRequest\":8:{s:14:\"\0*\0wrStatusNum\";i:30;s:12:\"\0*\0currentWP\";N;s:6:\"\0*\0uID\";s:1:\"1\";s:5:\"error\";s:0:\"\";s:4:\"pkID\";s:2:\"13\";s:3:\"cID\";s:3:\"231\";s:4:\"cvID\";s:1:\"4\";s:4:\"wrID\";s:3:\"316\";}')
 ,(317,317,'2015-09-02 13:59:46','O:30:\"ApprovePagePageWorkflowRequest\":8:{s:14:\"\0*\0wrStatusNum\";i:30;s:12:\"\0*\0currentWP\";N;s:6:\"\0*\0uID\";s:1:\"1\";s:5:\"error\";s:0:\"\";s:4:\"pkID\";s:2:\"13\";s:3:\"cID\";s:3:\"231\";s:4:\"cvID\";s:1:\"5\";s:4:\"wrID\";s:3:\"317\";}')
 ,(318,318,'2015-09-02 14:00:55','O:30:\"ApprovePagePageWorkflowRequest\":8:{s:14:\"\0*\0wrStatusNum\";i:30;s:12:\"\0*\0currentWP\";N;s:6:\"\0*\0uID\";s:1:\"1\";s:5:\"error\";s:0:\"\";s:4:\"pkID\";s:2:\"13\";s:3:\"cID\";s:3:\"231\";s:4:\"cvID\";s:1:\"6\";s:4:\"wrID\";s:3:\"318\";}')
 ,(319,319,'2015-09-02 14:04:11','O:30:\"ApprovePagePageWorkflowRequest\":8:{s:14:\"\0*\0wrStatusNum\";i:30;s:12:\"\0*\0currentWP\";N;s:6:\"\0*\0uID\";s:1:\"1\";s:5:\"error\";s:0:\"\";s:4:\"pkID\";s:2:\"13\";s:3:\"cID\";s:3:\"231\";s:4:\"cvID\";s:1:\"7\";s:4:\"wrID\";s:3:\"319\";}')
 ,(320,320,'2015-09-02 14:05:18','O:30:\"ApprovePagePageWorkflowRequest\":8:{s:14:\"\0*\0wrStatusNum\";i:30;s:12:\"\0*\0currentWP\";N;s:6:\"\0*\0uID\";s:1:\"1\";s:5:\"error\";s:0:\"\";s:4:\"pkID\";s:2:\"13\";s:3:\"cID\";s:3:\"228\";s:4:\"cvID\";s:2:\"20\";s:4:\"wrID\";s:3:\"320\";}')
 ,(321,321,'2015-09-02 14:06:15','O:30:\"ApprovePagePageWorkflowRequest\":8:{s:14:\"\0*\0wrStatusNum\";i:30;s:12:\"\0*\0currentWP\";N;s:6:\"\0*\0uID\";s:1:\"1\";s:5:\"error\";s:0:\"\";s:4:\"pkID\";s:2:\"13\";s:3:\"cID\";s:3:\"228\";s:4:\"cvID\";s:2:\"21\";s:4:\"wrID\";s:3:\"321\";}')
 ,(322,322,'2015-09-02 14:08:28','O:30:\"ApprovePagePageWorkflowRequest\":8:{s:14:\"\0*\0wrStatusNum\";i:30;s:12:\"\0*\0currentWP\";N;s:6:\"\0*\0uID\";s:1:\"1\";s:5:\"error\";s:0:\"\";s:4:\"pkID\";s:2:\"13\";s:3:\"cID\";s:3:\"231\";s:4:\"cvID\";s:1:\"8\";s:4:\"wrID\";s:3:\"322\";}')
 ,(323,323,'2015-09-02 14:10:03','O:30:\"ApprovePagePageWorkflowRequest\":8:{s:14:\"\0*\0wrStatusNum\";i:30;s:12:\"\0*\0currentWP\";N;s:6:\"\0*\0uID\";s:1:\"1\";s:5:\"error\";s:0:\"\";s:4:\"pkID\";s:2:\"13\";s:3:\"cID\";s:3:\"231\";s:4:\"cvID\";s:1:\"9\";s:4:\"wrID\";s:3:\"323\";}')
 ,(324,324,'2015-09-02 14:10:35','O:30:\"ApprovePagePageWorkflowRequest\":8:{s:14:\"\0*\0wrStatusNum\";i:30;s:12:\"\0*\0currentWP\";N;s:6:\"\0*\0uID\";s:1:\"1\";s:5:\"error\";s:0:\"\";s:4:\"pkID\";s:2:\"13\";s:3:\"cID\";s:3:\"231\";s:4:\"cvID\";s:2:\"10\";s:4:\"wrID\";s:3:\"324\";}')
 ,(325,325,'2015-09-02 14:11:38','O:30:\"ApprovePagePageWorkflowRequest\":8:{s:14:\"\0*\0wrStatusNum\";i:30;s:12:\"\0*\0currentWP\";N;s:6:\"\0*\0uID\";s:1:\"1\";s:5:\"error\";s:0:\"\";s:4:\"pkID\";s:2:\"13\";s:3:\"cID\";s:3:\"231\";s:4:\"cvID\";s:2:\"11\";s:4:\"wrID\";s:3:\"325\";}')
 ,(326,326,'2015-09-02 14:12:09','O:30:\"ApprovePagePageWorkflowRequest\":8:{s:14:\"\0*\0wrStatusNum\";i:30;s:12:\"\0*\0currentWP\";N;s:6:\"\0*\0uID\";s:1:\"1\";s:5:\"error\";s:0:\"\";s:4:\"pkID\";s:2:\"13\";s:3:\"cID\";s:3:\"231\";s:4:\"cvID\";s:2:\"12\";s:4:\"wrID\";s:3:\"326\";}')
 ,(327,327,'2015-09-02 14:14:22','O:30:\"ApprovePagePageWorkflowRequest\":8:{s:14:\"\0*\0wrStatusNum\";i:30;s:12:\"\0*\0currentWP\";N;s:6:\"\0*\0uID\";s:1:\"1\";s:5:\"error\";s:0:\"\";s:4:\"pkID\";s:2:\"13\";s:3:\"cID\";s:3:\"231\";s:4:\"cvID\";s:2:\"13\";s:4:\"wrID\";s:3:\"327\";}')
 ,(328,328,'2015-09-02 20:41:53','O:30:\"ApprovePagePageWorkflowRequest\":8:{s:14:\"\0*\0wrStatusNum\";i:30;s:12:\"\0*\0currentWP\";N;s:6:\"\0*\0uID\";s:1:\"1\";s:5:\"error\";s:0:\"\";s:4:\"pkID\";s:2:\"13\";s:3:\"cID\";s:1:\"1\";s:4:\"cvID\";s:3:\"123\";s:4:\"wrID\";s:3:\"328\";}')
 ,(329,329,'2015-09-02 20:42:50','O:30:\"ApprovePagePageWorkflowRequest\":8:{s:14:\"\0*\0wrStatusNum\";i:30;s:12:\"\0*\0currentWP\";N;s:6:\"\0*\0uID\";s:1:\"1\";s:5:\"error\";s:0:\"\";s:4:\"pkID\";s:2:\"13\";s:3:\"cID\";s:1:\"1\";s:4:\"cvID\";s:3:\"124\";s:4:\"wrID\";s:3:\"329\";}')
 ,(330,330,'2015-09-02 20:43:17','O:30:\"ApprovePagePageWorkflowRequest\":8:{s:14:\"\0*\0wrStatusNum\";i:30;s:12:\"\0*\0currentWP\";N;s:6:\"\0*\0uID\";s:1:\"1\";s:5:\"error\";s:0:\"\";s:4:\"pkID\";s:2:\"13\";s:3:\"cID\";s:1:\"1\";s:4:\"cvID\";s:3:\"125\";s:4:\"wrID\";s:3:\"330\";}')
 ,(331,331,'2015-09-02 20:44:06','O:30:\"ApprovePagePageWorkflowRequest\":8:{s:14:\"\0*\0wrStatusNum\";i:30;s:12:\"\0*\0currentWP\";N;s:6:\"\0*\0uID\";s:1:\"1\";s:5:\"error\";s:0:\"\";s:4:\"pkID\";s:2:\"13\";s:3:\"cID\";s:1:\"1\";s:4:\"cvID\";s:3:\"126\";s:4:\"wrID\";s:3:\"331\";}')
 ,(332,332,'2015-09-02 20:57:07','O:30:\"ApprovePagePageWorkflowRequest\":8:{s:14:\"\0*\0wrStatusNum\";i:30;s:12:\"\0*\0currentWP\";N;s:6:\"\0*\0uID\";s:1:\"1\";s:5:\"error\";s:0:\"\";s:4:\"pkID\";s:2:\"13\";s:3:\"cID\";s:3:\"231\";s:4:\"cvID\";s:2:\"14\";s:4:\"wrID\";s:3:\"332\";}')
 ,(333,333,'2015-09-02 21:02:30','O:30:\"ApprovePagePageWorkflowRequest\":8:{s:14:\"\0*\0wrStatusNum\";i:30;s:12:\"\0*\0currentWP\";N;s:6:\"\0*\0uID\";s:1:\"1\";s:5:\"error\";s:0:\"\";s:4:\"pkID\";s:2:\"13\";s:3:\"cID\";s:3:\"231\";s:4:\"cvID\";s:2:\"15\";s:4:\"wrID\";s:3:\"333\";}')
 ,(334,334,'2015-09-02 21:06:03','O:30:\"ApprovePagePageWorkflowRequest\":8:{s:14:\"\0*\0wrStatusNum\";i:30;s:12:\"\0*\0currentWP\";N;s:6:\"\0*\0uID\";s:1:\"1\";s:5:\"error\";s:0:\"\";s:4:\"pkID\";s:2:\"13\";s:3:\"cID\";s:3:\"231\";s:4:\"cvID\";s:2:\"16\";s:4:\"wrID\";s:3:\"334\";}')
 ,(335,335,'2015-09-02 21:13:29','O:30:\"ApprovePagePageWorkflowRequest\":8:{s:14:\"\0*\0wrStatusNum\";i:30;s:12:\"\0*\0currentWP\";N;s:6:\"\0*\0uID\";s:1:\"1\";s:5:\"error\";s:0:\"\";s:4:\"pkID\";s:2:\"13\";s:3:\"cID\";s:3:\"231\";s:4:\"cvID\";s:2:\"17\";s:4:\"wrID\";s:3:\"335\";}')
 ,(336,336,'2015-09-02 23:02:06','O:30:\"ApprovePagePageWorkflowRequest\":8:{s:14:\"\0*\0wrStatusNum\";i:30;s:12:\"\0*\0currentWP\";N;s:6:\"\0*\0uID\";s:1:\"1\";s:5:\"error\";s:0:\"\";s:4:\"pkID\";s:2:\"13\";s:3:\"cID\";s:3:\"231\";s:4:\"cvID\";s:2:\"18\";s:4:\"wrID\";s:3:\"336\";}')
 ,(337,337,'2015-09-02 23:03:29','O:30:\"ApprovePagePageWorkflowRequest\":8:{s:14:\"\0*\0wrStatusNum\";i:30;s:12:\"\0*\0currentWP\";N;s:6:\"\0*\0uID\";s:1:\"1\";s:5:\"error\";s:0:\"\";s:4:\"pkID\";s:2:\"13\";s:3:\"cID\";s:3:\"231\";s:4:\"cvID\";s:2:\"19\";s:4:\"wrID\";s:3:\"337\";}')
 ,(338,338,'2015-09-03 00:20:17','O:30:\"ApprovePagePageWorkflowRequest\":8:{s:14:\"\0*\0wrStatusNum\";i:30;s:12:\"\0*\0currentWP\";N;s:6:\"\0*\0uID\";s:1:\"1\";s:5:\"error\";s:0:\"\";s:4:\"pkID\";s:2:\"13\";s:3:\"cID\";s:3:\"225\";s:4:\"cvID\";s:2:\"10\";s:4:\"wrID\";s:3:\"338\";}')
 ,(339,339,'2015-09-03 00:24:12','O:30:\"ApprovePagePageWorkflowRequest\":8:{s:14:\"\0*\0wrStatusNum\";i:30;s:12:\"\0*\0currentWP\";N;s:6:\"\0*\0uID\";s:1:\"1\";s:5:\"error\";s:0:\"\";s:4:\"pkID\";s:2:\"13\";s:3:\"cID\";s:3:\"225\";s:4:\"cvID\";s:2:\"11\";s:4:\"wrID\";s:3:\"339\";}')
 ,(340,340,'2015-09-03 00:26:09','O:30:\"ApprovePagePageWorkflowRequest\":8:{s:14:\"\0*\0wrStatusNum\";i:30;s:12:\"\0*\0currentWP\";N;s:6:\"\0*\0uID\";s:1:\"1\";s:5:\"error\";s:0:\"\";s:4:\"pkID\";s:2:\"13\";s:3:\"cID\";s:3:\"225\";s:4:\"cvID\";s:2:\"12\";s:4:\"wrID\";s:3:\"340\";}')
 ,(341,341,'2015-09-03 00:30:06','O:30:\"ApprovePagePageWorkflowRequest\":8:{s:14:\"\0*\0wrStatusNum\";i:30;s:12:\"\0*\0currentWP\";N;s:6:\"\0*\0uID\";s:1:\"1\";s:5:\"error\";s:0:\"\";s:4:\"pkID\";s:2:\"13\";s:3:\"cID\";s:3:\"225\";s:4:\"cvID\";s:2:\"13\";s:4:\"wrID\";s:3:\"341\";}')
 ,(342,342,'2015-09-03 00:32:24','O:30:\"ApprovePagePageWorkflowRequest\":8:{s:14:\"\0*\0wrStatusNum\";i:30;s:12:\"\0*\0currentWP\";N;s:6:\"\0*\0uID\";s:1:\"1\";s:5:\"error\";s:0:\"\";s:4:\"pkID\";s:2:\"13\";s:3:\"cID\";s:3:\"225\";s:4:\"cvID\";s:2:\"14\";s:4:\"wrID\";s:3:\"342\";}')
 ,(343,343,'2015-09-03 00:33:42','O:30:\"ApprovePagePageWorkflowRequest\":8:{s:14:\"\0*\0wrStatusNum\";i:30;s:12:\"\0*\0currentWP\";N;s:6:\"\0*\0uID\";s:1:\"1\";s:5:\"error\";s:0:\"\";s:4:\"pkID\";s:2:\"13\";s:3:\"cID\";s:3:\"225\";s:4:\"cvID\";s:2:\"15\";s:4:\"wrID\";s:3:\"343\";}')
 ,(344,344,'2015-09-03 00:34:09','O:30:\"ApprovePagePageWorkflowRequest\":8:{s:14:\"\0*\0wrStatusNum\";i:30;s:12:\"\0*\0currentWP\";N;s:6:\"\0*\0uID\";s:1:\"1\";s:5:\"error\";s:0:\"\";s:4:\"pkID\";s:2:\"13\";s:3:\"cID\";s:3:\"225\";s:4:\"cvID\";s:2:\"16\";s:4:\"wrID\";s:3:\"344\";}')
 ,(345,345,'2015-09-03 00:34:39','O:30:\"ApprovePagePageWorkflowRequest\":8:{s:14:\"\0*\0wrStatusNum\";i:30;s:12:\"\0*\0currentWP\";N;s:6:\"\0*\0uID\";s:1:\"1\";s:5:\"error\";s:0:\"\";s:4:\"pkID\";s:2:\"13\";s:3:\"cID\";s:3:\"225\";s:4:\"cvID\";s:2:\"17\";s:4:\"wrID\";s:3:\"345\";}')
 ,(346,346,'2015-09-03 00:35:42','O:30:\"ApprovePagePageWorkflowRequest\":8:{s:14:\"\0*\0wrStatusNum\";i:30;s:12:\"\0*\0currentWP\";N;s:6:\"\0*\0uID\";s:1:\"1\";s:5:\"error\";s:0:\"\";s:4:\"pkID\";s:2:\"13\";s:3:\"cID\";s:3:\"225\";s:4:\"cvID\";s:2:\"18\";s:4:\"wrID\";s:3:\"346\";}')
 ,(347,347,'2015-09-03 00:36:27','O:30:\"ApprovePagePageWorkflowRequest\":8:{s:14:\"\0*\0wrStatusNum\";i:30;s:12:\"\0*\0currentWP\";N;s:6:\"\0*\0uID\";s:1:\"1\";s:5:\"error\";s:0:\"\";s:4:\"pkID\";s:2:\"13\";s:3:\"cID\";s:3:\"225\";s:4:\"cvID\";s:2:\"19\";s:4:\"wrID\";s:3:\"347\";}')
 ,(348,348,'2015-09-03 00:37:06','O:30:\"ApprovePagePageWorkflowRequest\":8:{s:14:\"\0*\0wrStatusNum\";i:30;s:12:\"\0*\0currentWP\";N;s:6:\"\0*\0uID\";s:1:\"1\";s:5:\"error\";s:0:\"\";s:4:\"pkID\";s:2:\"13\";s:3:\"cID\";s:3:\"225\";s:4:\"cvID\";s:2:\"20\";s:4:\"wrID\";s:3:\"348\";}')
 ,(349,349,'2015-09-03 00:37:43','O:30:\"ApprovePagePageWorkflowRequest\":8:{s:14:\"\0*\0wrStatusNum\";i:30;s:12:\"\0*\0currentWP\";N;s:6:\"\0*\0uID\";s:1:\"1\";s:5:\"error\";s:0:\"\";s:4:\"pkID\";s:2:\"13\";s:3:\"cID\";s:3:\"225\";s:4:\"cvID\";s:2:\"21\";s:4:\"wrID\";s:3:\"349\";}')
 ,(350,350,'2015-09-03 00:38:59','O:30:\"ApprovePagePageWorkflowRequest\":8:{s:14:\"\0*\0wrStatusNum\";i:30;s:12:\"\0*\0currentWP\";N;s:6:\"\0*\0uID\";s:1:\"1\";s:5:\"error\";s:0:\"\";s:4:\"pkID\";s:2:\"13\";s:3:\"cID\";s:3:\"225\";s:4:\"cvID\";s:2:\"22\";s:4:\"wrID\";s:3:\"350\";}')
 ,(351,351,'2015-09-03 00:40:00','O:30:\"ApprovePagePageWorkflowRequest\":8:{s:14:\"\0*\0wrStatusNum\";i:30;s:12:\"\0*\0currentWP\";N;s:6:\"\0*\0uID\";s:1:\"1\";s:5:\"error\";s:0:\"\";s:4:\"pkID\";s:2:\"13\";s:3:\"cID\";s:3:\"225\";s:4:\"cvID\";s:2:\"23\";s:4:\"wrID\";s:3:\"351\";}')
 ,(352,352,'2015-09-03 00:45:10','O:30:\"ApprovePagePageWorkflowRequest\":8:{s:14:\"\0*\0wrStatusNum\";i:30;s:12:\"\0*\0currentWP\";N;s:6:\"\0*\0uID\";s:1:\"1\";s:5:\"error\";s:0:\"\";s:4:\"pkID\";s:2:\"13\";s:3:\"cID\";s:3:\"225\";s:4:\"cvID\";s:2:\"24\";s:4:\"wrID\";s:3:\"352\";}')
 ,(353,353,'2015-09-03 00:47:01','O:30:\"ApprovePagePageWorkflowRequest\":8:{s:14:\"\0*\0wrStatusNum\";i:30;s:12:\"\0*\0currentWP\";N;s:6:\"\0*\0uID\";s:1:\"1\";s:5:\"error\";s:0:\"\";s:4:\"pkID\";s:2:\"13\";s:3:\"cID\";s:3:\"225\";s:4:\"cvID\";s:2:\"25\";s:4:\"wrID\";s:3:\"353\";}')
 ,(354,354,'2015-09-03 00:48:32','O:30:\"ApprovePagePageWorkflowRequest\":8:{s:14:\"\0*\0wrStatusNum\";i:30;s:12:\"\0*\0currentWP\";N;s:6:\"\0*\0uID\";s:1:\"1\";s:5:\"error\";s:0:\"\";s:4:\"pkID\";s:2:\"13\";s:3:\"cID\";s:3:\"225\";s:4:\"cvID\";s:2:\"26\";s:4:\"wrID\";s:3:\"354\";}')
 ,(355,355,'2015-09-03 00:49:55','O:30:\"ApprovePagePageWorkflowRequest\":8:{s:14:\"\0*\0wrStatusNum\";i:30;s:12:\"\0*\0currentWP\";N;s:6:\"\0*\0uID\";s:1:\"1\";s:5:\"error\";s:0:\"\";s:4:\"pkID\";s:2:\"13\";s:3:\"cID\";s:3:\"225\";s:4:\"cvID\";s:2:\"27\";s:4:\"wrID\";s:3:\"355\";}')
 ,(356,356,'2015-09-03 00:51:15','O:30:\"ApprovePagePageWorkflowRequest\":8:{s:14:\"\0*\0wrStatusNum\";i:30;s:12:\"\0*\0currentWP\";N;s:6:\"\0*\0uID\";s:1:\"1\";s:5:\"error\";s:0:\"\";s:4:\"pkID\";s:2:\"13\";s:3:\"cID\";s:3:\"232\";s:4:\"cvID\";s:1:\"1\";s:4:\"wrID\";s:3:\"356\";}')
 ,(357,357,'2015-09-03 00:52:07','O:30:\"ApprovePagePageWorkflowRequest\":8:{s:14:\"\0*\0wrStatusNum\";i:30;s:12:\"\0*\0currentWP\";N;s:6:\"\0*\0uID\";s:1:\"1\";s:5:\"error\";s:0:\"\";s:4:\"pkID\";s:2:\"13\";s:3:\"cID\";s:3:\"232\";s:4:\"cvID\";s:1:\"2\";s:4:\"wrID\";s:3:\"357\";}')
 ,(358,358,'2015-09-03 00:54:43','O:30:\"ApprovePagePageWorkflowRequest\":8:{s:14:\"\0*\0wrStatusNum\";i:30;s:12:\"\0*\0currentWP\";N;s:6:\"\0*\0uID\";s:1:\"1\";s:5:\"error\";s:0:\"\";s:4:\"pkID\";s:2:\"13\";s:3:\"cID\";s:3:\"233\";s:4:\"cvID\";s:2:\"28\";s:4:\"wrID\";s:3:\"358\";}')
 ,(359,359,'2015-09-03 01:00:46','O:30:\"ApprovePagePageWorkflowRequest\":8:{s:14:\"\0*\0wrStatusNum\";i:30;s:12:\"\0*\0currentWP\";N;s:6:\"\0*\0uID\";s:1:\"1\";s:5:\"error\";s:0:\"\";s:4:\"pkID\";s:2:\"13\";s:3:\"cID\";s:3:\"164\";s:4:\"cvID\";s:2:\"13\";s:4:\"wrID\";s:3:\"359\";}')
 ,(360,360,'2015-09-03 01:04:17','O:30:\"ApprovePagePageWorkflowRequest\":8:{s:14:\"\0*\0wrStatusNum\";i:30;s:12:\"\0*\0currentWP\";N;s:6:\"\0*\0uID\";s:1:\"1\";s:5:\"error\";s:0:\"\";s:4:\"pkID\";s:2:\"13\";s:3:\"cID\";s:3:\"164\";s:4:\"cvID\";s:2:\"13\";s:4:\"wrID\";s:3:\"360\";}')
 ,(361,361,'2015-09-03 01:05:01','O:30:\"ApprovePagePageWorkflowRequest\":8:{s:14:\"\0*\0wrStatusNum\";i:30;s:12:\"\0*\0currentWP\";N;s:6:\"\0*\0uID\";s:1:\"1\";s:5:\"error\";s:0:\"\";s:4:\"pkID\";s:2:\"13\";s:3:\"cID\";s:3:\"164\";s:4:\"cvID\";s:2:\"13\";s:4:\"wrID\";s:3:\"361\";}')
 ,(362,362,'2015-09-03 01:05:55','O:30:\"ApprovePagePageWorkflowRequest\":8:{s:14:\"\0*\0wrStatusNum\";i:30;s:12:\"\0*\0currentWP\";N;s:6:\"\0*\0uID\";s:1:\"1\";s:5:\"error\";s:0:\"\";s:4:\"pkID\";s:2:\"13\";s:3:\"cID\";s:3:\"164\";s:4:\"cvID\";s:2:\"14\";s:4:\"wrID\";s:3:\"362\";}')
 ,(363,363,'2015-09-03 01:06:33','O:30:\"ApprovePagePageWorkflowRequest\":8:{s:14:\"\0*\0wrStatusNum\";i:30;s:12:\"\0*\0currentWP\";N;s:6:\"\0*\0uID\";s:1:\"1\";s:5:\"error\";s:0:\"\";s:4:\"pkID\";s:2:\"13\";s:3:\"cID\";s:3:\"164\";s:4:\"cvID\";s:2:\"15\";s:4:\"wrID\";s:3:\"363\";}')
 ,(364,364,'2015-09-03 01:09:35','O:30:\"ApprovePagePageWorkflowRequest\":8:{s:14:\"\0*\0wrStatusNum\";i:30;s:12:\"\0*\0currentWP\";N;s:6:\"\0*\0uID\";s:1:\"1\";s:5:\"error\";s:0:\"\";s:4:\"pkID\";s:2:\"13\";s:3:\"cID\";s:1:\"1\";s:4:\"cvID\";s:3:\"127\";s:4:\"wrID\";s:3:\"364\";}')
 ,(365,1,'2015-09-10 17:17:47','O:30:\"ApprovePagePageWorkflowRequest\":8:{s:14:\"\0*\0wrStatusNum\";i:30;s:12:\"\0*\0currentWP\";N;s:6:\"\0*\0uID\";s:1:\"3\";s:5:\"error\";s:0:\"\";s:4:\"pkID\";s:2:\"13\";s:3:\"cID\";s:3:\"160\";s:4:\"cvID\";s:1:\"2\";s:4:\"wrID\";s:1:\"1\";}')
 ,(366,2,'2015-09-10 17:19:31','O:30:\"ApprovePagePageWorkflowRequest\":8:{s:14:\"\0*\0wrStatusNum\";i:30;s:12:\"\0*\0currentWP\";N;s:6:\"\0*\0uID\";s:1:\"3\";s:5:\"error\";s:0:\"\";s:4:\"pkID\";s:2:\"13\";s:3:\"cID\";s:3:\"161\";s:4:\"cvID\";s:1:\"2\";s:4:\"wrID\";s:1:\"2\";}')
 ,(367,3,'2015-09-10 18:02:28','O:30:\"ApprovePagePageWorkflowRequest\":8:{s:14:\"\0*\0wrStatusNum\";i:30;s:12:\"\0*\0currentWP\";N;s:6:\"\0*\0uID\";s:1:\"3\";s:5:\"error\";s:0:\"\";s:4:\"pkID\";s:2:\"13\";s:3:\"cID\";s:3:\"162\";s:4:\"cvID\";s:1:\"2\";s:4:\"wrID\";s:1:\"3\";}')
 ,(368,4,'2015-09-10 18:26:47','O:30:\"ApprovePagePageWorkflowRequest\":8:{s:14:\"\0*\0wrStatusNum\";i:30;s:12:\"\0*\0currentWP\";N;s:6:\"\0*\0uID\";s:1:\"3\";s:5:\"error\";s:0:\"\";s:4:\"pkID\";s:2:\"13\";s:3:\"cID\";s:3:\"194\";s:4:\"cvID\";s:1:\"3\";s:4:\"wrID\";s:1:\"4\";}')
 ,(369,5,'2015-09-10 18:45:51','O:30:\"ApprovePagePageWorkflowRequest\":8:{s:14:\"\0*\0wrStatusNum\";i:30;s:12:\"\0*\0currentWP\";N;s:6:\"\0*\0uID\";s:1:\"3\";s:5:\"error\";s:0:\"\";s:4:\"pkID\";s:2:\"13\";s:3:\"cID\";s:3:\"195\";s:4:\"cvID\";s:1:\"2\";s:4:\"wrID\";s:1:\"5\";}')
 ,(370,6,'2015-09-10 18:49:18','O:30:\"ApprovePagePageWorkflowRequest\":8:{s:14:\"\0*\0wrStatusNum\";i:30;s:12:\"\0*\0currentWP\";N;s:6:\"\0*\0uID\";s:1:\"3\";s:5:\"error\";s:0:\"\";s:4:\"pkID\";s:2:\"13\";s:3:\"cID\";s:3:\"195\";s:4:\"cvID\";s:1:\"4\";s:4:\"wrID\";s:1:\"6\";}')
 ,(371,7,'2015-09-10 19:00:58','O:30:\"ApprovePagePageWorkflowRequest\":8:{s:14:\"\0*\0wrStatusNum\";i:30;s:12:\"\0*\0currentWP\";N;s:6:\"\0*\0uID\";s:1:\"3\";s:5:\"error\";s:0:\"\";s:4:\"pkID\";s:2:\"13\";s:3:\"cID\";s:3:\"195\";s:4:\"cvID\";s:1:\"5\";s:4:\"wrID\";s:1:\"7\";}')
 ,(372,8,'2015-09-11 01:07:26','O:30:\"ApprovePagePageWorkflowRequest\":8:{s:14:\"\0*\0wrStatusNum\";i:30;s:12:\"\0*\0currentWP\";N;s:6:\"\0*\0uID\";s:1:\"1\";s:5:\"error\";s:0:\"\";s:4:\"pkID\";s:2:\"13\";s:3:\"cID\";s:1:\"1\";s:4:\"cvID\";s:3:\"128\";s:4:\"wrID\";s:1:\"8\";}')
 ,(373,9,'2015-09-11 01:10:05','O:30:\"ApprovePagePageWorkflowRequest\":8:{s:14:\"\0*\0wrStatusNum\";i:30;s:12:\"\0*\0currentWP\";N;s:6:\"\0*\0uID\";s:1:\"1\";s:5:\"error\";s:0:\"\";s:4:\"pkID\";s:2:\"13\";s:3:\"cID\";s:1:\"1\";s:4:\"cvID\";s:3:\"129\";s:4:\"wrID\";s:1:\"9\";}')
 ,(374,10,'2015-09-11 01:10:30','O:30:\"ApprovePagePageWorkflowRequest\":8:{s:14:\"\0*\0wrStatusNum\";i:30;s:12:\"\0*\0currentWP\";N;s:6:\"\0*\0uID\";s:1:\"1\";s:5:\"error\";s:0:\"\";s:4:\"pkID\";s:2:\"13\";s:3:\"cID\";s:1:\"1\";s:4:\"cvID\";s:3:\"130\";s:4:\"wrID\";s:2:\"10\";}')
 ,(375,11,'2015-09-11 01:11:08','O:30:\"ApprovePagePageWorkflowRequest\":8:{s:14:\"\0*\0wrStatusNum\";i:30;s:12:\"\0*\0currentWP\";N;s:6:\"\0*\0uID\";s:1:\"1\";s:5:\"error\";s:0:\"\";s:4:\"pkID\";s:2:\"13\";s:3:\"cID\";s:1:\"1\";s:4:\"cvID\";s:3:\"131\";s:4:\"wrID\";s:2:\"11\";}')
 ,(376,12,'2015-09-11 01:13:59','O:30:\"ApprovePagePageWorkflowRequest\":8:{s:14:\"\0*\0wrStatusNum\";i:30;s:12:\"\0*\0currentWP\";N;s:6:\"\0*\0uID\";s:1:\"1\";s:5:\"error\";s:0:\"\";s:4:\"pkID\";s:2:\"13\";s:3:\"cID\";s:1:\"1\";s:4:\"cvID\";s:3:\"132\";s:4:\"wrID\";s:2:\"12\";}')
 ,(377,13,'2015-09-11 01:15:19','O:30:\"ApprovePagePageWorkflowRequest\":8:{s:14:\"\0*\0wrStatusNum\";i:30;s:12:\"\0*\0currentWP\";N;s:6:\"\0*\0uID\";s:1:\"1\";s:5:\"error\";s:0:\"\";s:4:\"pkID\";s:2:\"13\";s:3:\"cID\";s:1:\"1\";s:4:\"cvID\";s:3:\"133\";s:4:\"wrID\";s:2:\"13\";}')
 ,(378,14,'2015-09-11 01:15:44','O:30:\"ApprovePagePageWorkflowRequest\":8:{s:14:\"\0*\0wrStatusNum\";i:30;s:12:\"\0*\0currentWP\";N;s:6:\"\0*\0uID\";s:1:\"1\";s:5:\"error\";s:0:\"\";s:4:\"pkID\";s:2:\"13\";s:3:\"cID\";s:1:\"1\";s:4:\"cvID\";s:3:\"134\";s:4:\"wrID\";s:2:\"14\";}')
 ,(379,15,'2015-09-11 01:18:02','O:30:\"ApprovePagePageWorkflowRequest\":8:{s:14:\"\0*\0wrStatusNum\";i:30;s:12:\"\0*\0currentWP\";N;s:6:\"\0*\0uID\";s:1:\"1\";s:5:\"error\";s:0:\"\";s:4:\"pkID\";s:2:\"13\";s:3:\"cID\";s:1:\"1\";s:4:\"cvID\";s:3:\"135\";s:4:\"wrID\";s:2:\"15\";}')
 ,(380,16,'2015-09-11 01:18:45','O:30:\"ApprovePagePageWorkflowRequest\":8:{s:14:\"\0*\0wrStatusNum\";i:30;s:12:\"\0*\0currentWP\";N;s:6:\"\0*\0uID\";s:1:\"1\";s:5:\"error\";s:0:\"\";s:4:\"pkID\";s:2:\"13\";s:3:\"cID\";s:1:\"1\";s:4:\"cvID\";s:3:\"136\";s:4:\"wrID\";s:2:\"16\";}')
 ,(381,17,'2015-09-11 01:19:12','O:30:\"ApprovePagePageWorkflowRequest\":8:{s:14:\"\0*\0wrStatusNum\";i:30;s:12:\"\0*\0currentWP\";N;s:6:\"\0*\0uID\";s:1:\"1\";s:5:\"error\";s:0:\"\";s:4:\"pkID\";s:2:\"13\";s:3:\"cID\";s:1:\"1\";s:4:\"cvID\";s:3:\"137\";s:4:\"wrID\";s:2:\"17\";}')
 ,(382,18,'2015-09-11 01:20:22','O:30:\"ApprovePagePageWorkflowRequest\":8:{s:14:\"\0*\0wrStatusNum\";i:30;s:12:\"\0*\0currentWP\";N;s:6:\"\0*\0uID\";s:1:\"1\";s:5:\"error\";s:0:\"\";s:4:\"pkID\";s:2:\"13\";s:3:\"cID\";s:1:\"1\";s:4:\"cvID\";s:3:\"138\";s:4:\"wrID\";s:2:\"18\";}')
 ,(383,19,'2015-09-11 01:21:13','O:30:\"ApprovePagePageWorkflowRequest\":8:{s:14:\"\0*\0wrStatusNum\";i:30;s:12:\"\0*\0currentWP\";N;s:6:\"\0*\0uID\";s:1:\"1\";s:5:\"error\";s:0:\"\";s:4:\"pkID\";s:2:\"13\";s:3:\"cID\";s:1:\"1\";s:4:\"cvID\";s:3:\"139\";s:4:\"wrID\";s:2:\"19\";}')
 ,(384,20,'2015-09-11 01:21:40','O:30:\"ApprovePagePageWorkflowRequest\":8:{s:14:\"\0*\0wrStatusNum\";i:30;s:12:\"\0*\0currentWP\";N;s:6:\"\0*\0uID\";s:1:\"1\";s:5:\"error\";s:0:\"\";s:4:\"pkID\";s:2:\"13\";s:3:\"cID\";s:1:\"1\";s:4:\"cvID\";s:3:\"140\";s:4:\"wrID\";s:2:\"20\";}')
 ,(385,21,'2015-09-11 01:22:51','O:30:\"ApprovePagePageWorkflowRequest\":8:{s:14:\"\0*\0wrStatusNum\";i:30;s:12:\"\0*\0currentWP\";N;s:6:\"\0*\0uID\";s:1:\"1\";s:5:\"error\";s:0:\"\";s:4:\"pkID\";s:2:\"13\";s:3:\"cID\";s:1:\"1\";s:4:\"cvID\";s:3:\"141\";s:4:\"wrID\";s:2:\"21\";}')
 ,(386,22,'2015-09-11 01:24:07','O:30:\"ApprovePagePageWorkflowRequest\":8:{s:14:\"\0*\0wrStatusNum\";i:30;s:12:\"\0*\0currentWP\";N;s:6:\"\0*\0uID\";s:1:\"1\";s:5:\"error\";s:0:\"\";s:4:\"pkID\";s:2:\"13\";s:3:\"cID\";s:1:\"1\";s:4:\"cvID\";s:3:\"142\";s:4:\"wrID\";s:2:\"22\";}')
 ,(387,23,'2015-09-11 01:24:39','O:30:\"ApprovePagePageWorkflowRequest\":8:{s:14:\"\0*\0wrStatusNum\";i:30;s:12:\"\0*\0currentWP\";N;s:6:\"\0*\0uID\";s:1:\"1\";s:5:\"error\";s:0:\"\";s:4:\"pkID\";s:2:\"13\";s:3:\"cID\";s:1:\"1\";s:4:\"cvID\";s:3:\"143\";s:4:\"wrID\";s:2:\"23\";}')
 ,(388,24,'2015-09-11 01:25:57','O:30:\"ApprovePagePageWorkflowRequest\":8:{s:14:\"\0*\0wrStatusNum\";i:30;s:12:\"\0*\0currentWP\";N;s:6:\"\0*\0uID\";s:1:\"1\";s:5:\"error\";s:0:\"\";s:4:\"pkID\";s:2:\"13\";s:3:\"cID\";s:1:\"1\";s:4:\"cvID\";s:3:\"142\";s:4:\"wrID\";s:2:\"24\";}')
 ,(389,25,'2015-09-11 01:26:59','O:30:\"ApprovePagePageWorkflowRequest\":8:{s:14:\"\0*\0wrStatusNum\";i:30;s:12:\"\0*\0currentWP\";N;s:6:\"\0*\0uID\";s:1:\"1\";s:5:\"error\";s:0:\"\";s:4:\"pkID\";s:2:\"13\";s:3:\"cID\";s:1:\"1\";s:4:\"cvID\";s:3:\"143\";s:4:\"wrID\";s:2:\"25\";}')
 ,(390,26,'2015-09-11 01:28:01','O:30:\"ApprovePagePageWorkflowRequest\":8:{s:14:\"\0*\0wrStatusNum\";i:30;s:12:\"\0*\0currentWP\";N;s:6:\"\0*\0uID\";s:1:\"1\";s:5:\"error\";s:0:\"\";s:4:\"pkID\";s:2:\"13\";s:3:\"cID\";s:1:\"1\";s:4:\"cvID\";s:3:\"142\";s:4:\"wrID\";s:2:\"26\";}')
 ,(391,27,'2015-09-11 01:28:19','O:30:\"ApprovePagePageWorkflowRequest\":8:{s:14:\"\0*\0wrStatusNum\";i:30;s:12:\"\0*\0currentWP\";N;s:6:\"\0*\0uID\";s:1:\"1\";s:5:\"error\";s:0:\"\";s:4:\"pkID\";s:2:\"13\";s:3:\"cID\";s:1:\"1\";s:4:\"cvID\";s:3:\"143\";s:4:\"wrID\";s:2:\"27\";}')
 ,(392,28,'2015-09-11 01:29:10','O:30:\"ApprovePagePageWorkflowRequest\":8:{s:14:\"\0*\0wrStatusNum\";i:30;s:12:\"\0*\0currentWP\";N;s:6:\"\0*\0uID\";s:1:\"1\";s:5:\"error\";s:0:\"\";s:4:\"pkID\";s:2:\"13\";s:3:\"cID\";s:1:\"1\";s:4:\"cvID\";s:3:\"141\";s:4:\"wrID\";s:2:\"28\";}')
 ,(393,29,'2015-09-11 01:30:32','O:30:\"ApprovePagePageWorkflowRequest\":8:{s:14:\"\0*\0wrStatusNum\";i:30;s:12:\"\0*\0currentWP\";N;s:6:\"\0*\0uID\";s:1:\"1\";s:5:\"error\";s:0:\"\";s:4:\"pkID\";s:2:\"13\";s:3:\"cID\";s:1:\"1\";s:4:\"cvID\";s:3:\"142\";s:4:\"wrID\";s:2:\"29\";}')
 ,(394,30,'2015-09-11 01:30:56','O:30:\"ApprovePagePageWorkflowRequest\":8:{s:14:\"\0*\0wrStatusNum\";i:30;s:12:\"\0*\0currentWP\";N;s:6:\"\0*\0uID\";s:1:\"1\";s:5:\"error\";s:0:\"\";s:4:\"pkID\";s:2:\"13\";s:3:\"cID\";s:1:\"1\";s:4:\"cvID\";s:3:\"142\";s:4:\"wrID\";s:2:\"30\";}')
 ,(395,31,'2015-09-11 01:31:25','O:30:\"ApprovePagePageWorkflowRequest\":8:{s:14:\"\0*\0wrStatusNum\";i:30;s:12:\"\0*\0currentWP\";N;s:6:\"\0*\0uID\";s:1:\"1\";s:5:\"error\";s:0:\"\";s:4:\"pkID\";s:2:\"13\";s:3:\"cID\";s:1:\"1\";s:4:\"cvID\";s:3:\"143\";s:4:\"wrID\";s:2:\"31\";}')
 ,(396,32,'2015-09-11 01:34:21','O:30:\"ApprovePagePageWorkflowRequest\":8:{s:14:\"\0*\0wrStatusNum\";i:30;s:12:\"\0*\0currentWP\";N;s:6:\"\0*\0uID\";s:1:\"1\";s:5:\"error\";s:0:\"\";s:4:\"pkID\";s:2:\"13\";s:3:\"cID\";s:1:\"1\";s:4:\"cvID\";s:3:\"144\";s:4:\"wrID\";s:2:\"32\";}')
 ,(397,33,'2015-09-11 01:35:12','O:30:\"ApprovePagePageWorkflowRequest\":8:{s:14:\"\0*\0wrStatusNum\";i:30;s:12:\"\0*\0currentWP\";N;s:6:\"\0*\0uID\";s:1:\"1\";s:5:\"error\";s:0:\"\";s:4:\"pkID\";s:2:\"13\";s:3:\"cID\";s:1:\"1\";s:4:\"cvID\";s:3:\"145\";s:4:\"wrID\";s:2:\"33\";}')
 ,(398,34,'2015-09-11 01:36:12','O:30:\"ApprovePagePageWorkflowRequest\":8:{s:14:\"\0*\0wrStatusNum\";i:30;s:12:\"\0*\0currentWP\";N;s:6:\"\0*\0uID\";s:1:\"1\";s:5:\"error\";s:0:\"\";s:4:\"pkID\";s:2:\"13\";s:3:\"cID\";s:1:\"1\";s:4:\"cvID\";s:3:\"146\";s:4:\"wrID\";s:2:\"34\";}')
 ,(399,35,'2015-09-11 01:37:10','O:30:\"ApprovePagePageWorkflowRequest\":8:{s:14:\"\0*\0wrStatusNum\";i:30;s:12:\"\0*\0currentWP\";N;s:6:\"\0*\0uID\";s:1:\"1\";s:5:\"error\";s:0:\"\";s:4:\"pkID\";s:2:\"13\";s:3:\"cID\";s:1:\"1\";s:4:\"cvID\";s:3:\"147\";s:4:\"wrID\";s:2:\"35\";}')
 ,(400,36,'2015-09-11 01:38:14','O:30:\"ApprovePagePageWorkflowRequest\":8:{s:14:\"\0*\0wrStatusNum\";i:30;s:12:\"\0*\0currentWP\";N;s:6:\"\0*\0uID\";s:1:\"1\";s:5:\"error\";s:0:\"\";s:4:\"pkID\";s:2:\"13\";s:3:\"cID\";s:1:\"1\";s:4:\"cvID\";s:3:\"148\";s:4:\"wrID\";s:2:\"36\";}')
 ,(401,37,'2015-09-11 01:38:59','O:30:\"ApprovePagePageWorkflowRequest\":8:{s:14:\"\0*\0wrStatusNum\";i:30;s:12:\"\0*\0currentWP\";N;s:6:\"\0*\0uID\";s:1:\"1\";s:5:\"error\";s:0:\"\";s:4:\"pkID\";s:2:\"13\";s:3:\"cID\";s:1:\"1\";s:4:\"cvID\";s:3:\"149\";s:4:\"wrID\";s:2:\"37\";}')
 ,(402,38,'2015-09-11 01:39:52','O:30:\"ApprovePagePageWorkflowRequest\":8:{s:14:\"\0*\0wrStatusNum\";i:30;s:12:\"\0*\0currentWP\";N;s:6:\"\0*\0uID\";s:1:\"1\";s:5:\"error\";s:0:\"\";s:4:\"pkID\";s:2:\"13\";s:3:\"cID\";s:1:\"1\";s:4:\"cvID\";s:3:\"150\";s:4:\"wrID\";s:2:\"38\";}')
 ,(403,39,'2015-09-11 01:42:40','O:30:\"ApprovePagePageWorkflowRequest\":8:{s:14:\"\0*\0wrStatusNum\";i:30;s:12:\"\0*\0currentWP\";N;s:6:\"\0*\0uID\";s:1:\"1\";s:5:\"error\";s:0:\"\";s:4:\"pkID\";s:2:\"13\";s:3:\"cID\";s:1:\"1\";s:4:\"cvID\";s:3:\"151\";s:4:\"wrID\";s:2:\"39\";}')
 ,(404,40,'2015-09-11 01:43:26','O:30:\"ApprovePagePageWorkflowRequest\":8:{s:14:\"\0*\0wrStatusNum\";i:30;s:12:\"\0*\0currentWP\";N;s:6:\"\0*\0uID\";s:1:\"1\";s:5:\"error\";s:0:\"\";s:4:\"pkID\";s:2:\"13\";s:3:\"cID\";s:1:\"1\";s:4:\"cvID\";s:3:\"152\";s:4:\"wrID\";s:2:\"40\";}')
 ,(405,41,'2015-09-11 01:44:07','O:30:\"ApprovePagePageWorkflowRequest\":8:{s:14:\"\0*\0wrStatusNum\";i:30;s:12:\"\0*\0currentWP\";N;s:6:\"\0*\0uID\";s:1:\"1\";s:5:\"error\";s:0:\"\";s:4:\"pkID\";s:2:\"13\";s:3:\"cID\";s:1:\"1\";s:4:\"cvID\";s:3:\"153\";s:4:\"wrID\";s:2:\"41\";}')
 ,(406,42,'2015-09-11 01:44:57','O:30:\"ApprovePagePageWorkflowRequest\":8:{s:14:\"\0*\0wrStatusNum\";i:30;s:12:\"\0*\0currentWP\";N;s:6:\"\0*\0uID\";s:1:\"1\";s:5:\"error\";s:0:\"\";s:4:\"pkID\";s:2:\"13\";s:3:\"cID\";s:1:\"1\";s:4:\"cvID\";s:3:\"154\";s:4:\"wrID\";s:2:\"42\";}')
 ,(407,43,'2015-09-11 01:45:37','O:30:\"ApprovePagePageWorkflowRequest\":8:{s:14:\"\0*\0wrStatusNum\";i:30;s:12:\"\0*\0currentWP\";N;s:6:\"\0*\0uID\";s:1:\"1\";s:5:\"error\";s:0:\"\";s:4:\"pkID\";s:2:\"13\";s:3:\"cID\";s:1:\"1\";s:4:\"cvID\";s:3:\"155\";s:4:\"wrID\";s:2:\"43\";}')
 ,(408,44,'2015-09-11 01:49:06','O:30:\"ApprovePagePageWorkflowRequest\":8:{s:14:\"\0*\0wrStatusNum\";i:30;s:12:\"\0*\0currentWP\";N;s:6:\"\0*\0uID\";s:1:\"1\";s:5:\"error\";s:0:\"\";s:4:\"pkID\";s:2:\"13\";s:3:\"cID\";s:1:\"1\";s:4:\"cvID\";s:3:\"156\";s:4:\"wrID\";s:2:\"44\";}')
 ,(409,45,'2015-09-11 01:50:34','O:30:\"ApprovePagePageWorkflowRequest\":8:{s:14:\"\0*\0wrStatusNum\";i:30;s:12:\"\0*\0currentWP\";N;s:6:\"\0*\0uID\";s:1:\"1\";s:5:\"error\";s:0:\"\";s:4:\"pkID\";s:2:\"13\";s:3:\"cID\";s:1:\"1\";s:4:\"cvID\";s:3:\"157\";s:4:\"wrID\";s:2:\"45\";}')
 ,(410,46,'2015-09-11 01:59:08','O:30:\"ApprovePagePageWorkflowRequest\":8:{s:14:\"\0*\0wrStatusNum\";i:30;s:12:\"\0*\0currentWP\";N;s:6:\"\0*\0uID\";s:1:\"1\";s:5:\"error\";s:0:\"\";s:4:\"pkID\";s:2:\"13\";s:3:\"cID\";s:3:\"236\";s:4:\"cvID\";s:1:\"1\";s:4:\"wrID\";s:2:\"46\";}')
 ,(411,47,'2015-09-11 02:01:12','O:30:\"ApprovePagePageWorkflowRequest\":8:{s:14:\"\0*\0wrStatusNum\";i:30;s:12:\"\0*\0currentWP\";N;s:6:\"\0*\0uID\";s:1:\"1\";s:5:\"error\";s:0:\"\";s:4:\"pkID\";s:2:\"13\";s:3:\"cID\";s:3:\"236\";s:4:\"cvID\";s:1:\"2\";s:4:\"wrID\";s:2:\"47\";}')
 ,(412,48,'2015-09-11 02:04:04','O:30:\"ApprovePagePageWorkflowRequest\":8:{s:14:\"\0*\0wrStatusNum\";i:30;s:12:\"\0*\0currentWP\";N;s:6:\"\0*\0uID\";s:1:\"1\";s:5:\"error\";s:0:\"\";s:4:\"pkID\";s:2:\"13\";s:3:\"cID\";s:3:\"236\";s:4:\"cvID\";s:1:\"3\";s:4:\"wrID\";s:2:\"48\";}')
 ,(413,49,'2015-09-11 02:08:45','O:30:\"ApprovePagePageWorkflowRequest\":8:{s:14:\"\0*\0wrStatusNum\";i:30;s:12:\"\0*\0currentWP\";N;s:6:\"\0*\0uID\";s:1:\"1\";s:5:\"error\";s:0:\"\";s:4:\"pkID\";s:2:\"13\";s:3:\"cID\";s:3:\"236\";s:4:\"cvID\";s:1:\"4\";s:4:\"wrID\";s:2:\"49\";}')
 ,(414,50,'2015-09-11 02:14:20','O:30:\"ApprovePagePageWorkflowRequest\":8:{s:14:\"\0*\0wrStatusNum\";i:30;s:12:\"\0*\0currentWP\";N;s:6:\"\0*\0uID\";s:1:\"1\";s:5:\"error\";s:0:\"\";s:4:\"pkID\";s:2:\"13\";s:3:\"cID\";s:3:\"236\";s:4:\"cvID\";s:1:\"5\";s:4:\"wrID\";s:2:\"50\";}')
 ,(415,51,'2015-09-11 02:16:04','O:30:\"ApprovePagePageWorkflowRequest\":8:{s:14:\"\0*\0wrStatusNum\";i:30;s:12:\"\0*\0currentWP\";N;s:6:\"\0*\0uID\";s:1:\"1\";s:5:\"error\";s:0:\"\";s:4:\"pkID\";s:2:\"13\";s:3:\"cID\";s:3:\"236\";s:4:\"cvID\";s:1:\"6\";s:4:\"wrID\";s:2:\"51\";}')
 ,(416,52,'2015-09-11 02:19:39','O:30:\"ApprovePagePageWorkflowRequest\":8:{s:14:\"\0*\0wrStatusNum\";i:30;s:12:\"\0*\0currentWP\";N;s:6:\"\0*\0uID\";s:1:\"1\";s:5:\"error\";s:0:\"\";s:4:\"pkID\";s:2:\"13\";s:3:\"cID\";s:3:\"236\";s:4:\"cvID\";s:1:\"7\";s:4:\"wrID\";s:2:\"52\";}')
 ,(417,53,'2015-09-11 02:23:34','O:30:\"ApprovePagePageWorkflowRequest\":8:{s:14:\"\0*\0wrStatusNum\";i:30;s:12:\"\0*\0currentWP\";N;s:6:\"\0*\0uID\";s:1:\"1\";s:5:\"error\";s:0:\"\";s:4:\"pkID\";s:2:\"13\";s:3:\"cID\";s:3:\"236\";s:4:\"cvID\";s:1:\"8\";s:4:\"wrID\";s:2:\"53\";}')
 ,(418,54,'2015-09-11 02:27:29','O:30:\"ApprovePagePageWorkflowRequest\":8:{s:14:\"\0*\0wrStatusNum\";i:30;s:12:\"\0*\0currentWP\";N;s:6:\"\0*\0uID\";s:1:\"1\";s:5:\"error\";s:0:\"\";s:4:\"pkID\";s:2:\"13\";s:3:\"cID\";s:3:\"236\";s:4:\"cvID\";s:1:\"9\";s:4:\"wrID\";s:2:\"54\";}')
 ,(419,55,'2015-09-11 02:30:15','O:30:\"ApprovePagePageWorkflowRequest\":8:{s:14:\"\0*\0wrStatusNum\";i:30;s:12:\"\0*\0currentWP\";N;s:6:\"\0*\0uID\";s:1:\"1\";s:5:\"error\";s:0:\"\";s:4:\"pkID\";s:2:\"13\";s:3:\"cID\";s:3:\"236\";s:4:\"cvID\";s:2:\"11\";s:4:\"wrID\";s:2:\"55\";}')
 ,(420,56,'2015-09-11 02:31:54','O:30:\"ApprovePagePageWorkflowRequest\":8:{s:14:\"\0*\0wrStatusNum\";i:30;s:12:\"\0*\0currentWP\";N;s:6:\"\0*\0uID\";s:1:\"1\";s:5:\"error\";s:0:\"\";s:4:\"pkID\";s:2:\"13\";s:3:\"cID\";s:3:\"236\";s:4:\"cvID\";s:2:\"13\";s:4:\"wrID\";s:2:\"56\";}')
 ,(421,57,'2015-09-11 02:32:15','O:30:\"ApprovePagePageWorkflowRequest\":8:{s:14:\"\0*\0wrStatusNum\";i:30;s:12:\"\0*\0currentWP\";N;s:6:\"\0*\0uID\";s:1:\"1\";s:5:\"error\";s:0:\"\";s:4:\"pkID\";s:2:\"13\";s:3:\"cID\";s:3:\"236\";s:4:\"cvID\";s:2:\"14\";s:4:\"wrID\";s:2:\"57\";}')
 ,(422,58,'2015-09-11 02:33:02','O:30:\"ApprovePagePageWorkflowRequest\":8:{s:14:\"\0*\0wrStatusNum\";i:30;s:12:\"\0*\0currentWP\";N;s:6:\"\0*\0uID\";s:1:\"1\";s:5:\"error\";s:0:\"\";s:4:\"pkID\";s:2:\"13\";s:3:\"cID\";s:3:\"236\";s:4:\"cvID\";s:2:\"15\";s:4:\"wrID\";s:2:\"58\";}')
 ,(423,59,'2015-09-11 02:34:44','O:30:\"ApprovePagePageWorkflowRequest\":8:{s:14:\"\0*\0wrStatusNum\";i:30;s:12:\"\0*\0currentWP\";N;s:6:\"\0*\0uID\";s:1:\"1\";s:5:\"error\";s:0:\"\";s:4:\"pkID\";s:2:\"13\";s:3:\"cID\";s:3:\"236\";s:4:\"cvID\";s:2:\"11\";s:4:\"wrID\";s:2:\"59\";}')
 ,(424,60,'2015-09-11 02:35:52','O:30:\"ApprovePagePageWorkflowRequest\":8:{s:14:\"\0*\0wrStatusNum\";i:30;s:12:\"\0*\0currentWP\";N;s:6:\"\0*\0uID\";s:1:\"1\";s:5:\"error\";s:0:\"\";s:4:\"pkID\";s:2:\"13\";s:3:\"cID\";s:3:\"236\";s:4:\"cvID\";s:2:\"12\";s:4:\"wrID\";s:2:\"60\";}')
 ,(425,61,'2015-09-11 02:36:54','O:30:\"ApprovePagePageWorkflowRequest\":8:{s:14:\"\0*\0wrStatusNum\";i:30;s:12:\"\0*\0currentWP\";N;s:6:\"\0*\0uID\";s:1:\"1\";s:5:\"error\";s:0:\"\";s:4:\"pkID\";s:2:\"13\";s:3:\"cID\";s:3:\"236\";s:4:\"cvID\";s:2:\"13\";s:4:\"wrID\";s:2:\"61\";}')
 ,(426,62,'2015-09-11 02:37:59','O:30:\"ApprovePagePageWorkflowRequest\":8:{s:14:\"\0*\0wrStatusNum\";i:30;s:12:\"\0*\0currentWP\";N;s:6:\"\0*\0uID\";s:1:\"1\";s:5:\"error\";s:0:\"\";s:4:\"pkID\";s:2:\"13\";s:3:\"cID\";s:3:\"236\";s:4:\"cvID\";s:2:\"14\";s:4:\"wrID\";s:2:\"62\";}')
 ,(427,63,'2015-09-11 02:41:48','O:30:\"ApprovePagePageWorkflowRequest\":8:{s:14:\"\0*\0wrStatusNum\";i:30;s:12:\"\0*\0currentWP\";N;s:6:\"\0*\0uID\";s:1:\"1\";s:5:\"error\";s:0:\"\";s:4:\"pkID\";s:2:\"13\";s:3:\"cID\";s:3:\"236\";s:4:\"cvID\";s:2:\"15\";s:4:\"wrID\";s:2:\"63\";}')
 ,(428,64,'2015-09-11 02:42:56','O:30:\"ApprovePagePageWorkflowRequest\":8:{s:14:\"\0*\0wrStatusNum\";i:30;s:12:\"\0*\0currentWP\";N;s:6:\"\0*\0uID\";s:1:\"1\";s:5:\"error\";s:0:\"\";s:4:\"pkID\";s:2:\"13\";s:3:\"cID\";s:3:\"236\";s:4:\"cvID\";s:2:\"16\";s:4:\"wrID\";s:2:\"64\";}')
 ,(429,65,'2015-09-11 02:45:44','O:30:\"ApprovePagePageWorkflowRequest\":8:{s:14:\"\0*\0wrStatusNum\";i:30;s:12:\"\0*\0currentWP\";N;s:6:\"\0*\0uID\";s:1:\"1\";s:5:\"error\";s:0:\"\";s:4:\"pkID\";s:2:\"13\";s:3:\"cID\";s:3:\"236\";s:4:\"cvID\";s:2:\"17\";s:4:\"wrID\";s:2:\"65\";}')
 ,(430,66,'2015-09-11 02:47:01','O:30:\"ApprovePagePageWorkflowRequest\":8:{s:14:\"\0*\0wrStatusNum\";i:30;s:12:\"\0*\0currentWP\";N;s:6:\"\0*\0uID\";s:1:\"1\";s:5:\"error\";s:0:\"\";s:4:\"pkID\";s:2:\"13\";s:3:\"cID\";s:3:\"236\";s:4:\"cvID\";s:2:\"18\";s:4:\"wrID\";s:2:\"66\";}')
 ,(431,67,'2015-09-11 02:48:13','O:30:\"ApprovePagePageWorkflowRequest\":8:{s:14:\"\0*\0wrStatusNum\";i:30;s:12:\"\0*\0currentWP\";N;s:6:\"\0*\0uID\";s:1:\"1\";s:5:\"error\";s:0:\"\";s:4:\"pkID\";s:2:\"13\";s:3:\"cID\";s:3:\"236\";s:4:\"cvID\";s:2:\"19\";s:4:\"wrID\";s:2:\"67\";}')
 ,(432,68,'2015-09-11 02:50:43','O:30:\"ApprovePagePageWorkflowRequest\":8:{s:14:\"\0*\0wrStatusNum\";i:30;s:12:\"\0*\0currentWP\";N;s:6:\"\0*\0uID\";s:1:\"1\";s:5:\"error\";s:0:\"\";s:4:\"pkID\";s:2:\"13\";s:3:\"cID\";s:3:\"236\";s:4:\"cvID\";s:2:\"20\";s:4:\"wrID\";s:2:\"68\";}')
 ,(433,69,'2015-09-11 02:53:58','O:30:\"ApprovePagePageWorkflowRequest\":8:{s:14:\"\0*\0wrStatusNum\";i:30;s:12:\"\0*\0currentWP\";N;s:6:\"\0*\0uID\";s:1:\"1\";s:5:\"error\";s:0:\"\";s:4:\"pkID\";s:2:\"13\";s:3:\"cID\";s:3:\"236\";s:4:\"cvID\";s:2:\"21\";s:4:\"wrID\";s:2:\"69\";}')
 ,(434,70,'2015-09-11 02:55:27','O:30:\"ApprovePagePageWorkflowRequest\":8:{s:14:\"\0*\0wrStatusNum\";i:30;s:12:\"\0*\0currentWP\";N;s:6:\"\0*\0uID\";s:1:\"1\";s:5:\"error\";s:0:\"\";s:4:\"pkID\";s:2:\"13\";s:3:\"cID\";s:3:\"236\";s:4:\"cvID\";s:2:\"22\";s:4:\"wrID\";s:2:\"70\";}')
 ,(435,71,'2015-09-11 08:22:06','O:30:\"ApprovePagePageWorkflowRequest\":8:{s:14:\"\0*\0wrStatusNum\";i:30;s:12:\"\0*\0currentWP\";N;s:6:\"\0*\0uID\";s:1:\"1\";s:5:\"error\";s:0:\"\";s:4:\"pkID\";s:2:\"13\";s:3:\"cID\";s:3:\"236\";s:4:\"cvID\";s:2:\"24\";s:4:\"wrID\";s:2:\"71\";}')
 ,(436,72,'2015-09-11 08:23:16','O:30:\"ApprovePagePageWorkflowRequest\":8:{s:14:\"\0*\0wrStatusNum\";i:30;s:12:\"\0*\0currentWP\";N;s:6:\"\0*\0uID\";s:1:\"1\";s:5:\"error\";s:0:\"\";s:4:\"pkID\";s:2:\"13\";s:3:\"cID\";s:3:\"236\";s:4:\"cvID\";s:2:\"25\";s:4:\"wrID\";s:2:\"72\";}')
 ,(437,73,'2015-09-11 08:24:23','O:30:\"ApprovePagePageWorkflowRequest\":8:{s:14:\"\0*\0wrStatusNum\";i:30;s:12:\"\0*\0currentWP\";N;s:6:\"\0*\0uID\";s:1:\"1\";s:5:\"error\";s:0:\"\";s:4:\"pkID\";s:2:\"13\";s:3:\"cID\";s:3:\"236\";s:4:\"cvID\";s:2:\"26\";s:4:\"wrID\";s:2:\"73\";}')
 ,(438,74,'2015-09-11 08:25:11','O:30:\"ApprovePagePageWorkflowRequest\":8:{s:14:\"\0*\0wrStatusNum\";i:30;s:12:\"\0*\0currentWP\";N;s:6:\"\0*\0uID\";s:1:\"1\";s:5:\"error\";s:0:\"\";s:4:\"pkID\";s:2:\"13\";s:3:\"cID\";s:3:\"236\";s:4:\"cvID\";s:2:\"27\";s:4:\"wrID\";s:2:\"74\";}')
 ,(439,75,'2015-09-11 08:26:20','O:30:\"ApprovePagePageWorkflowRequest\":8:{s:14:\"\0*\0wrStatusNum\";i:30;s:12:\"\0*\0currentWP\";N;s:6:\"\0*\0uID\";s:1:\"1\";s:5:\"error\";s:0:\"\";s:4:\"pkID\";s:2:\"13\";s:3:\"cID\";s:3:\"236\";s:4:\"cvID\";s:2:\"28\";s:4:\"wrID\";s:2:\"75\";}')
 ,(440,76,'2015-09-11 08:28:44','O:29:\"DeletePagePageWorkflowRequest\":7:{s:14:\"\0*\0wrStatusNum\";i:100;s:12:\"\0*\0currentWP\";N;s:6:\"\0*\0uID\";s:1:\"1\";s:5:\"error\";s:0:\"\";s:4:\"pkID\";s:2:\"11\";s:3:\"cID\";s:3:\"237\";s:4:\"wrID\";s:2:\"76\";}')
 ,(441,77,'2015-09-11 08:48:43','O:30:\"ApprovePagePageWorkflowRequest\":8:{s:14:\"\0*\0wrStatusNum\";i:30;s:12:\"\0*\0currentWP\";N;s:6:\"\0*\0uID\";s:1:\"1\";s:5:\"error\";s:0:\"\";s:4:\"pkID\";s:2:\"13\";s:3:\"cID\";s:1:\"1\";s:4:\"cvID\";s:3:\"158\";s:4:\"wrID\";s:2:\"77\";}')
 ,(442,78,'2015-09-11 08:51:23','O:30:\"ApprovePagePageWorkflowRequest\":8:{s:14:\"\0*\0wrStatusNum\";i:30;s:12:\"\0*\0currentWP\";N;s:6:\"\0*\0uID\";s:1:\"1\";s:5:\"error\";s:0:\"\";s:4:\"pkID\";s:2:\"13\";s:3:\"cID\";s:1:\"1\";s:4:\"cvID\";s:3:\"159\";s:4:\"wrID\";s:2:\"78\";}')
 ,(443,79,'2015-09-11 08:55:44','O:30:\"ApprovePagePageWorkflowRequest\":8:{s:14:\"\0*\0wrStatusNum\";i:30;s:12:\"\0*\0currentWP\";N;s:6:\"\0*\0uID\";s:1:\"1\";s:5:\"error\";s:0:\"\";s:4:\"pkID\";s:2:\"13\";s:3:\"cID\";s:1:\"1\";s:4:\"cvID\";s:3:\"160\";s:4:\"wrID\";s:2:\"79\";}')
 ,(444,80,'2015-09-11 08:56:08','O:30:\"ApprovePagePageWorkflowRequest\":8:{s:14:\"\0*\0wrStatusNum\";i:30;s:12:\"\0*\0currentWP\";N;s:6:\"\0*\0uID\";s:1:\"1\";s:5:\"error\";s:0:\"\";s:4:\"pkID\";s:2:\"13\";s:3:\"cID\";s:1:\"1\";s:4:\"cvID\";s:3:\"161\";s:4:\"wrID\";s:2:\"80\";}')
 ,(445,81,'2015-09-11 08:57:59','O:30:\"ApprovePagePageWorkflowRequest\":8:{s:14:\"\0*\0wrStatusNum\";i:30;s:12:\"\0*\0currentWP\";N;s:6:\"\0*\0uID\";s:1:\"1\";s:5:\"error\";s:0:\"\";s:4:\"pkID\";s:2:\"13\";s:3:\"cID\";s:1:\"1\";s:4:\"cvID\";s:3:\"162\";s:4:\"wrID\";s:2:\"81\";}')
 ,(446,82,'2015-09-11 08:58:57','O:30:\"ApprovePagePageWorkflowRequest\":8:{s:14:\"\0*\0wrStatusNum\";i:30;s:12:\"\0*\0currentWP\";N;s:6:\"\0*\0uID\";s:1:\"3\";s:5:\"error\";s:0:\"\";s:4:\"pkID\";s:2:\"13\";s:3:\"cID\";s:3:\"197\";s:4:\"cvID\";s:1:\"2\";s:4:\"wrID\";s:2:\"82\";}')
 ,(447,83,'2015-09-11 08:59:29','O:30:\"ApprovePagePageWorkflowRequest\":8:{s:14:\"\0*\0wrStatusNum\";i:30;s:12:\"\0*\0currentWP\";N;s:6:\"\0*\0uID\";s:1:\"1\";s:5:\"error\";s:0:\"\";s:4:\"pkID\";s:2:\"13\";s:3:\"cID\";s:1:\"1\";s:4:\"cvID\";s:3:\"163\";s:4:\"wrID\";s:2:\"83\";}')
 ,(448,84,'2015-09-11 09:01:20','O:30:\"ApprovePagePageWorkflowRequest\":8:{s:14:\"\0*\0wrStatusNum\";i:30;s:12:\"\0*\0currentWP\";N;s:6:\"\0*\0uID\";s:1:\"3\";s:5:\"error\";s:0:\"\";s:4:\"pkID\";s:2:\"13\";s:3:\"cID\";s:3:\"197\";s:4:\"cvID\";s:1:\"3\";s:4:\"wrID\";s:2:\"84\";}')
 ,(449,85,'2015-09-11 09:13:04','O:30:\"ApprovePagePageWorkflowRequest\":8:{s:14:\"\0*\0wrStatusNum\";i:30;s:12:\"\0*\0currentWP\";N;s:6:\"\0*\0uID\";s:1:\"1\";s:5:\"error\";s:0:\"\";s:4:\"pkID\";s:2:\"13\";s:3:\"cID\";s:1:\"1\";s:4:\"cvID\";s:3:\"164\";s:4:\"wrID\";s:2:\"85\";}')
 ,(450,86,'2015-09-11 09:14:12','O:30:\"ApprovePagePageWorkflowRequest\":8:{s:14:\"\0*\0wrStatusNum\";i:30;s:12:\"\0*\0currentWP\";N;s:6:\"\0*\0uID\";s:1:\"1\";s:5:\"error\";s:0:\"\";s:4:\"pkID\";s:2:\"13\";s:3:\"cID\";s:1:\"1\";s:4:\"cvID\";s:3:\"165\";s:4:\"wrID\";s:2:\"86\";}')
 ,(451,87,'2015-09-11 09:15:03','O:30:\"ApprovePagePageWorkflowRequest\":8:{s:14:\"\0*\0wrStatusNum\";i:30;s:12:\"\0*\0currentWP\";N;s:6:\"\0*\0uID\";s:1:\"1\";s:5:\"error\";s:0:\"\";s:4:\"pkID\";s:2:\"13\";s:3:\"cID\";s:3:\"236\";s:4:\"cvID\";s:2:\"28\";s:4:\"wrID\";s:2:\"87\";}')
 ,(452,88,'2015-09-11 09:30:08','O:30:\"ApprovePagePageWorkflowRequest\":8:{s:14:\"\0*\0wrStatusNum\";i:30;s:12:\"\0*\0currentWP\";N;s:6:\"\0*\0uID\";s:1:\"1\";s:5:\"error\";s:0:\"\";s:4:\"pkID\";s:2:\"13\";s:3:\"cID\";s:1:\"1\";s:4:\"cvID\";s:3:\"167\";s:4:\"wrID\";s:2:\"88\";}')
 ,(453,89,'2015-09-11 09:35:36','O:30:\"ApprovePagePageWorkflowRequest\":8:{s:14:\"\0*\0wrStatusNum\";i:30;s:12:\"\0*\0currentWP\";N;s:6:\"\0*\0uID\";s:1:\"1\";s:5:\"error\";s:0:\"\";s:4:\"pkID\";s:2:\"13\";s:3:\"cID\";s:1:\"1\";s:4:\"cvID\";s:3:\"168\";s:4:\"wrID\";s:2:\"89\";}')
 ,(454,90,'2015-09-11 10:04:20','O:30:\"ApprovePagePageWorkflowRequest\":8:{s:14:\"\0*\0wrStatusNum\";i:30;s:12:\"\0*\0currentWP\";N;s:6:\"\0*\0uID\";s:1:\"1\";s:5:\"error\";s:0:\"\";s:4:\"pkID\";s:2:\"13\";s:3:\"cID\";s:3:\"238\";s:4:\"cvID\";s:1:\"1\";s:4:\"wrID\";s:2:\"90\";}')
 ,(455,91,'2015-09-11 10:05:56','O:30:\"ApprovePagePageWorkflowRequest\":8:{s:14:\"\0*\0wrStatusNum\";i:30;s:12:\"\0*\0currentWP\";N;s:6:\"\0*\0uID\";s:1:\"1\";s:5:\"error\";s:0:\"\";s:4:\"pkID\";s:2:\"13\";s:3:\"cID\";s:3:\"238\";s:4:\"cvID\";s:1:\"2\";s:4:\"wrID\";s:2:\"91\";}')
 ,(456,92,'2015-09-11 10:07:22','O:30:\"ApprovePagePageWorkflowRequest\":8:{s:14:\"\0*\0wrStatusNum\";i:30;s:12:\"\0*\0currentWP\";N;s:6:\"\0*\0uID\";s:1:\"1\";s:5:\"error\";s:0:\"\";s:4:\"pkID\";s:2:\"13\";s:3:\"cID\";s:3:\"238\";s:4:\"cvID\";s:1:\"3\";s:4:\"wrID\";s:2:\"92\";}')
 ,(457,93,'2015-09-11 10:19:43','O:30:\"ApprovePagePageWorkflowRequest\":8:{s:14:\"\0*\0wrStatusNum\";i:30;s:12:\"\0*\0currentWP\";N;s:6:\"\0*\0uID\";s:1:\"1\";s:5:\"error\";s:0:\"\";s:4:\"pkID\";s:2:\"13\";s:3:\"cID\";s:3:\"238\";s:4:\"cvID\";s:1:\"4\";s:4:\"wrID\";s:2:\"93\";}')
 ,(458,94,'2015-09-11 10:35:10','O:30:\"ApprovePagePageWorkflowRequest\":8:{s:14:\"\0*\0wrStatusNum\";i:30;s:12:\"\0*\0currentWP\";N;s:6:\"\0*\0uID\";s:1:\"1\";s:5:\"error\";s:0:\"\";s:4:\"pkID\";s:2:\"13\";s:3:\"cID\";s:3:\"238\";s:4:\"cvID\";s:1:\"5\";s:4:\"wrID\";s:2:\"94\";}')
 ,(459,95,'2015-09-11 10:53:49','O:30:\"ApprovePagePageWorkflowRequest\":8:{s:14:\"\0*\0wrStatusNum\";i:30;s:12:\"\0*\0currentWP\";N;s:6:\"\0*\0uID\";s:1:\"2\";s:5:\"error\";s:0:\"\";s:4:\"pkID\";s:2:\"13\";s:3:\"cID\";s:3:\"244\";s:4:\"cvID\";s:1:\"1\";s:4:\"wrID\";s:2:\"95\";}')
 ,(460,96,'2015-09-11 11:00:39','O:30:\"ApprovePagePageWorkflowRequest\":8:{s:14:\"\0*\0wrStatusNum\";i:30;s:12:\"\0*\0currentWP\";N;s:6:\"\0*\0uID\";s:1:\"2\";s:5:\"error\";s:0:\"\";s:4:\"pkID\";s:2:\"13\";s:3:\"cID\";s:3:\"244\";s:4:\"cvID\";s:1:\"2\";s:4:\"wrID\";s:2:\"96\";}')
 ,(461,97,'2015-09-11 11:02:26','O:27:\"MovePagePageWorkflowRequest\":9:{s:12:\"\0*\0targetCID\";s:3:\"232\";s:14:\"\0*\0wrStatusNum\";i:50;s:12:\"\0*\0currentWP\";N;s:6:\"\0*\0uID\";s:1:\"2\";s:5:\"error\";s:0:\"\";s:4:\"pkID\";s:2:\"15\";s:3:\"cID\";s:3:\"244\";s:15:\"saveOldPagePath\";N;s:4:\"wrID\";s:2:\"97\";}')
 ,(462,98,'2015-09-11 11:09:41','O:30:\"ApprovePagePageWorkflowRequest\":8:{s:14:\"\0*\0wrStatusNum\";i:30;s:12:\"\0*\0currentWP\";N;s:6:\"\0*\0uID\";s:1:\"2\";s:5:\"error\";s:0:\"\";s:4:\"pkID\";s:2:\"13\";s:3:\"cID\";s:3:\"244\";s:4:\"cvID\";s:1:\"3\";s:4:\"wrID\";s:2:\"98\";}')
 ,(463,99,'2015-09-11 11:14:04','O:30:\"ApprovePagePageWorkflowRequest\":8:{s:14:\"\0*\0wrStatusNum\";i:30;s:12:\"\0*\0currentWP\";N;s:6:\"\0*\0uID\";s:1:\"2\";s:5:\"error\";s:0:\"\";s:4:\"pkID\";s:2:\"13\";s:3:\"cID\";s:3:\"244\";s:4:\"cvID\";s:1:\"4\";s:4:\"wrID\";s:2:\"99\";}')
 ,(464,100,'2015-09-11 11:15:30','O:30:\"ApprovePagePageWorkflowRequest\":8:{s:14:\"\0*\0wrStatusNum\";i:30;s:12:\"\0*\0currentWP\";N;s:6:\"\0*\0uID\";s:1:\"2\";s:5:\"error\";s:0:\"\";s:4:\"pkID\";s:2:\"13\";s:3:\"cID\";s:3:\"244\";s:4:\"cvID\";s:1:\"5\";s:4:\"wrID\";s:3:\"100\";}')
 ,(465,101,'2015-09-11 11:16:28','O:30:\"ApprovePagePageWorkflowRequest\":8:{s:14:\"\0*\0wrStatusNum\";i:30;s:12:\"\0*\0currentWP\";N;s:6:\"\0*\0uID\";s:1:\"2\";s:5:\"error\";s:0:\"\";s:4:\"pkID\";s:2:\"13\";s:3:\"cID\";s:3:\"244\";s:4:\"cvID\";s:1:\"6\";s:4:\"wrID\";s:3:\"101\";}')
 ,(466,102,'2015-09-11 11:17:01','O:30:\"ApprovePagePageWorkflowRequest\":8:{s:14:\"\0*\0wrStatusNum\";i:30;s:12:\"\0*\0currentWP\";N;s:6:\"\0*\0uID\";s:1:\"2\";s:5:\"error\";s:0:\"\";s:4:\"pkID\";s:2:\"13\";s:3:\"cID\";s:3:\"244\";s:4:\"cvID\";s:1:\"7\";s:4:\"wrID\";s:3:\"102\";}')
 ,(467,103,'2015-09-11 11:22:19','O:30:\"ApprovePagePageWorkflowRequest\":8:{s:14:\"\0*\0wrStatusNum\";i:30;s:12:\"\0*\0currentWP\";N;s:6:\"\0*\0uID\";s:1:\"2\";s:5:\"error\";s:0:\"\";s:4:\"pkID\";s:2:\"13\";s:3:\"cID\";s:3:\"244\";s:4:\"cvID\";s:1:\"8\";s:4:\"wrID\";s:3:\"103\";}')
 ,(468,104,'2015-09-11 11:26:13','O:30:\"ApprovePagePageWorkflowRequest\":8:{s:14:\"\0*\0wrStatusNum\";i:30;s:12:\"\0*\0currentWP\";N;s:6:\"\0*\0uID\";s:1:\"2\";s:5:\"error\";s:0:\"\";s:4:\"pkID\";s:2:\"13\";s:3:\"cID\";s:3:\"244\";s:4:\"cvID\";s:1:\"9\";s:4:\"wrID\";s:3:\"104\";}')
 ,(469,105,'2015-09-11 11:29:57','O:30:\"ApprovePagePageWorkflowRequest\":8:{s:14:\"\0*\0wrStatusNum\";i:30;s:12:\"\0*\0currentWP\";N;s:6:\"\0*\0uID\";s:1:\"2\";s:5:\"error\";s:0:\"\";s:4:\"pkID\";s:2:\"13\";s:3:\"cID\";s:3:\"244\";s:4:\"cvID\";s:2:\"10\";s:4:\"wrID\";s:3:\"105\";}')
 ,(470,106,'2015-09-11 11:32:00','O:30:\"ApprovePagePageWorkflowRequest\":8:{s:14:\"\0*\0wrStatusNum\";i:30;s:12:\"\0*\0currentWP\";N;s:6:\"\0*\0uID\";s:1:\"2\";s:5:\"error\";s:0:\"\";s:4:\"pkID\";s:2:\"13\";s:3:\"cID\";s:3:\"244\";s:4:\"cvID\";s:2:\"11\";s:4:\"wrID\";s:3:\"106\";}')
 ,(471,107,'2015-09-11 11:33:31','O:30:\"ApprovePagePageWorkflowRequest\":8:{s:14:\"\0*\0wrStatusNum\";i:30;s:12:\"\0*\0currentWP\";N;s:6:\"\0*\0uID\";s:1:\"2\";s:5:\"error\";s:0:\"\";s:4:\"pkID\";s:2:\"13\";s:3:\"cID\";s:3:\"244\";s:4:\"cvID\";s:2:\"12\";s:4:\"wrID\";s:3:\"107\";}')
 ,(472,108,'2015-09-11 11:34:57','O:30:\"ApprovePagePageWorkflowRequest\":8:{s:14:\"\0*\0wrStatusNum\";i:30;s:12:\"\0*\0currentWP\";N;s:6:\"\0*\0uID\";s:1:\"1\";s:5:\"error\";s:0:\"\";s:4:\"pkID\";s:2:\"13\";s:3:\"cID\";s:1:\"1\";s:4:\"cvID\";s:3:\"169\";s:4:\"wrID\";s:3:\"108\";}')
 ,(473,109,'2015-09-11 11:35:20','O:29:\"DeletePagePageWorkflowRequest\":7:{s:14:\"\0*\0wrStatusNum\";i:100;s:12:\"\0*\0currentWP\";N;s:6:\"\0*\0uID\";s:1:\"1\";s:5:\"error\";s:0:\"\";s:4:\"pkID\";s:2:\"11\";s:3:\"cID\";s:3:\"238\";s:4:\"wrID\";s:3:\"109\";}')
 ,(474,110,'2015-09-11 11:38:55','O:30:\"ApprovePagePageWorkflowRequest\":8:{s:14:\"\0*\0wrStatusNum\";i:30;s:12:\"\0*\0currentWP\";N;s:6:\"\0*\0uID\";s:1:\"1\";s:5:\"error\";s:0:\"\";s:4:\"pkID\";s:2:\"13\";s:3:\"cID\";s:3:\"245\";s:4:\"cvID\";s:1:\"1\";s:4:\"wrID\";s:3:\"110\";}')
 ,(475,111,'2015-09-11 11:39:27','O:30:\"ApprovePagePageWorkflowRequest\":8:{s:14:\"\0*\0wrStatusNum\";i:30;s:12:\"\0*\0currentWP\";N;s:6:\"\0*\0uID\";s:1:\"1\";s:5:\"error\";s:0:\"\";s:4:\"pkID\";s:2:\"13\";s:3:\"cID\";s:3:\"245\";s:4:\"cvID\";s:1:\"2\";s:4:\"wrID\";s:3:\"111\";}')
 ,(476,112,'2015-09-11 11:40:12','O:30:\"ApprovePagePageWorkflowRequest\":8:{s:14:\"\0*\0wrStatusNum\";i:30;s:12:\"\0*\0currentWP\";N;s:6:\"\0*\0uID\";s:1:\"1\";s:5:\"error\";s:0:\"\";s:4:\"pkID\";s:2:\"13\";s:3:\"cID\";s:3:\"245\";s:4:\"cvID\";s:1:\"3\";s:4:\"wrID\";s:3:\"112\";}')
 ,(477,113,'2015-09-11 11:41:49','O:30:\"ApprovePagePageWorkflowRequest\":8:{s:14:\"\0*\0wrStatusNum\";i:30;s:12:\"\0*\0currentWP\";N;s:6:\"\0*\0uID\";s:1:\"1\";s:5:\"error\";s:0:\"\";s:4:\"pkID\";s:2:\"13\";s:3:\"cID\";s:3:\"245\";s:4:\"cvID\";s:1:\"4\";s:4:\"wrID\";s:3:\"113\";}')
 ,(478,114,'2015-09-11 13:28:11','O:30:\"ApprovePagePageWorkflowRequest\":8:{s:14:\"\0*\0wrStatusNum\";i:30;s:12:\"\0*\0currentWP\";N;s:6:\"\0*\0uID\";s:1:\"1\";s:5:\"error\";s:0:\"\";s:4:\"pkID\";s:2:\"13\";s:3:\"cID\";s:3:\"245\";s:4:\"cvID\";s:1:\"5\";s:4:\"wrID\";s:3:\"114\";}')
 ,(479,115,'2015-09-11 13:29:56','O:30:\"ApprovePagePageWorkflowRequest\":8:{s:14:\"\0*\0wrStatusNum\";i:30;s:12:\"\0*\0currentWP\";N;s:6:\"\0*\0uID\";s:1:\"1\";s:5:\"error\";s:0:\"\";s:4:\"pkID\";s:2:\"13\";s:3:\"cID\";s:3:\"245\";s:4:\"cvID\";s:1:\"6\";s:4:\"wrID\";s:3:\"115\";}')
 ,(480,116,'2015-09-11 13:30:44','O:30:\"ApprovePagePageWorkflowRequest\":8:{s:14:\"\0*\0wrStatusNum\";i:30;s:12:\"\0*\0currentWP\";N;s:6:\"\0*\0uID\";s:1:\"1\";s:5:\"error\";s:0:\"\";s:4:\"pkID\";s:2:\"13\";s:3:\"cID\";s:3:\"245\";s:4:\"cvID\";s:1:\"7\";s:4:\"wrID\";s:3:\"116\";}')
 ,(481,117,'2015-09-11 13:32:16','O:30:\"ApprovePagePageWorkflowRequest\":8:{s:14:\"\0*\0wrStatusNum\";i:30;s:12:\"\0*\0currentWP\";N;s:6:\"\0*\0uID\";s:1:\"1\";s:5:\"error\";s:0:\"\";s:4:\"pkID\";s:2:\"13\";s:3:\"cID\";s:3:\"245\";s:4:\"cvID\";s:1:\"8\";s:4:\"wrID\";s:3:\"117\";}')
 ,(482,118,'2015-09-11 14:05:28','O:30:\"ApprovePagePageWorkflowRequest\":8:{s:14:\"\0*\0wrStatusNum\";i:30;s:12:\"\0*\0currentWP\";N;s:6:\"\0*\0uID\";s:1:\"1\";s:5:\"error\";s:0:\"\";s:4:\"pkID\";s:2:\"13\";s:3:\"cID\";s:3:\"240\";s:4:\"cvID\";s:1:\"1\";s:4:\"wrID\";s:3:\"118\";}')
 ,(483,119,'2015-09-11 14:06:00','O:30:\"ApprovePagePageWorkflowRequest\":8:{s:14:\"\0*\0wrStatusNum\";i:30;s:12:\"\0*\0currentWP\";N;s:6:\"\0*\0uID\";s:1:\"1\";s:5:\"error\";s:0:\"\";s:4:\"pkID\";s:2:\"13\";s:3:\"cID\";s:3:\"248\";s:4:\"cvID\";s:1:\"1\";s:4:\"wrID\";s:3:\"119\";}')
 ,(484,120,'2015-09-12 16:57:38','O:30:\"ApprovePagePageWorkflowRequest\":8:{s:14:\"\0*\0wrStatusNum\";i:30;s:12:\"\0*\0currentWP\";N;s:6:\"\0*\0uID\";s:1:\"1\";s:5:\"error\";s:0:\"\";s:4:\"pkID\";s:2:\"13\";s:3:\"cID\";s:3:\"244\";s:4:\"cvID\";s:2:\"13\";s:4:\"wrID\";s:3:\"120\";}')
 ,(485,121,'2015-09-12 16:59:43','O:30:\"ApprovePagePageWorkflowRequest\":8:{s:14:\"\0*\0wrStatusNum\";i:30;s:12:\"\0*\0currentWP\";N;s:6:\"\0*\0uID\";s:1:\"1\";s:5:\"error\";s:0:\"\";s:4:\"pkID\";s:2:\"13\";s:3:\"cID\";s:3:\"244\";s:4:\"cvID\";s:2:\"14\";s:4:\"wrID\";s:3:\"121\";}')
 ,(486,122,'2015-09-14 09:03:38','O:30:\"ApprovePagePageWorkflowRequest\":8:{s:14:\"\0*\0wrStatusNum\";i:30;s:12:\"\0*\0currentWP\";N;s:6:\"\0*\0uID\";s:1:\"1\";s:5:\"error\";s:0:\"\";s:4:\"pkID\";s:2:\"13\";s:3:\"cID\";s:1:\"1\";s:4:\"cvID\";s:3:\"170\";s:4:\"wrID\";s:3:\"122\";}')
 ,(487,123,'2015-09-14 09:11:16','O:30:\"ApprovePagePageWorkflowRequest\":8:{s:14:\"\0*\0wrStatusNum\";i:30;s:12:\"\0*\0currentWP\";N;s:6:\"\0*\0uID\";s:1:\"3\";s:5:\"error\";s:0:\"\";s:4:\"pkID\";s:2:\"13\";s:3:\"cID\";s:3:\"160\";s:4:\"cvID\";s:1:\"3\";s:4:\"wrID\";s:3:\"123\";}')
 ,(488,124,'2015-09-14 09:14:14','O:30:\"ApprovePagePageWorkflowRequest\":8:{s:14:\"\0*\0wrStatusNum\";i:30;s:12:\"\0*\0currentWP\";N;s:6:\"\0*\0uID\";s:1:\"3\";s:5:\"error\";s:0:\"\";s:4:\"pkID\";s:2:\"13\";s:3:\"cID\";s:1:\"1\";s:4:\"cvID\";s:3:\"171\";s:4:\"wrID\";s:3:\"124\";}')
 ,(489,125,'2015-09-14 09:15:36','O:30:\"ApprovePagePageWorkflowRequest\":8:{s:14:\"\0*\0wrStatusNum\";i:30;s:12:\"\0*\0currentWP\";N;s:6:\"\0*\0uID\";s:1:\"1\";s:5:\"error\";s:0:\"\";s:4:\"pkID\";s:2:\"13\";s:3:\"cID\";s:3:\"236\";s:4:\"cvID\";s:2:\"30\";s:4:\"wrID\";s:3:\"125\";}')
 ,(490,126,'2015-09-14 09:16:57','O:30:\"ApprovePagePageWorkflowRequest\":8:{s:14:\"\0*\0wrStatusNum\";i:30;s:12:\"\0*\0currentWP\";N;s:6:\"\0*\0uID\";s:1:\"1\";s:5:\"error\";s:0:\"\";s:4:\"pkID\";s:2:\"13\";s:3:\"cID\";s:3:\"236\";s:4:\"cvID\";s:2:\"29\";s:4:\"wrID\";s:3:\"126\";}')
 ,(491,127,'2015-09-14 09:17:46','O:30:\"ApprovePagePageWorkflowRequest\":8:{s:14:\"\0*\0wrStatusNum\";i:30;s:12:\"\0*\0currentWP\";N;s:6:\"\0*\0uID\";s:1:\"1\";s:5:\"error\";s:0:\"\";s:4:\"pkID\";s:2:\"13\";s:3:\"cID\";s:3:\"236\";s:4:\"cvID\";s:2:\"28\";s:4:\"wrID\";s:3:\"127\";}')
 ,(492,128,'2015-09-14 09:17:47','O:30:\"ApprovePagePageWorkflowRequest\":8:{s:14:\"\0*\0wrStatusNum\";i:30;s:12:\"\0*\0currentWP\";N;s:6:\"\0*\0uID\";s:1:\"3\";s:5:\"error\";s:0:\"\";s:4:\"pkID\";s:2:\"13\";s:3:\"cID\";s:3:\"161\";s:4:\"cvID\";s:1:\"3\";s:4:\"wrID\";s:3:\"128\";}')
 ,(493,129,'2015-09-14 09:18:58','O:30:\"ApprovePagePageWorkflowRequest\":8:{s:14:\"\0*\0wrStatusNum\";i:30;s:12:\"\0*\0currentWP\";N;s:6:\"\0*\0uID\";s:1:\"1\";s:5:\"error\";s:0:\"\";s:4:\"pkID\";s:2:\"13\";s:3:\"cID\";s:1:\"1\";s:4:\"cvID\";s:3:\"173\";s:4:\"wrID\";s:3:\"129\";}')
 ,(494,130,'2015-09-14 09:20:10','O:30:\"ApprovePagePageWorkflowRequest\":8:{s:14:\"\0*\0wrStatusNum\";i:30;s:12:\"\0*\0currentWP\";N;s:6:\"\0*\0uID\";s:1:\"3\";s:5:\"error\";s:0:\"\";s:4:\"pkID\";s:2:\"13\";s:3:\"cID\";s:3:\"160\";s:4:\"cvID\";s:1:\"4\";s:4:\"wrID\";s:3:\"130\";}')
 ,(495,131,'2015-09-14 09:22:42','O:30:\"ApprovePagePageWorkflowRequest\":8:{s:14:\"\0*\0wrStatusNum\";i:30;s:12:\"\0*\0currentWP\";N;s:6:\"\0*\0uID\";s:1:\"1\";s:5:\"error\";s:0:\"\";s:4:\"pkID\";s:2:\"13\";s:3:\"cID\";s:1:\"1\";s:4:\"cvID\";s:3:\"171\";s:4:\"wrID\";s:3:\"131\";}')
 ,(496,132,'2015-09-14 09:25:43','O:30:\"ApprovePagePageWorkflowRequest\":8:{s:14:\"\0*\0wrStatusNum\";i:30;s:12:\"\0*\0currentWP\";N;s:6:\"\0*\0uID\";s:1:\"1\";s:5:\"error\";s:0:\"\";s:4:\"pkID\";s:2:\"13\";s:3:\"cID\";s:1:\"1\";s:4:\"cvID\";s:3:\"157\";s:4:\"wrID\";s:3:\"132\";}')
 ,(497,133,'2015-09-14 09:27:57','O:30:\"ApprovePagePageWorkflowRequest\":8:{s:14:\"\0*\0wrStatusNum\";i:30;s:12:\"\0*\0currentWP\";N;s:6:\"\0*\0uID\";s:1:\"1\";s:5:\"error\";s:0:\"\";s:4:\"pkID\";s:2:\"13\";s:3:\"cID\";s:1:\"1\";s:4:\"cvID\";s:3:\"158\";s:4:\"wrID\";s:3:\"133\";}')
 ,(498,134,'2015-09-14 09:45:14','O:30:\"ApprovePagePageWorkflowRequest\":8:{s:14:\"\0*\0wrStatusNum\";i:30;s:12:\"\0*\0currentWP\";N;s:6:\"\0*\0uID\";s:1:\"1\";s:5:\"error\";s:0:\"\";s:4:\"pkID\";s:2:\"13\";s:3:\"cID\";s:1:\"1\";s:4:\"cvID\";s:3:\"160\";s:4:\"wrID\";s:3:\"134\";}')
 ,(499,135,'2015-09-14 09:45:48','O:30:\"ApprovePagePageWorkflowRequest\":8:{s:14:\"\0*\0wrStatusNum\";i:30;s:12:\"\0*\0currentWP\";N;s:6:\"\0*\0uID\";s:1:\"1\";s:5:\"error\";s:0:\"\";s:4:\"pkID\";s:2:\"13\";s:3:\"cID\";s:1:\"1\";s:4:\"cvID\";s:3:\"161\";s:4:\"wrID\";s:3:\"135\";}')
 ,(500,136,'2015-09-14 09:54:20','O:30:\"ApprovePagePageWorkflowRequest\":8:{s:14:\"\0*\0wrStatusNum\";i:30;s:12:\"\0*\0currentWP\";N;s:6:\"\0*\0uID\";s:1:\"1\";s:5:\"error\";s:0:\"\";s:4:\"pkID\";s:2:\"13\";s:3:\"cID\";s:1:\"1\";s:4:\"cvID\";s:3:\"162\";s:4:\"wrID\";s:3:\"136\";}')
 ,(501,137,'2015-09-14 10:01:13','O:30:\"ApprovePagePageWorkflowRequest\":8:{s:14:\"\0*\0wrStatusNum\";i:30;s:12:\"\0*\0currentWP\";N;s:6:\"\0*\0uID\";s:1:\"1\";s:5:\"error\";s:0:\"\";s:4:\"pkID\";s:2:\"13\";s:3:\"cID\";s:1:\"1\";s:4:\"cvID\";s:3:\"163\";s:4:\"wrID\";s:3:\"137\";}')
 ,(502,138,'2015-09-14 10:02:10','O:30:\"ApprovePagePageWorkflowRequest\":8:{s:14:\"\0*\0wrStatusNum\";i:30;s:12:\"\0*\0currentWP\";N;s:6:\"\0*\0uID\";s:1:\"1\";s:5:\"error\";s:0:\"\";s:4:\"pkID\";s:2:\"13\";s:3:\"cID\";s:1:\"1\";s:4:\"cvID\";s:3:\"164\";s:4:\"wrID\";s:3:\"138\";}')
 ,(503,139,'2015-09-14 10:04:05','O:30:\"ApprovePagePageWorkflowRequest\":8:{s:14:\"\0*\0wrStatusNum\";i:30;s:12:\"\0*\0currentWP\";N;s:6:\"\0*\0uID\";s:1:\"1\";s:5:\"error\";s:0:\"\";s:4:\"pkID\";s:2:\"13\";s:3:\"cID\";s:1:\"1\";s:4:\"cvID\";s:3:\"165\";s:4:\"wrID\";s:3:\"139\";}')
 ,(504,140,'2015-09-14 10:06:04','O:30:\"ApprovePagePageWorkflowRequest\":8:{s:14:\"\0*\0wrStatusNum\";i:30;s:12:\"\0*\0currentWP\";N;s:6:\"\0*\0uID\";s:1:\"1\";s:5:\"error\";s:0:\"\";s:4:\"pkID\";s:2:\"13\";s:3:\"cID\";s:1:\"1\";s:4:\"cvID\";s:3:\"166\";s:4:\"wrID\";s:3:\"140\";}')
 ,(505,141,'2015-09-14 10:13:37','O:30:\"ApprovePagePageWorkflowRequest\":8:{s:14:\"\0*\0wrStatusNum\";i:30;s:12:\"\0*\0currentWP\";N;s:6:\"\0*\0uID\";s:1:\"1\";s:5:\"error\";s:0:\"\";s:4:\"pkID\";s:2:\"13\";s:3:\"cID\";s:1:\"1\";s:4:\"cvID\";s:3:\"167\";s:4:\"wrID\";s:3:\"141\";}')
 ,(506,142,'2015-09-14 10:18:50','O:30:\"ApprovePagePageWorkflowRequest\":8:{s:14:\"\0*\0wrStatusNum\";i:30;s:12:\"\0*\0currentWP\";N;s:6:\"\0*\0uID\";s:1:\"1\";s:5:\"error\";s:0:\"\";s:4:\"pkID\";s:2:\"13\";s:3:\"cID\";s:3:\"168\";s:4:\"cvID\";s:1:\"3\";s:4:\"wrID\";s:3:\"142\";}')
 ,(507,143,'2015-09-14 10:19:23','O:29:\"DeletePagePageWorkflowRequest\":7:{s:14:\"\0*\0wrStatusNum\";i:100;s:12:\"\0*\0currentWP\";N;s:6:\"\0*\0uID\";s:1:\"1\";s:5:\"error\";s:0:\"\";s:4:\"pkID\";s:2:\"11\";s:3:\"cID\";s:3:\"240\";s:4:\"wrID\";s:3:\"143\";}')
 ,(508,144,'2015-09-14 10:19:34','O:29:\"DeletePagePageWorkflowRequest\":7:{s:14:\"\0*\0wrStatusNum\";i:100;s:12:\"\0*\0currentWP\";N;s:6:\"\0*\0uID\";s:1:\"1\";s:5:\"error\";s:0:\"\";s:4:\"pkID\";s:2:\"11\";s:3:\"cID\";s:3:\"248\";s:4:\"wrID\";s:3:\"144\";}')
 ,(509,145,'2015-09-14 11:24:04','O:30:\"ApprovePagePageWorkflowRequest\":8:{s:14:\"\0*\0wrStatusNum\";i:30;s:12:\"\0*\0currentWP\";N;s:6:\"\0*\0uID\";s:1:\"1\";s:5:\"error\";s:0:\"\";s:4:\"pkID\";s:2:\"13\";s:3:\"cID\";s:3:\"249\";s:4:\"cvID\";s:1:\"1\";s:4:\"wrID\";s:3:\"145\";}')
 ,(510,146,'2015-09-14 11:24:17','O:30:\"ApprovePagePageWorkflowRequest\":8:{s:14:\"\0*\0wrStatusNum\";i:30;s:12:\"\0*\0currentWP\";N;s:6:\"\0*\0uID\";s:1:\"1\";s:5:\"error\";s:0:\"\";s:4:\"pkID\";s:2:\"13\";s:3:\"cID\";s:3:\"249\";s:4:\"cvID\";s:1:\"2\";s:4:\"wrID\";s:3:\"146\";}')
 ,(511,147,'2015-09-14 11:24:34','O:29:\"DeletePagePageWorkflowRequest\":7:{s:14:\"\0*\0wrStatusNum\";i:100;s:12:\"\0*\0currentWP\";N;s:6:\"\0*\0uID\";s:1:\"1\";s:5:\"error\";s:0:\"\";s:4:\"pkID\";s:2:\"11\";s:3:\"cID\";s:3:\"245\";s:4:\"wrID\";s:3:\"147\";}')
 ,(512,148,'2015-09-14 11:24:52','O:30:\"ApprovePagePageWorkflowRequest\":8:{s:14:\"\0*\0wrStatusNum\";i:30;s:12:\"\0*\0currentWP\";N;s:6:\"\0*\0uID\";s:1:\"1\";s:5:\"error\";s:0:\"\";s:4:\"pkID\";s:2:\"13\";s:3:\"cID\";s:3:\"250\";s:4:\"cvID\";s:1:\"1\";s:4:\"wrID\";s:3:\"148\";}')
 ,(513,149,'2015-09-14 11:30:20','O:30:\"ApprovePagePageWorkflowRequest\":8:{s:14:\"\0*\0wrStatusNum\";i:30;s:12:\"\0*\0currentWP\";N;s:6:\"\0*\0uID\";s:1:\"3\";s:5:\"error\";s:0:\"\";s:4:\"pkID\";s:2:\"13\";s:3:\"cID\";s:3:\"160\";s:4:\"cvID\";s:1:\"5\";s:4:\"wrID\";s:3:\"149\";}')
 ,(514,150,'2015-09-14 11:30:37','O:30:\"ApprovePagePageWorkflowRequest\":8:{s:14:\"\0*\0wrStatusNum\";i:30;s:12:\"\0*\0currentWP\";N;s:6:\"\0*\0uID\";s:1:\"3\";s:5:\"error\";s:0:\"\";s:4:\"pkID\";s:2:\"13\";s:3:\"cID\";s:3:\"161\";s:4:\"cvID\";s:1:\"4\";s:4:\"wrID\";s:3:\"150\";}')
 ,(515,151,'2015-09-14 11:31:24','O:30:\"ApprovePagePageWorkflowRequest\":8:{s:14:\"\0*\0wrStatusNum\";i:30;s:12:\"\0*\0currentWP\";N;s:6:\"\0*\0uID\";s:1:\"3\";s:5:\"error\";s:0:\"\";s:4:\"pkID\";s:2:\"13\";s:3:\"cID\";s:3:\"162\";s:4:\"cvID\";s:1:\"3\";s:4:\"wrID\";s:3:\"151\";}')
 ,(516,152,'2015-09-14 11:32:30','O:30:\"ApprovePagePageWorkflowRequest\":8:{s:14:\"\0*\0wrStatusNum\";i:30;s:12:\"\0*\0currentWP\";N;s:6:\"\0*\0uID\";s:1:\"3\";s:5:\"error\";s:0:\"\";s:4:\"pkID\";s:2:\"13\";s:3:\"cID\";s:3:\"166\";s:4:\"cvID\";s:1:\"4\";s:4:\"wrID\";s:3:\"152\";}')
 ,(517,153,'2015-09-14 11:34:12','O:30:\"ApprovePagePageWorkflowRequest\":8:{s:14:\"\0*\0wrStatusNum\";i:30;s:12:\"\0*\0currentWP\";N;s:6:\"\0*\0uID\";s:1:\"3\";s:5:\"error\";s:0:\"\";s:4:\"pkID\";s:2:\"13\";s:3:\"cID\";s:3:\"194\";s:4:\"cvID\";s:1:\"4\";s:4:\"wrID\";s:3:\"153\";}')
 ,(518,154,'2015-09-14 11:35:36','O:30:\"ApprovePagePageWorkflowRequest\":8:{s:14:\"\0*\0wrStatusNum\";i:30;s:12:\"\0*\0currentWP\";N;s:6:\"\0*\0uID\";s:1:\"3\";s:5:\"error\";s:0:\"\";s:4:\"pkID\";s:2:\"13\";s:3:\"cID\";s:3:\"196\";s:4:\"cvID\";s:1:\"2\";s:4:\"wrID\";s:3:\"154\";}')
 ,(519,155,'2015-09-14 12:00:17','O:30:\"ApprovePagePageWorkflowRequest\":8:{s:14:\"\0*\0wrStatusNum\";i:30;s:12:\"\0*\0currentWP\";N;s:6:\"\0*\0uID\";s:1:\"1\";s:5:\"error\";s:0:\"\";s:4:\"pkID\";s:2:\"13\";s:3:\"cID\";s:3:\"256\";s:4:\"cvID\";s:1:\"1\";s:4:\"wrID\";s:3:\"155\";}')
 ,(520,156,'2015-09-14 12:01:36','O:30:\"ApprovePagePageWorkflowRequest\":8:{s:14:\"\0*\0wrStatusNum\";i:30;s:12:\"\0*\0currentWP\";N;s:6:\"\0*\0uID\";s:1:\"1\";s:5:\"error\";s:0:\"\";s:4:\"pkID\";s:2:\"13\";s:3:\"cID\";s:3:\"256\";s:4:\"cvID\";s:1:\"2\";s:4:\"wrID\";s:3:\"156\";}')
 ,(521,157,'2015-09-14 12:10:18','O:30:\"ApprovePagePageWorkflowRequest\":8:{s:14:\"\0*\0wrStatusNum\";i:30;s:12:\"\0*\0currentWP\";N;s:6:\"\0*\0uID\";s:1:\"1\";s:5:\"error\";s:0:\"\";s:4:\"pkID\";s:2:\"13\";s:3:\"cID\";s:3:\"250\";s:4:\"cvID\";s:1:\"2\";s:4:\"wrID\";s:3:\"157\";}')
 ,(522,158,'2015-09-14 12:11:12','O:30:\"ApprovePagePageWorkflowRequest\":8:{s:14:\"\0*\0wrStatusNum\";i:30;s:12:\"\0*\0currentWP\";N;s:6:\"\0*\0uID\";s:1:\"1\";s:5:\"error\";s:0:\"\";s:4:\"pkID\";s:2:\"13\";s:3:\"cID\";s:3:\"250\";s:4:\"cvID\";s:1:\"3\";s:4:\"wrID\";s:3:\"158\";}')
 ,(523,159,'2015-09-14 12:11:55','O:30:\"ApprovePagePageWorkflowRequest\":8:{s:14:\"\0*\0wrStatusNum\";i:30;s:12:\"\0*\0currentWP\";N;s:6:\"\0*\0uID\";s:1:\"1\";s:5:\"error\";s:0:\"\";s:4:\"pkID\";s:2:\"13\";s:3:\"cID\";s:3:\"250\";s:4:\"cvID\";s:1:\"4\";s:4:\"wrID\";s:3:\"159\";}')
 ,(524,160,'2015-09-14 12:16:48','O:30:\"ApprovePagePageWorkflowRequest\":8:{s:14:\"\0*\0wrStatusNum\";i:30;s:12:\"\0*\0currentWP\";N;s:6:\"\0*\0uID\";s:1:\"1\";s:5:\"error\";s:0:\"\";s:4:\"pkID\";s:2:\"13\";s:3:\"cID\";s:3:\"250\";s:4:\"cvID\";s:1:\"5\";s:4:\"wrID\";s:3:\"160\";}')
 ,(525,161,'2015-09-14 12:20:42','O:30:\"ApprovePagePageWorkflowRequest\":8:{s:14:\"\0*\0wrStatusNum\";i:30;s:12:\"\0*\0currentWP\";N;s:6:\"\0*\0uID\";s:1:\"1\";s:5:\"error\";s:0:\"\";s:4:\"pkID\";s:2:\"13\";s:3:\"cID\";s:3:\"250\";s:4:\"cvID\";s:1:\"6\";s:4:\"wrID\";s:3:\"161\";}')
 ,(526,162,'2015-09-14 12:21:12','O:30:\"ApprovePagePageWorkflowRequest\":8:{s:14:\"\0*\0wrStatusNum\";i:30;s:12:\"\0*\0currentWP\";N;s:6:\"\0*\0uID\";s:1:\"1\";s:5:\"error\";s:0:\"\";s:4:\"pkID\";s:2:\"13\";s:3:\"cID\";s:3:\"250\";s:4:\"cvID\";s:1:\"7\";s:4:\"wrID\";s:3:\"162\";}')
 ,(527,163,'2015-09-14 12:22:50','O:30:\"ApprovePagePageWorkflowRequest\":8:{s:14:\"\0*\0wrStatusNum\";i:30;s:12:\"\0*\0currentWP\";N;s:6:\"\0*\0uID\";s:1:\"1\";s:5:\"error\";s:0:\"\";s:4:\"pkID\";s:2:\"13\";s:3:\"cID\";s:3:\"250\";s:4:\"cvID\";s:1:\"8\";s:4:\"wrID\";s:3:\"163\";}')
 ,(528,164,'2015-09-14 12:25:54','O:30:\"ApprovePagePageWorkflowRequest\":8:{s:14:\"\0*\0wrStatusNum\";i:30;s:12:\"\0*\0currentWP\";N;s:6:\"\0*\0uID\";s:1:\"1\";s:5:\"error\";s:0:\"\";s:4:\"pkID\";s:2:\"13\";s:3:\"cID\";s:3:\"250\";s:4:\"cvID\";s:1:\"9\";s:4:\"wrID\";s:3:\"164\";}')
 ,(529,165,'2015-09-14 12:27:51','O:30:\"ApprovePagePageWorkflowRequest\":8:{s:14:\"\0*\0wrStatusNum\";i:30;s:12:\"\0*\0currentWP\";N;s:6:\"\0*\0uID\";s:1:\"1\";s:5:\"error\";s:0:\"\";s:4:\"pkID\";s:2:\"13\";s:3:\"cID\";s:1:\"1\";s:4:\"cvID\";s:3:\"168\";s:4:\"wrID\";s:3:\"165\";}')
 ,(530,166,'2015-09-14 12:28:34','O:30:\"ApprovePagePageWorkflowRequest\":8:{s:14:\"\0*\0wrStatusNum\";i:30;s:12:\"\0*\0currentWP\";N;s:6:\"\0*\0uID\";s:1:\"1\";s:5:\"error\";s:0:\"\";s:4:\"pkID\";s:2:\"13\";s:3:\"cID\";s:1:\"1\";s:4:\"cvID\";s:3:\"169\";s:4:\"wrID\";s:3:\"166\";}')
 ,(531,167,'2015-09-14 12:29:44','O:30:\"ApprovePagePageWorkflowRequest\":8:{s:14:\"\0*\0wrStatusNum\";i:30;s:12:\"\0*\0currentWP\";N;s:6:\"\0*\0uID\";s:1:\"1\";s:5:\"error\";s:0:\"\";s:4:\"pkID\";s:2:\"13\";s:3:\"cID\";s:1:\"1\";s:4:\"cvID\";s:3:\"170\";s:4:\"wrID\";s:3:\"167\";}')
 ,(532,168,'2015-09-14 12:30:24','O:30:\"ApprovePagePageWorkflowRequest\":8:{s:14:\"\0*\0wrStatusNum\";i:30;s:12:\"\0*\0currentWP\";N;s:6:\"\0*\0uID\";s:1:\"1\";s:5:\"error\";s:0:\"\";s:4:\"pkID\";s:2:\"13\";s:3:\"cID\";s:3:\"256\";s:4:\"cvID\";s:1:\"3\";s:4:\"wrID\";s:3:\"168\";}')
 ,(533,169,'2015-09-14 12:31:32','O:30:\"ApprovePagePageWorkflowRequest\":8:{s:14:\"\0*\0wrStatusNum\";i:30;s:12:\"\0*\0currentWP\";N;s:6:\"\0*\0uID\";s:1:\"1\";s:5:\"error\";s:0:\"\";s:4:\"pkID\";s:2:\"13\";s:3:\"cID\";s:3:\"256\";s:4:\"cvID\";s:1:\"4\";s:4:\"wrID\";s:3:\"169\";}')
 ,(534,170,'2015-09-14 12:32:35','O:30:\"ApprovePagePageWorkflowRequest\":8:{s:14:\"\0*\0wrStatusNum\";i:30;s:12:\"\0*\0currentWP\";N;s:6:\"\0*\0uID\";s:1:\"1\";s:5:\"error\";s:0:\"\";s:4:\"pkID\";s:2:\"13\";s:3:\"cID\";s:1:\"1\";s:4:\"cvID\";s:3:\"171\";s:4:\"wrID\";s:3:\"170\";}')
 ,(535,171,'2015-09-14 12:41:50','O:30:\"ApprovePagePageWorkflowRequest\":8:{s:14:\"\0*\0wrStatusNum\";i:30;s:12:\"\0*\0currentWP\";N;s:6:\"\0*\0uID\";s:1:\"1\";s:5:\"error\";s:0:\"\";s:4:\"pkID\";s:2:\"13\";s:3:\"cID\";s:1:\"1\";s:4:\"cvID\";s:3:\"172\";s:4:\"wrID\";s:3:\"171\";}')
 ,(536,172,'2015-09-14 12:44:23','O:30:\"ApprovePagePageWorkflowRequest\":8:{s:14:\"\0*\0wrStatusNum\";i:30;s:12:\"\0*\0currentWP\";N;s:6:\"\0*\0uID\";s:1:\"1\";s:5:\"error\";s:0:\"\";s:4:\"pkID\";s:2:\"13\";s:3:\"cID\";s:1:\"1\";s:4:\"cvID\";s:3:\"173\";s:4:\"wrID\";s:3:\"172\";}')
 ,(537,173,'2015-09-14 12:46:17','O:30:\"ApprovePagePageWorkflowRequest\":8:{s:14:\"\0*\0wrStatusNum\";i:30;s:12:\"\0*\0currentWP\";N;s:6:\"\0*\0uID\";s:1:\"1\";s:5:\"error\";s:0:\"\";s:4:\"pkID\";s:2:\"13\";s:3:\"cID\";s:1:\"1\";s:4:\"cvID\";s:3:\"174\";s:4:\"wrID\";s:3:\"173\";}')
 ,(538,174,'2015-09-14 12:48:23','O:30:\"ApprovePagePageWorkflowRequest\":8:{s:14:\"\0*\0wrStatusNum\";i:30;s:12:\"\0*\0currentWP\";N;s:6:\"\0*\0uID\";s:1:\"1\";s:5:\"error\";s:0:\"\";s:4:\"pkID\";s:2:\"13\";s:3:\"cID\";s:1:\"1\";s:4:\"cvID\";s:3:\"175\";s:4:\"wrID\";s:3:\"174\";}')
 ,(539,175,'2015-09-14 12:50:14','O:30:\"ApprovePagePageWorkflowRequest\":8:{s:14:\"\0*\0wrStatusNum\";i:30;s:12:\"\0*\0currentWP\";N;s:6:\"\0*\0uID\";s:1:\"1\";s:5:\"error\";s:0:\"\";s:4:\"pkID\";s:2:\"13\";s:3:\"cID\";s:1:\"1\";s:4:\"cvID\";s:3:\"176\";s:4:\"wrID\";s:3:\"175\";}')
 ,(540,176,'2015-09-14 12:53:08','O:30:\"ApprovePagePageWorkflowRequest\":8:{s:14:\"\0*\0wrStatusNum\";i:30;s:12:\"\0*\0currentWP\";N;s:6:\"\0*\0uID\";s:1:\"1\";s:5:\"error\";s:0:\"\";s:4:\"pkID\";s:2:\"13\";s:3:\"cID\";s:1:\"1\";s:4:\"cvID\";s:3:\"178\";s:4:\"wrID\";s:3:\"176\";}')
 ,(541,177,'2015-09-14 12:55:38','O:30:\"ApprovePagePageWorkflowRequest\":8:{s:14:\"\0*\0wrStatusNum\";i:30;s:12:\"\0*\0currentWP\";N;s:6:\"\0*\0uID\";s:1:\"1\";s:5:\"error\";s:0:\"\";s:4:\"pkID\";s:2:\"13\";s:3:\"cID\";s:3:\"257\";s:4:\"cvID\";s:1:\"1\";s:4:\"wrID\";s:3:\"177\";}')
 ,(542,178,'2015-09-14 12:56:42','O:29:\"DeletePagePageWorkflowRequest\":7:{s:14:\"\0*\0wrStatusNum\";i:100;s:12:\"\0*\0currentWP\";N;s:6:\"\0*\0uID\";s:1:\"1\";s:5:\"error\";s:0:\"\";s:4:\"pkID\";s:2:\"11\";s:3:\"cID\";s:3:\"257\";s:4:\"wrID\";s:3:\"178\";}')
 ,(543,179,'2015-09-14 13:06:37','O:30:\"ApprovePagePageWorkflowRequest\":8:{s:14:\"\0*\0wrStatusNum\";i:30;s:12:\"\0*\0currentWP\";N;s:6:\"\0*\0uID\";s:1:\"1\";s:5:\"error\";s:0:\"\";s:4:\"pkID\";s:2:\"13\";s:3:\"cID\";s:3:\"258\";s:4:\"cvID\";s:2:\"10\";s:4:\"wrID\";s:3:\"179\";}')
 ,(544,180,'2015-09-14 13:07:36','O:30:\"ApprovePagePageWorkflowRequest\":8:{s:14:\"\0*\0wrStatusNum\";i:30;s:12:\"\0*\0currentWP\";N;s:6:\"\0*\0uID\";s:1:\"1\";s:5:\"error\";s:0:\"\";s:4:\"pkID\";s:2:\"13\";s:3:\"cID\";s:3:\"258\";s:4:\"cvID\";s:2:\"11\";s:4:\"wrID\";s:3:\"180\";}')
 ,(545,181,'2015-09-14 13:08:07','O:30:\"ApprovePagePageWorkflowRequest\":8:{s:14:\"\0*\0wrStatusNum\";i:30;s:12:\"\0*\0currentWP\";N;s:6:\"\0*\0uID\";s:1:\"1\";s:5:\"error\";s:0:\"\";s:4:\"pkID\";s:2:\"13\";s:3:\"cID\";s:3:\"258\";s:4:\"cvID\";s:2:\"12\";s:4:\"wrID\";s:3:\"181\";}')
 ,(546,182,'2015-09-14 13:08:55','O:30:\"ApprovePagePageWorkflowRequest\":8:{s:14:\"\0*\0wrStatusNum\";i:30;s:12:\"\0*\0currentWP\";N;s:6:\"\0*\0uID\";s:1:\"1\";s:5:\"error\";s:0:\"\";s:4:\"pkID\";s:2:\"13\";s:3:\"cID\";s:3:\"250\";s:4:\"cvID\";s:2:\"10\";s:4:\"wrID\";s:3:\"182\";}')
 ,(547,183,'2015-09-14 13:10:29','O:30:\"ApprovePagePageWorkflowRequest\":8:{s:14:\"\0*\0wrStatusNum\";i:30;s:12:\"\0*\0currentWP\";N;s:6:\"\0*\0uID\";s:1:\"1\";s:5:\"error\";s:0:\"\";s:4:\"pkID\";s:2:\"13\";s:3:\"cID\";s:3:\"258\";s:4:\"cvID\";s:2:\"13\";s:4:\"wrID\";s:3:\"183\";}')
 ,(548,184,'2015-09-14 13:25:17','O:30:\"ApprovePagePageWorkflowRequest\":8:{s:14:\"\0*\0wrStatusNum\";i:30;s:12:\"\0*\0currentWP\";N;s:6:\"\0*\0uID\";s:1:\"1\";s:5:\"error\";s:0:\"\";s:4:\"pkID\";s:2:\"13\";s:3:\"cID\";s:1:\"1\";s:4:\"cvID\";s:3:\"179\";s:4:\"wrID\";s:3:\"184\";}')
 ,(549,185,'2015-09-14 13:27:35','O:30:\"ApprovePagePageWorkflowRequest\":8:{s:14:\"\0*\0wrStatusNum\";i:30;s:12:\"\0*\0currentWP\";N;s:6:\"\0*\0uID\";s:1:\"1\";s:5:\"error\";s:0:\"\";s:4:\"pkID\";s:2:\"13\";s:3:\"cID\";s:1:\"1\";s:4:\"cvID\";s:3:\"180\";s:4:\"wrID\";s:3:\"185\";}')
 ,(550,186,'2015-09-14 13:33:02','O:30:\"ApprovePagePageWorkflowRequest\":8:{s:14:\"\0*\0wrStatusNum\";i:30;s:12:\"\0*\0currentWP\";N;s:6:\"\0*\0uID\";s:1:\"1\";s:5:\"error\";s:0:\"\";s:4:\"pkID\";s:2:\"13\";s:3:\"cID\";s:3:\"259\";s:4:\"cvID\";s:1:\"1\";s:4:\"wrID\";s:3:\"186\";}')
 ,(551,187,'2015-09-14 13:33:52','O:30:\"ApprovePagePageWorkflowRequest\":8:{s:14:\"\0*\0wrStatusNum\";i:30;s:12:\"\0*\0currentWP\";N;s:6:\"\0*\0uID\";s:1:\"1\";s:5:\"error\";s:0:\"\";s:4:\"pkID\";s:2:\"13\";s:3:\"cID\";s:1:\"1\";s:4:\"cvID\";s:3:\"181\";s:4:\"wrID\";s:3:\"187\";}')
 ,(552,188,'2015-09-14 13:34:37','O:30:\"ApprovePagePageWorkflowRequest\":8:{s:14:\"\0*\0wrStatusNum\";i:30;s:12:\"\0*\0currentWP\";N;s:6:\"\0*\0uID\";s:1:\"1\";s:5:\"error\";s:0:\"\";s:4:\"pkID\";s:2:\"13\";s:3:\"cID\";s:1:\"1\";s:4:\"cvID\";s:3:\"182\";s:4:\"wrID\";s:3:\"188\";}')
 ,(553,189,'2015-09-14 13:36:59','O:30:\"ApprovePagePageWorkflowRequest\":8:{s:14:\"\0*\0wrStatusNum\";i:30;s:12:\"\0*\0currentWP\";N;s:6:\"\0*\0uID\";s:1:\"1\";s:5:\"error\";s:0:\"\";s:4:\"pkID\";s:2:\"13\";s:3:\"cID\";s:3:\"259\";s:4:\"cvID\";s:1:\"2\";s:4:\"wrID\";s:3:\"189\";}')
 ,(554,190,'2015-09-14 13:42:07','O:30:\"ApprovePagePageWorkflowRequest\":8:{s:14:\"\0*\0wrStatusNum\";i:30;s:12:\"\0*\0currentWP\";N;s:6:\"\0*\0uID\";s:1:\"1\";s:5:\"error\";s:0:\"\";s:4:\"pkID\";s:2:\"13\";s:3:\"cID\";s:3:\"260\";s:4:\"cvID\";s:1:\"1\";s:4:\"wrID\";s:3:\"190\";}')
 ,(555,191,'2015-09-14 13:43:12','O:30:\"ApprovePagePageWorkflowRequest\":8:{s:14:\"\0*\0wrStatusNum\";i:30;s:12:\"\0*\0currentWP\";N;s:6:\"\0*\0uID\";s:1:\"1\";s:5:\"error\";s:0:\"\";s:4:\"pkID\";s:2:\"13\";s:3:\"cID\";s:3:\"260\";s:4:\"cvID\";s:1:\"2\";s:4:\"wrID\";s:3:\"191\";}')
 ,(556,192,'2015-09-14 13:44:05','O:27:\"MovePagePageWorkflowRequest\":9:{s:12:\"\0*\0targetCID\";s:3:\"250\";s:14:\"\0*\0wrStatusNum\";i:50;s:12:\"\0*\0currentWP\";N;s:6:\"\0*\0uID\";s:1:\"1\";s:5:\"error\";s:0:\"\";s:4:\"pkID\";s:2:\"15\";s:3:\"cID\";s:3:\"259\";s:15:\"saveOldPagePath\";N;s:4:\"wrID\";s:3:\"192\";}')
 ,(557,193,'2015-09-14 13:44:26','O:27:\"MovePagePageWorkflowRequest\":9:{s:12:\"\0*\0targetCID\";s:3:\"250\";s:14:\"\0*\0wrStatusNum\";i:50;s:12:\"\0*\0currentWP\";N;s:6:\"\0*\0uID\";s:1:\"1\";s:5:\"error\";s:0:\"\";s:4:\"pkID\";s:2:\"15\";s:3:\"cID\";s:3:\"260\";s:15:\"saveOldPagePath\";N;s:4:\"wrID\";s:3:\"193\";}')
 ,(558,194,'2015-09-14 13:44:45','O:29:\"DeletePagePageWorkflowRequest\":7:{s:14:\"\0*\0wrStatusNum\";i:100;s:12:\"\0*\0currentWP\";N;s:6:\"\0*\0uID\";s:1:\"1\";s:5:\"error\";s:0:\"\";s:4:\"pkID\";s:2:\"11\";s:3:\"cID\";s:3:\"256\";s:4:\"wrID\";s:3:\"194\";}')
 ,(559,195,'2015-09-14 13:47:58','O:30:\"ApprovePagePageWorkflowRequest\":8:{s:14:\"\0*\0wrStatusNum\";i:30;s:12:\"\0*\0currentWP\";N;s:6:\"\0*\0uID\";s:1:\"1\";s:5:\"error\";s:0:\"\";s:4:\"pkID\";s:2:\"13\";s:3:\"cID\";s:3:\"262\";s:4:\"cvID\";s:1:\"1\";s:4:\"wrID\";s:3:\"195\";}')
 ,(560,196,'2015-09-14 13:48:24','O:27:\"MovePagePageWorkflowRequest\":9:{s:12:\"\0*\0targetCID\";s:3:\"258\";s:14:\"\0*\0wrStatusNum\";i:50;s:12:\"\0*\0currentWP\";N;s:6:\"\0*\0uID\";s:1:\"1\";s:5:\"error\";s:0:\"\";s:4:\"pkID\";s:2:\"15\";s:3:\"cID\";s:3:\"262\";s:15:\"saveOldPagePath\";N;s:4:\"wrID\";s:3:\"196\";}')
 ,(561,197,'2015-09-14 13:52:02','O:30:\"ApprovePagePageWorkflowRequest\":8:{s:14:\"\0*\0wrStatusNum\";i:30;s:12:\"\0*\0currentWP\";N;s:6:\"\0*\0uID\";s:1:\"1\";s:5:\"error\";s:0:\"\";s:4:\"pkID\";s:2:\"13\";s:3:\"cID\";s:3:\"262\";s:4:\"cvID\";s:1:\"2\";s:4:\"wrID\";s:3:\"197\";}')
 ,(562,198,'2015-09-14 13:53:16','O:30:\"ApprovePagePageWorkflowRequest\":8:{s:14:\"\0*\0wrStatusNum\";i:30;s:12:\"\0*\0currentWP\";N;s:6:\"\0*\0uID\";s:1:\"1\";s:5:\"error\";s:0:\"\";s:4:\"pkID\";s:2:\"13\";s:3:\"cID\";s:3:\"260\";s:4:\"cvID\";s:1:\"3\";s:4:\"wrID\";s:3:\"198\";}')
 ,(563,199,'2015-09-14 13:53:32','O:30:\"ApprovePagePageWorkflowRequest\":8:{s:14:\"\0*\0wrStatusNum\";i:30;s:12:\"\0*\0currentWP\";N;s:6:\"\0*\0uID\";s:1:\"1\";s:5:\"error\";s:0:\"\";s:4:\"pkID\";s:2:\"13\";s:3:\"cID\";s:3:\"260\";s:4:\"cvID\";s:1:\"4\";s:4:\"wrID\";s:3:\"199\";}')
 ,(564,200,'2015-09-14 13:57:05','O:30:\"ApprovePagePageWorkflowRequest\":8:{s:14:\"\0*\0wrStatusNum\";i:30;s:12:\"\0*\0currentWP\";N;s:6:\"\0*\0uID\";s:1:\"1\";s:5:\"error\";s:0:\"\";s:4:\"pkID\";s:2:\"13\";s:3:\"cID\";s:3:\"262\";s:4:\"cvID\";s:1:\"3\";s:4:\"wrID\";s:3:\"200\";}')
 ,(565,201,'2015-09-14 14:05:20','O:30:\"ApprovePagePageWorkflowRequest\":8:{s:14:\"\0*\0wrStatusNum\";i:30;s:12:\"\0*\0currentWP\";N;s:6:\"\0*\0uID\";s:1:\"1\";s:5:\"error\";s:0:\"\";s:4:\"pkID\";s:2:\"13\";s:3:\"cID\";s:3:\"264\";s:4:\"cvID\";s:1:\"1\";s:4:\"wrID\";s:3:\"201\";}')
 ,(566,202,'2015-09-14 14:06:29','O:30:\"ApprovePagePageWorkflowRequest\":8:{s:14:\"\0*\0wrStatusNum\";i:30;s:12:\"\0*\0currentWP\";N;s:6:\"\0*\0uID\";s:1:\"1\";s:5:\"error\";s:0:\"\";s:4:\"pkID\";s:2:\"13\";s:3:\"cID\";s:3:\"264\";s:4:\"cvID\";s:1:\"2\";s:4:\"wrID\";s:3:\"202\";}')
 ,(567,203,'2015-09-14 14:06:55','O:27:\"MovePagePageWorkflowRequest\":9:{s:12:\"\0*\0targetCID\";s:3:\"250\";s:14:\"\0*\0wrStatusNum\";i:50;s:12:\"\0*\0currentWP\";N;s:6:\"\0*\0uID\";s:1:\"1\";s:5:\"error\";s:0:\"\";s:4:\"pkID\";s:2:\"15\";s:3:\"cID\";s:3:\"264\";s:15:\"saveOldPagePath\";N;s:4:\"wrID\";s:3:\"203\";}')
 ,(568,204,'2015-09-14 14:08:22','O:30:\"ApprovePagePageWorkflowRequest\":8:{s:14:\"\0*\0wrStatusNum\";i:30;s:12:\"\0*\0currentWP\";N;s:6:\"\0*\0uID\";s:1:\"1\";s:5:\"error\";s:0:\"\";s:4:\"pkID\";s:2:\"13\";s:3:\"cID\";s:3:\"264\";s:4:\"cvID\";s:1:\"3\";s:4:\"wrID\";s:3:\"204\";}')
 ,(569,205,'2015-09-14 14:09:49','O:30:\"ApprovePagePageWorkflowRequest\":8:{s:14:\"\0*\0wrStatusNum\";i:30;s:12:\"\0*\0currentWP\";N;s:6:\"\0*\0uID\";s:1:\"1\";s:5:\"error\";s:0:\"\";s:4:\"pkID\";s:2:\"13\";s:3:\"cID\";s:3:\"260\";s:4:\"cvID\";s:1:\"5\";s:4:\"wrID\";s:3:\"205\";}')
 ,(570,206,'2015-09-14 14:10:16','O:30:\"ApprovePagePageWorkflowRequest\":8:{s:14:\"\0*\0wrStatusNum\";i:30;s:12:\"\0*\0currentWP\";N;s:6:\"\0*\0uID\";s:1:\"1\";s:5:\"error\";s:0:\"\";s:4:\"pkID\";s:2:\"13\";s:3:\"cID\";s:3:\"259\";s:4:\"cvID\";s:1:\"3\";s:4:\"wrID\";s:3:\"206\";}')
 ,(571,207,'2015-09-14 14:10:53','O:30:\"ApprovePagePageWorkflowRequest\":8:{s:14:\"\0*\0wrStatusNum\";i:30;s:12:\"\0*\0currentWP\";N;s:6:\"\0*\0uID\";s:1:\"1\";s:5:\"error\";s:0:\"\";s:4:\"pkID\";s:2:\"13\";s:3:\"cID\";s:3:\"259\";s:4:\"cvID\";s:1:\"4\";s:4:\"wrID\";s:3:\"207\";}')
 ,(572,208,'2015-09-14 14:11:21','O:30:\"ApprovePagePageWorkflowRequest\":8:{s:14:\"\0*\0wrStatusNum\";i:30;s:12:\"\0*\0currentWP\";N;s:6:\"\0*\0uID\";s:1:\"1\";s:5:\"error\";s:0:\"\";s:4:\"pkID\";s:2:\"13\";s:3:\"cID\";s:3:\"259\";s:4:\"cvID\";s:1:\"5\";s:4:\"wrID\";s:3:\"208\";}')
 ,(573,209,'2015-09-14 14:11:50','O:30:\"ApprovePagePageWorkflowRequest\":8:{s:14:\"\0*\0wrStatusNum\";i:30;s:12:\"\0*\0currentWP\";N;s:6:\"\0*\0uID\";s:1:\"1\";s:5:\"error\";s:0:\"\";s:4:\"pkID\";s:2:\"13\";s:3:\"cID\";s:3:\"262\";s:4:\"cvID\";s:1:\"4\";s:4:\"wrID\";s:3:\"209\";}')
 ,(574,210,'2015-09-14 14:14:51','O:30:\"ApprovePagePageWorkflowRequest\":8:{s:14:\"\0*\0wrStatusNum\";i:30;s:12:\"\0*\0currentWP\";N;s:6:\"\0*\0uID\";s:1:\"1\";s:5:\"error\";s:0:\"\";s:4:\"pkID\";s:2:\"13\";s:3:\"cID\";s:3:\"266\";s:4:\"cvID\";s:1:\"1\";s:4:\"wrID\";s:3:\"210\";}')
 ,(575,211,'2015-09-14 14:15:10','O:27:\"MovePagePageWorkflowRequest\":9:{s:12:\"\0*\0targetCID\";s:3:\"250\";s:14:\"\0*\0wrStatusNum\";i:50;s:12:\"\0*\0currentWP\";N;s:6:\"\0*\0uID\";s:1:\"1\";s:5:\"error\";s:0:\"\";s:4:\"pkID\";s:2:\"15\";s:3:\"cID\";s:3:\"266\";s:15:\"saveOldPagePath\";N;s:4:\"wrID\";s:3:\"211\";}')
 ,(576,212,'2015-09-14 14:17:43','O:30:\"ApprovePagePageWorkflowRequest\":8:{s:14:\"\0*\0wrStatusNum\";i:30;s:12:\"\0*\0currentWP\";N;s:6:\"\0*\0uID\";s:1:\"1\";s:5:\"error\";s:0:\"\";s:4:\"pkID\";s:2:\"13\";s:3:\"cID\";s:3:\"266\";s:4:\"cvID\";s:1:\"2\";s:4:\"wrID\";s:3:\"212\";}')
 ,(577,213,'2015-09-14 14:18:36','O:30:\"ApprovePagePageWorkflowRequest\":8:{s:14:\"\0*\0wrStatusNum\";i:30;s:12:\"\0*\0currentWP\";N;s:6:\"\0*\0uID\";s:1:\"1\";s:5:\"error\";s:0:\"\";s:4:\"pkID\";s:2:\"13\";s:3:\"cID\";s:3:\"266\";s:4:\"cvID\";s:1:\"3\";s:4:\"wrID\";s:3:\"213\";}')
 ,(578,214,'2015-09-14 15:41:49','O:30:\"ApprovePagePageWorkflowRequest\":8:{s:14:\"\0*\0wrStatusNum\";i:30;s:12:\"\0*\0currentWP\";N;s:6:\"\0*\0uID\";s:1:\"1\";s:5:\"error\";s:0:\"\";s:4:\"pkID\";s:2:\"13\";s:3:\"cID\";s:1:\"1\";s:4:\"cvID\";s:3:\"183\";s:4:\"wrID\";s:3:\"214\";}')
 ,(579,215,'2015-09-14 16:35:31','O:30:\"ApprovePagePageWorkflowRequest\":8:{s:14:\"\0*\0wrStatusNum\";i:30;s:12:\"\0*\0currentWP\";N;s:6:\"\0*\0uID\";s:1:\"1\";s:5:\"error\";s:0:\"\";s:4:\"pkID\";s:2:\"13\";s:3:\"cID\";s:3:\"267\";s:4:\"cvID\";s:1:\"1\";s:4:\"wrID\";s:3:\"215\";}')
 ,(580,216,'2015-09-14 16:35:53','O:27:\"MovePagePageWorkflowRequest\":9:{s:12:\"\0*\0targetCID\";s:3:\"250\";s:14:\"\0*\0wrStatusNum\";i:50;s:12:\"\0*\0currentWP\";N;s:6:\"\0*\0uID\";s:1:\"1\";s:5:\"error\";s:0:\"\";s:4:\"pkID\";s:2:\"15\";s:3:\"cID\";s:3:\"267\";s:15:\"saveOldPagePath\";N;s:4:\"wrID\";s:3:\"216\";}')
 ,(581,217,'2015-09-14 16:36:44','O:30:\"ApprovePagePageWorkflowRequest\":8:{s:14:\"\0*\0wrStatusNum\";i:30;s:12:\"\0*\0currentWP\";N;s:6:\"\0*\0uID\";s:1:\"1\";s:5:\"error\";s:0:\"\";s:4:\"pkID\";s:2:\"13\";s:3:\"cID\";s:3:\"267\";s:4:\"cvID\";s:1:\"2\";s:4:\"wrID\";s:3:\"217\";}')
 ,(582,218,'2015-09-14 16:38:48','O:30:\"ApprovePagePageWorkflowRequest\":8:{s:14:\"\0*\0wrStatusNum\";i:30;s:12:\"\0*\0currentWP\";N;s:6:\"\0*\0uID\";s:1:\"1\";s:5:\"error\";s:0:\"\";s:4:\"pkID\";s:2:\"13\";s:3:\"cID\";s:3:\"267\";s:4:\"cvID\";s:1:\"3\";s:4:\"wrID\";s:3:\"218\";}')
 ,(583,219,'2015-09-14 16:39:54','O:30:\"ApprovePagePageWorkflowRequest\":8:{s:14:\"\0*\0wrStatusNum\";i:30;s:12:\"\0*\0currentWP\";N;s:6:\"\0*\0uID\";s:1:\"1\";s:5:\"error\";s:0:\"\";s:4:\"pkID\";s:2:\"13\";s:3:\"cID\";s:3:\"250\";s:4:\"cvID\";s:2:\"11\";s:4:\"wrID\";s:3:\"219\";}')
 ,(584,220,'2015-09-14 16:40:38','O:30:\"ApprovePagePageWorkflowRequest\":8:{s:14:\"\0*\0wrStatusNum\";i:30;s:12:\"\0*\0currentWP\";N;s:6:\"\0*\0uID\";s:1:\"1\";s:5:\"error\";s:0:\"\";s:4:\"pkID\";s:2:\"13\";s:3:\"cID\";s:3:\"250\";s:4:\"cvID\";s:2:\"12\";s:4:\"wrID\";s:3:\"220\";}')
 ,(585,221,'2015-09-14 16:41:35','O:30:\"ApprovePagePageWorkflowRequest\":8:{s:14:\"\0*\0wrStatusNum\";i:30;s:12:\"\0*\0currentWP\";N;s:6:\"\0*\0uID\";s:1:\"1\";s:5:\"error\";s:0:\"\";s:4:\"pkID\";s:2:\"13\";s:3:\"cID\";s:3:\"258\";s:4:\"cvID\";s:2:\"14\";s:4:\"wrID\";s:3:\"221\";}')
 ,(586,222,'2015-09-14 16:44:51','O:30:\"ApprovePagePageWorkflowRequest\":8:{s:14:\"\0*\0wrStatusNum\";i:30;s:12:\"\0*\0currentWP\";N;s:6:\"\0*\0uID\";s:1:\"1\";s:5:\"error\";s:0:\"\";s:4:\"pkID\";s:2:\"13\";s:3:\"cID\";s:1:\"1\";s:4:\"cvID\";s:3:\"184\";s:4:\"wrID\";s:3:\"222\";}')
 ,(587,223,'2015-09-14 16:48:09','O:30:\"ApprovePagePageWorkflowRequest\":8:{s:14:\"\0*\0wrStatusNum\";i:30;s:12:\"\0*\0currentWP\";N;s:6:\"\0*\0uID\";s:1:\"1\";s:5:\"error\";s:0:\"\";s:4:\"pkID\";s:2:\"13\";s:3:\"cID\";s:3:\"163\";s:4:\"cvID\";s:1:\"2\";s:4:\"wrID\";s:3:\"223\";}')
 ,(588,224,'2015-09-14 16:48:50','O:30:\"ApprovePagePageWorkflowRequest\":8:{s:14:\"\0*\0wrStatusNum\";i:30;s:12:\"\0*\0currentWP\";N;s:6:\"\0*\0uID\";s:1:\"1\";s:5:\"error\";s:0:\"\";s:4:\"pkID\";s:2:\"13\";s:3:\"cID\";s:3:\"163\";s:4:\"cvID\";s:1:\"3\";s:4:\"wrID\";s:3:\"224\";}')
 ,(589,225,'2015-09-14 17:00:08','O:30:\"ApprovePagePageWorkflowRequest\":8:{s:14:\"\0*\0wrStatusNum\";i:30;s:12:\"\0*\0currentWP\";N;s:6:\"\0*\0uID\";s:1:\"1\";s:5:\"error\";s:0:\"\";s:4:\"pkID\";s:2:\"13\";s:3:\"cID\";s:3:\"163\";s:4:\"cvID\";s:1:\"4\";s:4:\"wrID\";s:3:\"225\";}')
 ,(590,226,'2015-09-14 17:00:59','O:30:\"ApprovePagePageWorkflowRequest\":8:{s:14:\"\0*\0wrStatusNum\";i:30;s:12:\"\0*\0currentWP\";N;s:6:\"\0*\0uID\";s:1:\"1\";s:5:\"error\";s:0:\"\";s:4:\"pkID\";s:2:\"13\";s:3:\"cID\";s:3:\"163\";s:4:\"cvID\";s:1:\"5\";s:4:\"wrID\";s:3:\"226\";}')
 ,(591,227,'2015-09-14 17:01:43','O:30:\"ApprovePagePageWorkflowRequest\":8:{s:14:\"\0*\0wrStatusNum\";i:30;s:12:\"\0*\0currentWP\";N;s:6:\"\0*\0uID\";s:1:\"1\";s:5:\"error\";s:0:\"\";s:4:\"pkID\";s:2:\"13\";s:3:\"cID\";s:3:\"163\";s:4:\"cvID\";s:1:\"6\";s:4:\"wrID\";s:3:\"227\";}')
 ,(592,228,'2015-09-14 17:02:29','O:30:\"ApprovePagePageWorkflowRequest\":8:{s:14:\"\0*\0wrStatusNum\";i:30;s:12:\"\0*\0currentWP\";N;s:6:\"\0*\0uID\";s:1:\"1\";s:5:\"error\";s:0:\"\";s:4:\"pkID\";s:2:\"13\";s:3:\"cID\";s:3:\"163\";s:4:\"cvID\";s:1:\"7\";s:4:\"wrID\";s:3:\"228\";}')
 ,(593,229,'2015-09-14 18:37:13','O:30:\"ApprovePagePageWorkflowRequest\":8:{s:14:\"\0*\0wrStatusNum\";i:30;s:12:\"\0*\0currentWP\";N;s:6:\"\0*\0uID\";s:1:\"1\";s:5:\"error\";s:0:\"\";s:4:\"pkID\";s:2:\"13\";s:3:\"cID\";s:3:\"268\";s:4:\"cvID\";s:1:\"1\";s:4:\"wrID\";s:3:\"229\";}')
 ,(594,230,'2015-09-14 18:37:56','O:27:\"MovePagePageWorkflowRequest\":9:{s:12:\"\0*\0targetCID\";s:3:\"258\";s:14:\"\0*\0wrStatusNum\";i:50;s:12:\"\0*\0currentWP\";N;s:6:\"\0*\0uID\";s:1:\"1\";s:5:\"error\";s:0:\"\";s:4:\"pkID\";s:2:\"15\";s:3:\"cID\";s:3:\"268\";s:15:\"saveOldPagePath\";N;s:4:\"wrID\";s:3:\"230\";}')
 ,(595,231,'2015-09-14 18:40:07','O:30:\"ApprovePagePageWorkflowRequest\":8:{s:14:\"\0*\0wrStatusNum\";i:30;s:12:\"\0*\0currentWP\";N;s:6:\"\0*\0uID\";s:1:\"1\";s:5:\"error\";s:0:\"\";s:4:\"pkID\";s:2:\"13\";s:3:\"cID\";s:3:\"268\";s:4:\"cvID\";s:1:\"2\";s:4:\"wrID\";s:3:\"231\";}')
 ,(596,232,'2015-09-14 18:42:40','O:30:\"ApprovePagePageWorkflowRequest\":8:{s:14:\"\0*\0wrStatusNum\";i:30;s:12:\"\0*\0currentWP\";N;s:6:\"\0*\0uID\";s:1:\"1\";s:5:\"error\";s:0:\"\";s:4:\"pkID\";s:2:\"13\";s:3:\"cID\";s:3:\"269\";s:4:\"cvID\";s:1:\"1\";s:4:\"wrID\";s:3:\"232\";}')
 ,(597,233,'2015-09-14 18:43:00','O:27:\"MovePagePageWorkflowRequest\":9:{s:12:\"\0*\0targetCID\";s:3:\"258\";s:14:\"\0*\0wrStatusNum\";i:50;s:12:\"\0*\0currentWP\";N;s:6:\"\0*\0uID\";s:1:\"1\";s:5:\"error\";s:0:\"\";s:4:\"pkID\";s:2:\"15\";s:3:\"cID\";s:3:\"269\";s:15:\"saveOldPagePath\";N;s:4:\"wrID\";s:3:\"233\";}')
 ,(598,234,'2015-09-14 18:43:38','O:30:\"ApprovePagePageWorkflowRequest\":8:{s:14:\"\0*\0wrStatusNum\";i:30;s:12:\"\0*\0currentWP\";N;s:6:\"\0*\0uID\";s:1:\"1\";s:5:\"error\";s:0:\"\";s:4:\"pkID\";s:2:\"13\";s:3:\"cID\";s:3:\"269\";s:4:\"cvID\";s:1:\"2\";s:4:\"wrID\";s:3:\"234\";}')
 ,(599,235,'2015-09-14 18:50:11','O:30:\"ApprovePagePageWorkflowRequest\":8:{s:14:\"\0*\0wrStatusNum\";i:30;s:12:\"\0*\0currentWP\";N;s:6:\"\0*\0uID\";s:1:\"1\";s:5:\"error\";s:0:\"\";s:4:\"pkID\";s:2:\"13\";s:3:\"cID\";s:1:\"1\";s:4:\"cvID\";s:3:\"185\";s:4:\"wrID\";s:3:\"235\";}')
 ,(600,236,'2015-09-14 18:50:44','O:30:\"ApprovePagePageWorkflowRequest\":8:{s:14:\"\0*\0wrStatusNum\";i:30;s:12:\"\0*\0currentWP\";N;s:6:\"\0*\0uID\";s:1:\"1\";s:5:\"error\";s:0:\"\";s:4:\"pkID\";s:2:\"13\";s:3:\"cID\";s:1:\"1\";s:4:\"cvID\";s:3:\"186\";s:4:\"wrID\";s:3:\"236\";}')
 ,(601,237,'2015-09-14 18:51:45','O:30:\"ApprovePagePageWorkflowRequest\":8:{s:14:\"\0*\0wrStatusNum\";i:30;s:12:\"\0*\0currentWP\";N;s:6:\"\0*\0uID\";s:1:\"1\";s:5:\"error\";s:0:\"\";s:4:\"pkID\";s:2:\"13\";s:3:\"cID\";s:1:\"1\";s:4:\"cvID\";s:3:\"187\";s:4:\"wrID\";s:3:\"237\";}')
 ,(602,238,'2015-09-14 18:53:38','O:30:\"ApprovePagePageWorkflowRequest\":8:{s:14:\"\0*\0wrStatusNum\";i:30;s:12:\"\0*\0currentWP\";N;s:6:\"\0*\0uID\";s:1:\"1\";s:5:\"error\";s:0:\"\";s:4:\"pkID\";s:2:\"13\";s:3:\"cID\";s:1:\"1\";s:4:\"cvID\";s:3:\"188\";s:4:\"wrID\";s:3:\"238\";}')
 ,(603,239,'2015-09-14 18:56:25','O:30:\"ApprovePagePageWorkflowRequest\":8:{s:14:\"\0*\0wrStatusNum\";i:30;s:12:\"\0*\0currentWP\";N;s:6:\"\0*\0uID\";s:1:\"1\";s:5:\"error\";s:0:\"\";s:4:\"pkID\";s:2:\"13\";s:3:\"cID\";s:1:\"1\";s:4:\"cvID\";s:3:\"189\";s:4:\"wrID\";s:3:\"239\";}')
 ,(604,240,'2015-09-14 19:12:53','O:30:\"ApprovePagePageWorkflowRequest\":8:{s:14:\"\0*\0wrStatusNum\";i:30;s:12:\"\0*\0currentWP\";N;s:6:\"\0*\0uID\";s:1:\"1\";s:5:\"error\";s:0:\"\";s:4:\"pkID\";s:2:\"13\";s:3:\"cID\";s:3:\"273\";s:4:\"cvID\";s:1:\"1\";s:4:\"wrID\";s:3:\"240\";}')
 ,(605,241,'2015-09-14 19:15:11','O:30:\"ApprovePagePageWorkflowRequest\":8:{s:14:\"\0*\0wrStatusNum\";i:30;s:12:\"\0*\0currentWP\";N;s:6:\"\0*\0uID\";s:1:\"1\";s:5:\"error\";s:0:\"\";s:4:\"pkID\";s:2:\"13\";s:3:\"cID\";s:3:\"274\";s:4:\"cvID\";s:1:\"1\";s:4:\"wrID\";s:3:\"241\";}')
 ,(606,242,'2015-09-14 19:15:45','O:30:\"ApprovePagePageWorkflowRequest\":8:{s:14:\"\0*\0wrStatusNum\";i:30;s:12:\"\0*\0currentWP\";N;s:6:\"\0*\0uID\";s:1:\"1\";s:5:\"error\";s:0:\"\";s:4:\"pkID\";s:2:\"13\";s:3:\"cID\";s:3:\"274\";s:4:\"cvID\";s:1:\"2\";s:4:\"wrID\";s:3:\"242\";}')
 ,(607,243,'2015-09-14 19:17:10','O:30:\"ApprovePagePageWorkflowRequest\":8:{s:14:\"\0*\0wrStatusNum\";i:30;s:12:\"\0*\0currentWP\";N;s:6:\"\0*\0uID\";s:1:\"1\";s:5:\"error\";s:0:\"\";s:4:\"pkID\";s:2:\"13\";s:3:\"cID\";s:3:\"274\";s:4:\"cvID\";s:1:\"3\";s:4:\"wrID\";s:3:\"243\";}')
 ,(608,244,'2015-09-14 19:18:05','O:29:\"DeletePagePageWorkflowRequest\":7:{s:14:\"\0*\0wrStatusNum\";i:100;s:12:\"\0*\0currentWP\";N;s:6:\"\0*\0uID\";s:1:\"1\";s:5:\"error\";s:0:\"\";s:4:\"pkID\";s:2:\"11\";s:3:\"cID\";s:3:\"273\";s:4:\"wrID\";s:3:\"244\";}')
 ,(609,245,'2015-09-14 19:25:43','O:30:\"ApprovePagePageWorkflowRequest\":8:{s:14:\"\0*\0wrStatusNum\";i:30;s:12:\"\0*\0currentWP\";N;s:6:\"\0*\0uID\";s:1:\"1\";s:5:\"error\";s:0:\"\";s:4:\"pkID\";s:2:\"13\";s:3:\"cID\";s:1:\"1\";s:4:\"cvID\";s:3:\"190\";s:4:\"wrID\";s:3:\"245\";}')
 ,(610,246,'2015-09-14 19:29:38','O:30:\"ApprovePagePageWorkflowRequest\":8:{s:14:\"\0*\0wrStatusNum\";i:30;s:12:\"\0*\0currentWP\";N;s:6:\"\0*\0uID\";s:1:\"1\";s:5:\"error\";s:0:\"\";s:4:\"pkID\";s:2:\"13\";s:3:\"cID\";s:3:\"275\";s:4:\"cvID\";s:1:\"1\";s:4:\"wrID\";s:3:\"246\";}')
 ,(611,247,'2015-09-14 19:30:05','O:30:\"ApprovePagePageWorkflowRequest\":8:{s:14:\"\0*\0wrStatusNum\";i:30;s:12:\"\0*\0currentWP\";N;s:6:\"\0*\0uID\";s:1:\"1\";s:5:\"error\";s:0:\"\";s:4:\"pkID\";s:2:\"13\";s:3:\"cID\";s:3:\"275\";s:4:\"cvID\";s:1:\"2\";s:4:\"wrID\";s:3:\"247\";}')
 ,(612,248,'2015-09-14 19:30:55','O:29:\"DeletePagePageWorkflowRequest\":7:{s:14:\"\0*\0wrStatusNum\";i:100;s:12:\"\0*\0currentWP\";N;s:6:\"\0*\0uID\";s:1:\"1\";s:5:\"error\";s:0:\"\";s:4:\"pkID\";s:2:\"11\";s:3:\"cID\";s:3:\"275\";s:4:\"wrID\";s:3:\"248\";}')
 ,(613,249,'2015-09-14 19:55:03','O:30:\"ApprovePagePageWorkflowRequest\":8:{s:14:\"\0*\0wrStatusNum\";i:30;s:12:\"\0*\0currentWP\";N;s:6:\"\0*\0uID\";s:1:\"1\";s:5:\"error\";s:0:\"\";s:4:\"pkID\";s:2:\"13\";s:3:\"cID\";s:3:\"169\";s:4:\"cvID\";s:1:\"2\";s:4:\"wrID\";s:3:\"249\";}')
 ,(614,250,'2015-09-14 19:59:16','O:30:\"ApprovePagePageWorkflowRequest\":8:{s:14:\"\0*\0wrStatusNum\";i:30;s:12:\"\0*\0currentWP\";N;s:6:\"\0*\0uID\";s:1:\"1\";s:5:\"error\";s:0:\"\";s:4:\"pkID\";s:2:\"13\";s:3:\"cID\";s:3:\"169\";s:4:\"cvID\";s:1:\"3\";s:4:\"wrID\";s:3:\"250\";}')
 ,(615,251,'2015-09-14 20:09:23','O:30:\"ApprovePagePageWorkflowRequest\":8:{s:14:\"\0*\0wrStatusNum\";i:30;s:12:\"\0*\0currentWP\";N;s:6:\"\0*\0uID\";s:1:\"1\";s:5:\"error\";s:0:\"\";s:4:\"pkID\";s:2:\"13\";s:3:\"cID\";s:3:\"169\";s:4:\"cvID\";s:1:\"4\";s:4:\"wrID\";s:3:\"251\";}')
 ,(616,252,'2015-09-14 20:10:43','O:30:\"ApprovePagePageWorkflowRequest\":8:{s:14:\"\0*\0wrStatusNum\";i:30;s:12:\"\0*\0currentWP\";N;s:6:\"\0*\0uID\";s:1:\"1\";s:5:\"error\";s:0:\"\";s:4:\"pkID\";s:2:\"13\";s:3:\"cID\";s:3:\"169\";s:4:\"cvID\";s:1:\"5\";s:4:\"wrID\";s:3:\"252\";}')
 ,(617,253,'2015-09-14 20:12:13','O:30:\"ApprovePagePageWorkflowRequest\":8:{s:14:\"\0*\0wrStatusNum\";i:30;s:12:\"\0*\0currentWP\";N;s:6:\"\0*\0uID\";s:1:\"1\";s:5:\"error\";s:0:\"\";s:4:\"pkID\";s:2:\"13\";s:3:\"cID\";s:3:\"169\";s:4:\"cvID\";s:1:\"6\";s:4:\"wrID\";s:3:\"253\";}')
 ,(618,254,'2015-09-14 20:12:53','O:30:\"ApprovePagePageWorkflowRequest\":8:{s:14:\"\0*\0wrStatusNum\";i:30;s:12:\"\0*\0currentWP\";N;s:6:\"\0*\0uID\";s:1:\"1\";s:5:\"error\";s:0:\"\";s:4:\"pkID\";s:2:\"13\";s:3:\"cID\";s:3:\"169\";s:4:\"cvID\";s:1:\"7\";s:4:\"wrID\";s:3:\"254\";}')
 ,(619,255,'2015-09-14 20:21:38','O:30:\"ApprovePagePageWorkflowRequest\":8:{s:14:\"\0*\0wrStatusNum\";i:30;s:12:\"\0*\0currentWP\";N;s:6:\"\0*\0uID\";s:1:\"1\";s:5:\"error\";s:0:\"\";s:4:\"pkID\";s:2:\"13\";s:3:\"cID\";s:3:\"169\";s:4:\"cvID\";s:1:\"8\";s:4:\"wrID\";s:3:\"255\";}')
 ,(620,256,'2015-09-14 20:24:47','O:30:\"ApprovePagePageWorkflowRequest\":8:{s:14:\"\0*\0wrStatusNum\";i:30;s:12:\"\0*\0currentWP\";N;s:6:\"\0*\0uID\";s:1:\"1\";s:5:\"error\";s:0:\"\";s:4:\"pkID\";s:2:\"13\";s:3:\"cID\";s:3:\"169\";s:4:\"cvID\";s:1:\"9\";s:4:\"wrID\";s:3:\"256\";}')
 ,(621,257,'2015-09-14 20:29:07','O:30:\"ApprovePagePageWorkflowRequest\":8:{s:14:\"\0*\0wrStatusNum\";i:30;s:12:\"\0*\0currentWP\";N;s:6:\"\0*\0uID\";s:1:\"1\";s:5:\"error\";s:0:\"\";s:4:\"pkID\";s:2:\"13\";s:3:\"cID\";s:3:\"169\";s:4:\"cvID\";s:2:\"10\";s:4:\"wrID\";s:3:\"257\";}')
 ,(622,258,'2015-09-14 20:35:40','O:30:\"ApprovePagePageWorkflowRequest\":8:{s:14:\"\0*\0wrStatusNum\";i:30;s:12:\"\0*\0currentWP\";N;s:6:\"\0*\0uID\";s:1:\"1\";s:5:\"error\";s:0:\"\";s:4:\"pkID\";s:2:\"13\";s:3:\"cID\";s:3:\"169\";s:4:\"cvID\";s:2:\"11\";s:4:\"wrID\";s:3:\"258\";}')
 ,(623,259,'2015-09-14 20:37:09','O:30:\"ApprovePagePageWorkflowRequest\":8:{s:14:\"\0*\0wrStatusNum\";i:30;s:12:\"\0*\0currentWP\";N;s:6:\"\0*\0uID\";s:1:\"1\";s:5:\"error\";s:0:\"\";s:4:\"pkID\";s:2:\"13\";s:3:\"cID\";s:3:\"169\";s:4:\"cvID\";s:2:\"12\";s:4:\"wrID\";s:3:\"259\";}')
 ,(624,260,'2015-09-14 20:46:53','O:30:\"ApprovePagePageWorkflowRequest\":8:{s:14:\"\0*\0wrStatusNum\";i:30;s:12:\"\0*\0currentWP\";N;s:6:\"\0*\0uID\";s:1:\"1\";s:5:\"error\";s:0:\"\";s:4:\"pkID\";s:2:\"13\";s:3:\"cID\";s:3:\"169\";s:4:\"cvID\";s:2:\"13\";s:4:\"wrID\";s:3:\"260\";}')
 ,(625,261,'2015-09-14 20:48:52','O:30:\"ApprovePagePageWorkflowRequest\":8:{s:14:\"\0*\0wrStatusNum\";i:30;s:12:\"\0*\0currentWP\";N;s:6:\"\0*\0uID\";s:1:\"1\";s:5:\"error\";s:0:\"\";s:4:\"pkID\";s:2:\"13\";s:3:\"cID\";s:3:\"169\";s:4:\"cvID\";s:2:\"14\";s:4:\"wrID\";s:3:\"261\";}')
 ,(626,262,'2015-09-14 20:50:09','O:30:\"ApprovePagePageWorkflowRequest\":8:{s:14:\"\0*\0wrStatusNum\";i:30;s:12:\"\0*\0currentWP\";N;s:6:\"\0*\0uID\";s:1:\"1\";s:5:\"error\";s:0:\"\";s:4:\"pkID\";s:2:\"13\";s:3:\"cID\";s:3:\"169\";s:4:\"cvID\";s:2:\"15\";s:4:\"wrID\";s:3:\"262\";}')
 ,(627,263,'2015-09-14 20:52:47','O:30:\"ApprovePagePageWorkflowRequest\":8:{s:14:\"\0*\0wrStatusNum\";i:30;s:12:\"\0*\0currentWP\";N;s:6:\"\0*\0uID\";s:1:\"1\";s:5:\"error\";s:0:\"\";s:4:\"pkID\";s:2:\"13\";s:3:\"cID\";s:1:\"1\";s:4:\"cvID\";s:3:\"191\";s:4:\"wrID\";s:3:\"263\";}')
 ,(628,264,'2015-09-14 20:53:06','O:30:\"ApprovePagePageWorkflowRequest\":8:{s:14:\"\0*\0wrStatusNum\";i:30;s:12:\"\0*\0currentWP\";N;s:6:\"\0*\0uID\";s:1:\"1\";s:5:\"error\";s:0:\"\";s:4:\"pkID\";s:2:\"13\";s:3:\"cID\";s:1:\"1\";s:4:\"cvID\";s:3:\"192\";s:4:\"wrID\";s:3:\"264\";}')
 ,(629,265,'2015-09-14 21:02:10','O:30:\"ApprovePagePageWorkflowRequest\":8:{s:14:\"\0*\0wrStatusNum\";i:30;s:12:\"\0*\0currentWP\";N;s:6:\"\0*\0uID\";s:1:\"1\";s:5:\"error\";s:0:\"\";s:4:\"pkID\";s:2:\"13\";s:3:\"cID\";s:3:\"160\";s:4:\"cvID\";s:1:\"6\";s:4:\"wrID\";s:3:\"265\";}')
 ,(630,266,'2015-09-14 21:02:47','O:30:\"ApprovePagePageWorkflowRequest\":8:{s:14:\"\0*\0wrStatusNum\";i:30;s:12:\"\0*\0currentWP\";N;s:6:\"\0*\0uID\";s:1:\"1\";s:5:\"error\";s:0:\"\";s:4:\"pkID\";s:2:\"13\";s:3:\"cID\";s:3:\"161\";s:4:\"cvID\";s:1:\"5\";s:4:\"wrID\";s:3:\"266\";}')
 ,(631,267,'2015-09-14 21:03:26','O:30:\"ApprovePagePageWorkflowRequest\":8:{s:14:\"\0*\0wrStatusNum\";i:30;s:12:\"\0*\0currentWP\";N;s:6:\"\0*\0uID\";s:1:\"1\";s:5:\"error\";s:0:\"\";s:4:\"pkID\";s:2:\"13\";s:3:\"cID\";s:3:\"162\";s:4:\"cvID\";s:1:\"4\";s:4:\"wrID\";s:3:\"267\";}')
 ,(632,268,'2015-09-14 21:03:52','O:30:\"ApprovePagePageWorkflowRequest\":8:{s:14:\"\0*\0wrStatusNum\";i:30;s:12:\"\0*\0currentWP\";N;s:6:\"\0*\0uID\";s:1:\"1\";s:5:\"error\";s:0:\"\";s:4:\"pkID\";s:2:\"13\";s:3:\"cID\";s:3:\"162\";s:4:\"cvID\";s:1:\"5\";s:4:\"wrID\";s:3:\"268\";}')
 ,(633,269,'2015-09-14 21:05:33','O:30:\"ApprovePagePageWorkflowRequest\":8:{s:14:\"\0*\0wrStatusNum\";i:30;s:12:\"\0*\0currentWP\";N;s:6:\"\0*\0uID\";s:1:\"1\";s:5:\"error\";s:0:\"\";s:4:\"pkID\";s:2:\"13\";s:3:\"cID\";s:3:\"162\";s:4:\"cvID\";s:1:\"6\";s:4:\"wrID\";s:3:\"269\";}')
 ,(634,270,'2015-09-14 21:06:52','O:30:\"ApprovePagePageWorkflowRequest\":8:{s:14:\"\0*\0wrStatusNum\";i:30;s:12:\"\0*\0currentWP\";N;s:6:\"\0*\0uID\";s:1:\"1\";s:5:\"error\";s:0:\"\";s:4:\"pkID\";s:2:\"13\";s:3:\"cID\";s:3:\"160\";s:4:\"cvID\";s:1:\"7\";s:4:\"wrID\";s:3:\"270\";}')
 ,(635,271,'2015-09-14 21:07:26','O:30:\"ApprovePagePageWorkflowRequest\":8:{s:14:\"\0*\0wrStatusNum\";i:30;s:12:\"\0*\0currentWP\";N;s:6:\"\0*\0uID\";s:1:\"1\";s:5:\"error\";s:0:\"\";s:4:\"pkID\";s:2:\"13\";s:3:\"cID\";s:3:\"161\";s:4:\"cvID\";s:1:\"6\";s:4:\"wrID\";s:3:\"271\";}')
 ,(636,272,'2015-09-14 21:08:04','O:30:\"ApprovePagePageWorkflowRequest\":8:{s:14:\"\0*\0wrStatusNum\";i:30;s:12:\"\0*\0currentWP\";N;s:6:\"\0*\0uID\";s:1:\"1\";s:5:\"error\";s:0:\"\";s:4:\"pkID\";s:2:\"13\";s:3:\"cID\";s:3:\"162\";s:4:\"cvID\";s:1:\"7\";s:4:\"wrID\";s:3:\"272\";}')
 ,(637,273,'2015-09-14 21:08:59','O:30:\"ApprovePagePageWorkflowRequest\":8:{s:14:\"\0*\0wrStatusNum\";i:30;s:12:\"\0*\0currentWP\";N;s:6:\"\0*\0uID\";s:1:\"1\";s:5:\"error\";s:0:\"\";s:4:\"pkID\";s:2:\"13\";s:3:\"cID\";s:3:\"163\";s:4:\"cvID\";s:1:\"8\";s:4:\"wrID\";s:3:\"273\";}')
 ,(638,274,'2015-09-14 21:10:06','O:30:\"ApprovePagePageWorkflowRequest\":8:{s:14:\"\0*\0wrStatusNum\";i:30;s:12:\"\0*\0currentWP\";N;s:6:\"\0*\0uID\";s:1:\"1\";s:5:\"error\";s:0:\"\";s:4:\"pkID\";s:2:\"13\";s:3:\"cID\";s:3:\"160\";s:4:\"cvID\";s:1:\"8\";s:4:\"wrID\";s:3:\"274\";}')
 ,(639,275,'2015-09-14 21:10:35','O:30:\"ApprovePagePageWorkflowRequest\":8:{s:14:\"\0*\0wrStatusNum\";i:30;s:12:\"\0*\0currentWP\";N;s:6:\"\0*\0uID\";s:1:\"1\";s:5:\"error\";s:0:\"\";s:4:\"pkID\";s:2:\"13\";s:3:\"cID\";s:3:\"161\";s:4:\"cvID\";s:1:\"7\";s:4:\"wrID\";s:3:\"275\";}')
 ,(640,276,'2015-09-14 21:10:57','O:30:\"ApprovePagePageWorkflowRequest\":8:{s:14:\"\0*\0wrStatusNum\";i:30;s:12:\"\0*\0currentWP\";N;s:6:\"\0*\0uID\";s:1:\"1\";s:5:\"error\";s:0:\"\";s:4:\"pkID\";s:2:\"13\";s:3:\"cID\";s:3:\"162\";s:4:\"cvID\";s:1:\"8\";s:4:\"wrID\";s:3:\"276\";}')
 ,(641,277,'2015-09-14 21:11:25','O:30:\"ApprovePagePageWorkflowRequest\":8:{s:14:\"\0*\0wrStatusNum\";i:30;s:12:\"\0*\0currentWP\";N;s:6:\"\0*\0uID\";s:1:\"1\";s:5:\"error\";s:0:\"\";s:4:\"pkID\";s:2:\"13\";s:3:\"cID\";s:3:\"163\";s:4:\"cvID\";s:1:\"9\";s:4:\"wrID\";s:3:\"277\";}')
 ,(642,278,'2015-09-14 21:12:16','O:30:\"ApprovePagePageWorkflowRequest\":8:{s:14:\"\0*\0wrStatusNum\";i:30;s:12:\"\0*\0currentWP\";N;s:6:\"\0*\0uID\";s:1:\"1\";s:5:\"error\";s:0:\"\";s:4:\"pkID\";s:2:\"13\";s:3:\"cID\";s:3:\"225\";s:4:\"cvID\";s:2:\"28\";s:4:\"wrID\";s:3:\"278\";}')
 ,(643,279,'2015-09-14 21:12:47','O:30:\"ApprovePagePageWorkflowRequest\":8:{s:14:\"\0*\0wrStatusNum\";i:30;s:12:\"\0*\0currentWP\";N;s:6:\"\0*\0uID\";s:1:\"1\";s:5:\"error\";s:0:\"\";s:4:\"pkID\";s:2:\"13\";s:3:\"cID\";s:3:\"225\";s:4:\"cvID\";s:2:\"29\";s:4:\"wrID\";s:3:\"279\";}')
 ,(644,280,'2015-09-14 21:13:34','O:30:\"ApprovePagePageWorkflowRequest\":8:{s:14:\"\0*\0wrStatusNum\";i:30;s:12:\"\0*\0currentWP\";N;s:6:\"\0*\0uID\";s:1:\"1\";s:5:\"error\";s:0:\"\";s:4:\"pkID\";s:2:\"13\";s:3:\"cID\";s:3:\"165\";s:4:\"cvID\";s:1:\"9\";s:4:\"wrID\";s:3:\"280\";}')
 ,(645,281,'2015-09-14 21:13:58','O:30:\"ApprovePagePageWorkflowRequest\":8:{s:14:\"\0*\0wrStatusNum\";i:30;s:12:\"\0*\0currentWP\";N;s:6:\"\0*\0uID\";s:1:\"1\";s:5:\"error\";s:0:\"\";s:4:\"pkID\";s:2:\"13\";s:3:\"cID\";s:3:\"167\";s:4:\"cvID\";s:1:\"6\";s:4:\"wrID\";s:3:\"281\";}')
 ,(646,282,'2015-09-14 21:14:55','O:30:\"ApprovePagePageWorkflowRequest\":8:{s:14:\"\0*\0wrStatusNum\";i:30;s:12:\"\0*\0currentWP\";N;s:6:\"\0*\0uID\";s:1:\"1\";s:5:\"error\";s:0:\"\";s:4:\"pkID\";s:2:\"13\";s:3:\"cID\";s:3:\"169\";s:4:\"cvID\";s:2:\"16\";s:4:\"wrID\";s:3:\"282\";}')
 ,(647,283,'2015-09-14 21:20:06','O:27:\"MovePagePageWorkflowRequest\":9:{s:12:\"\0*\0targetCID\";s:3:\"230\";s:14:\"\0*\0wrStatusNum\";i:50;s:12:\"\0*\0currentWP\";N;s:6:\"\0*\0uID\";s:1:\"1\";s:5:\"error\";s:0:\"\";s:4:\"pkID\";s:2:\"15\";s:3:\"cID\";s:3:\"278\";s:15:\"saveOldPagePath\";N;s:4:\"wrID\";s:3:\"283\";}')
 ,(648,284,'2015-09-14 21:20:28','O:27:\"MovePagePageWorkflowRequest\":9:{s:12:\"\0*\0targetCID\";s:3:\"230\";s:14:\"\0*\0wrStatusNum\";i:50;s:12:\"\0*\0currentWP\";N;s:6:\"\0*\0uID\";s:1:\"1\";s:5:\"error\";s:0:\"\";s:4:\"pkID\";s:2:\"15\";s:3:\"cID\";s:3:\"279\";s:15:\"saveOldPagePath\";N;s:4:\"wrID\";s:3:\"284\";}')
 ,(649,285,'2015-09-14 21:20:48','O:27:\"MovePagePageWorkflowRequest\":9:{s:12:\"\0*\0targetCID\";s:3:\"230\";s:14:\"\0*\0wrStatusNum\";i:50;s:12:\"\0*\0currentWP\";N;s:6:\"\0*\0uID\";s:1:\"1\";s:5:\"error\";s:0:\"\";s:4:\"pkID\";s:2:\"15\";s:3:\"cID\";s:3:\"280\";s:15:\"saveOldPagePath\";N;s:4:\"wrID\";s:3:\"285\";}')
 ,(650,286,'2015-09-14 21:21:09','O:27:\"MovePagePageWorkflowRequest\":9:{s:12:\"\0*\0targetCID\";s:3:\"230\";s:14:\"\0*\0wrStatusNum\";i:50;s:12:\"\0*\0currentWP\";N;s:6:\"\0*\0uID\";s:1:\"1\";s:5:\"error\";s:0:\"\";s:4:\"pkID\";s:2:\"15\";s:3:\"cID\";s:3:\"281\";s:15:\"saveOldPagePath\";N;s:4:\"wrID\";s:3:\"286\";}')
 ,(651,287,'2015-09-14 21:32:19','O:30:\"ApprovePagePageWorkflowRequest\":8:{s:14:\"\0*\0wrStatusNum\";i:30;s:12:\"\0*\0currentWP\";N;s:6:\"\0*\0uID\";s:1:\"1\";s:5:\"error\";s:0:\"\";s:4:\"pkID\";s:2:\"13\";s:3:\"cID\";s:3:\"278\";s:4:\"cvID\";s:2:\"29\";s:4:\"wrID\";s:3:\"287\";}')
 ,(652,288,'2015-09-14 21:36:10','O:30:\"ApprovePagePageWorkflowRequest\":8:{s:14:\"\0*\0wrStatusNum\";i:30;s:12:\"\0*\0currentWP\";N;s:6:\"\0*\0uID\";s:1:\"1\";s:5:\"error\";s:0:\"\";s:4:\"pkID\";s:2:\"13\";s:3:\"cID\";s:3:\"278\";s:4:\"cvID\";s:2:\"30\";s:4:\"wrID\";s:3:\"288\";}')
 ,(653,289,'2015-09-14 21:37:32','O:30:\"ApprovePagePageWorkflowRequest\":8:{s:14:\"\0*\0wrStatusNum\";i:30;s:12:\"\0*\0currentWP\";N;s:6:\"\0*\0uID\";s:1:\"1\";s:5:\"error\";s:0:\"\";s:4:\"pkID\";s:2:\"13\";s:3:\"cID\";s:3:\"165\";s:4:\"cvID\";s:2:\"10\";s:4:\"wrID\";s:3:\"289\";}')
 ,(654,290,'2015-09-14 21:38:15','O:30:\"ApprovePagePageWorkflowRequest\":8:{s:14:\"\0*\0wrStatusNum\";i:30;s:12:\"\0*\0currentWP\";N;s:6:\"\0*\0uID\";s:1:\"1\";s:5:\"error\";s:0:\"\";s:4:\"pkID\";s:2:\"13\";s:3:\"cID\";s:3:\"165\";s:4:\"cvID\";s:2:\"11\";s:4:\"wrID\";s:3:\"290\";}')
 ,(655,291,'2015-09-14 22:32:09','O:30:\"ApprovePagePageWorkflowRequest\":8:{s:14:\"\0*\0wrStatusNum\";i:30;s:12:\"\0*\0currentWP\";N;s:6:\"\0*\0uID\";s:1:\"1\";s:5:\"error\";s:0:\"\";s:4:\"pkID\";s:2:\"13\";s:3:\"cID\";s:3:\"279\";s:4:\"cvID\";s:2:\"29\";s:4:\"wrID\";s:3:\"291\";}')
 ,(656,292,'2015-09-14 22:33:03','O:30:\"ApprovePagePageWorkflowRequest\":8:{s:14:\"\0*\0wrStatusNum\";i:30;s:12:\"\0*\0currentWP\";N;s:6:\"\0*\0uID\";s:1:\"1\";s:5:\"error\";s:0:\"\";s:4:\"pkID\";s:2:\"13\";s:3:\"cID\";s:3:\"280\";s:4:\"cvID\";s:2:\"29\";s:4:\"wrID\";s:3:\"292\";}')
 ,(657,293,'2015-09-14 22:33:41','O:30:\"ApprovePagePageWorkflowRequest\":8:{s:14:\"\0*\0wrStatusNum\";i:30;s:12:\"\0*\0currentWP\";N;s:6:\"\0*\0uID\";s:1:\"1\";s:5:\"error\";s:0:\"\";s:4:\"pkID\";s:2:\"13\";s:3:\"cID\";s:3:\"281\";s:4:\"cvID\";s:2:\"29\";s:4:\"wrID\";s:3:\"293\";}')
 ,(658,294,'2015-09-14 22:34:13','O:30:\"ApprovePagePageWorkflowRequest\":8:{s:14:\"\0*\0wrStatusNum\";i:30;s:12:\"\0*\0currentWP\";N;s:6:\"\0*\0uID\";s:1:\"1\";s:5:\"error\";s:0:\"\";s:4:\"pkID\";s:2:\"13\";s:3:\"cID\";s:3:\"282\";s:4:\"cvID\";s:2:\"30\";s:4:\"wrID\";s:3:\"294\";}')
 ,(659,295,'2015-09-14 22:34:43','O:30:\"ApprovePagePageWorkflowRequest\":8:{s:14:\"\0*\0wrStatusNum\";i:30;s:12:\"\0*\0currentWP\";N;s:6:\"\0*\0uID\";s:1:\"1\";s:5:\"error\";s:0:\"\";s:4:\"pkID\";s:2:\"13\";s:3:\"cID\";s:3:\"283\";s:4:\"cvID\";s:2:\"30\";s:4:\"wrID\";s:3:\"295\";}')
 ,(660,296,'2015-09-14 22:35:17','O:30:\"ApprovePagePageWorkflowRequest\":8:{s:14:\"\0*\0wrStatusNum\";i:30;s:12:\"\0*\0currentWP\";N;s:6:\"\0*\0uID\";s:1:\"1\";s:5:\"error\";s:0:\"\";s:4:\"pkID\";s:2:\"13\";s:3:\"cID\";s:3:\"284\";s:4:\"cvID\";s:2:\"30\";s:4:\"wrID\";s:3:\"296\";}')
 ,(661,297,'2015-09-14 22:35:49','O:30:\"ApprovePagePageWorkflowRequest\":8:{s:14:\"\0*\0wrStatusNum\";i:30;s:12:\"\0*\0currentWP\";N;s:6:\"\0*\0uID\";s:1:\"1\";s:5:\"error\";s:0:\"\";s:4:\"pkID\";s:2:\"13\";s:3:\"cID\";s:3:\"285\";s:4:\"cvID\";s:2:\"30\";s:4:\"wrID\";s:3:\"297\";}')
 ,(662,298,'2015-09-14 22:36:24','O:30:\"ApprovePagePageWorkflowRequest\":8:{s:14:\"\0*\0wrStatusNum\";i:30;s:12:\"\0*\0currentWP\";N;s:6:\"\0*\0uID\";s:1:\"1\";s:5:\"error\";s:0:\"\";s:4:\"pkID\";s:2:\"13\";s:3:\"cID\";s:3:\"286\";s:4:\"cvID\";s:2:\"30\";s:4:\"wrID\";s:3:\"298\";}')
 ,(663,299,'2015-09-14 22:36:51','O:30:\"ApprovePagePageWorkflowRequest\":8:{s:14:\"\0*\0wrStatusNum\";i:30;s:12:\"\0*\0currentWP\";N;s:6:\"\0*\0uID\";s:1:\"1\";s:5:\"error\";s:0:\"\";s:4:\"pkID\";s:2:\"13\";s:3:\"cID\";s:3:\"287\";s:4:\"cvID\";s:2:\"30\";s:4:\"wrID\";s:3:\"299\";}')
 ,(664,300,'2015-09-14 22:37:17','O:30:\"ApprovePagePageWorkflowRequest\":8:{s:14:\"\0*\0wrStatusNum\";i:30;s:12:\"\0*\0currentWP\";N;s:6:\"\0*\0uID\";s:1:\"1\";s:5:\"error\";s:0:\"\";s:4:\"pkID\";s:2:\"13\";s:3:\"cID\";s:3:\"288\";s:4:\"cvID\";s:2:\"30\";s:4:\"wrID\";s:3:\"300\";}')
 ,(665,301,'2015-09-14 22:37:44','O:30:\"ApprovePagePageWorkflowRequest\":8:{s:14:\"\0*\0wrStatusNum\";i:30;s:12:\"\0*\0currentWP\";N;s:6:\"\0*\0uID\";s:1:\"1\";s:5:\"error\";s:0:\"\";s:4:\"pkID\";s:2:\"13\";s:3:\"cID\";s:3:\"289\";s:4:\"cvID\";s:2:\"30\";s:4:\"wrID\";s:3:\"301\";}')
 ,(666,302,'2015-09-14 22:38:06','O:30:\"ApprovePagePageWorkflowRequest\":8:{s:14:\"\0*\0wrStatusNum\";i:30;s:12:\"\0*\0currentWP\";N;s:6:\"\0*\0uID\";s:1:\"1\";s:5:\"error\";s:0:\"\";s:4:\"pkID\";s:2:\"13\";s:3:\"cID\";s:3:\"290\";s:4:\"cvID\";s:2:\"30\";s:4:\"wrID\";s:3:\"302\";}')
 ,(667,303,'2015-09-14 22:38:33','O:30:\"ApprovePagePageWorkflowRequest\":8:{s:14:\"\0*\0wrStatusNum\";i:30;s:12:\"\0*\0currentWP\";N;s:6:\"\0*\0uID\";s:1:\"1\";s:5:\"error\";s:0:\"\";s:4:\"pkID\";s:2:\"13\";s:3:\"cID\";s:3:\"291\";s:4:\"cvID\";s:2:\"30\";s:4:\"wrID\";s:3:\"303\";}')
 ,(668,304,'2015-09-14 22:39:01','O:30:\"ApprovePagePageWorkflowRequest\":8:{s:14:\"\0*\0wrStatusNum\";i:30;s:12:\"\0*\0currentWP\";N;s:6:\"\0*\0uID\";s:1:\"1\";s:5:\"error\";s:0:\"\";s:4:\"pkID\";s:2:\"13\";s:3:\"cID\";s:3:\"292\";s:4:\"cvID\";s:2:\"30\";s:4:\"wrID\";s:3:\"304\";}')
 ,(669,305,'2015-09-14 22:39:24','O:30:\"ApprovePagePageWorkflowRequest\":8:{s:14:\"\0*\0wrStatusNum\";i:30;s:12:\"\0*\0currentWP\";N;s:6:\"\0*\0uID\";s:1:\"1\";s:5:\"error\";s:0:\"\";s:4:\"pkID\";s:2:\"13\";s:3:\"cID\";s:3:\"293\";s:4:\"cvID\";s:2:\"30\";s:4:\"wrID\";s:3:\"305\";}')
 ,(670,306,'2015-09-14 22:39:51','O:30:\"ApprovePagePageWorkflowRequest\":8:{s:14:\"\0*\0wrStatusNum\";i:30;s:12:\"\0*\0currentWP\";N;s:6:\"\0*\0uID\";s:1:\"1\";s:5:\"error\";s:0:\"\";s:4:\"pkID\";s:2:\"13\";s:3:\"cID\";s:3:\"294\";s:4:\"cvID\";s:2:\"30\";s:4:\"wrID\";s:3:\"306\";}')
 ,(671,307,'2015-09-14 22:40:22','O:30:\"ApprovePagePageWorkflowRequest\":8:{s:14:\"\0*\0wrStatusNum\";i:30;s:12:\"\0*\0currentWP\";N;s:6:\"\0*\0uID\";s:1:\"1\";s:5:\"error\";s:0:\"\";s:4:\"pkID\";s:2:\"13\";s:3:\"cID\";s:3:\"295\";s:4:\"cvID\";s:2:\"30\";s:4:\"wrID\";s:3:\"307\";}')
 ,(672,308,'2015-09-14 22:40:54','O:30:\"ApprovePagePageWorkflowRequest\":8:{s:14:\"\0*\0wrStatusNum\";i:30;s:12:\"\0*\0currentWP\";N;s:6:\"\0*\0uID\";s:1:\"1\";s:5:\"error\";s:0:\"\";s:4:\"pkID\";s:2:\"13\";s:3:\"cID\";s:3:\"296\";s:4:\"cvID\";s:2:\"30\";s:4:\"wrID\";s:3:\"308\";}')
 ,(673,309,'2015-09-14 22:41:12','O:30:\"ApprovePagePageWorkflowRequest\":8:{s:14:\"\0*\0wrStatusNum\";i:30;s:12:\"\0*\0currentWP\";N;s:6:\"\0*\0uID\";s:1:\"1\";s:5:\"error\";s:0:\"\";s:4:\"pkID\";s:2:\"13\";s:3:\"cID\";s:3:\"296\";s:4:\"cvID\";s:2:\"31\";s:4:\"wrID\";s:3:\"309\";}')
 ,(674,310,'2015-09-14 22:41:35','O:30:\"ApprovePagePageWorkflowRequest\":8:{s:14:\"\0*\0wrStatusNum\";i:30;s:12:\"\0*\0currentWP\";N;s:6:\"\0*\0uID\";s:1:\"1\";s:5:\"error\";s:0:\"\";s:4:\"pkID\";s:2:\"13\";s:3:\"cID\";s:3:\"297\";s:4:\"cvID\";s:2:\"30\";s:4:\"wrID\";s:3:\"310\";}')
 ,(675,311,'2015-09-14 22:41:58','O:30:\"ApprovePagePageWorkflowRequest\":8:{s:14:\"\0*\0wrStatusNum\";i:30;s:12:\"\0*\0currentWP\";N;s:6:\"\0*\0uID\";s:1:\"1\";s:5:\"error\";s:0:\"\";s:4:\"pkID\";s:2:\"13\";s:3:\"cID\";s:3:\"298\";s:4:\"cvID\";s:2:\"30\";s:4:\"wrID\";s:3:\"311\";}')
 ,(676,312,'2015-09-14 22:42:32','O:30:\"ApprovePagePageWorkflowRequest\":8:{s:14:\"\0*\0wrStatusNum\";i:30;s:12:\"\0*\0currentWP\";N;s:6:\"\0*\0uID\";s:1:\"1\";s:5:\"error\";s:0:\"\";s:4:\"pkID\";s:2:\"13\";s:3:\"cID\";s:3:\"299\";s:4:\"cvID\";s:2:\"30\";s:4:\"wrID\";s:3:\"312\";}')
 ,(677,313,'2015-09-14 22:42:48','O:30:\"ApprovePagePageWorkflowRequest\":8:{s:14:\"\0*\0wrStatusNum\";i:30;s:12:\"\0*\0currentWP\";N;s:6:\"\0*\0uID\";s:1:\"1\";s:5:\"error\";s:0:\"\";s:4:\"pkID\";s:2:\"13\";s:3:\"cID\";s:3:\"300\";s:4:\"cvID\";s:2:\"30\";s:4:\"wrID\";s:3:\"313\";}')
 ,(678,314,'2015-09-14 22:43:08','O:30:\"ApprovePagePageWorkflowRequest\":8:{s:14:\"\0*\0wrStatusNum\";i:30;s:12:\"\0*\0currentWP\";N;s:6:\"\0*\0uID\";s:1:\"1\";s:5:\"error\";s:0:\"\";s:4:\"pkID\";s:2:\"13\";s:3:\"cID\";s:3:\"301\";s:4:\"cvID\";s:2:\"30\";s:4:\"wrID\";s:3:\"314\";}')
 ,(679,315,'2015-09-14 22:43:33','O:30:\"ApprovePagePageWorkflowRequest\":8:{s:14:\"\0*\0wrStatusNum\";i:30;s:12:\"\0*\0currentWP\";N;s:6:\"\0*\0uID\";s:1:\"1\";s:5:\"error\";s:0:\"\";s:4:\"pkID\";s:2:\"13\";s:3:\"cID\";s:3:\"302\";s:4:\"cvID\";s:2:\"30\";s:4:\"wrID\";s:3:\"315\";}')
 ,(680,316,'2015-09-14 22:43:47','O:30:\"ApprovePagePageWorkflowRequest\":8:{s:14:\"\0*\0wrStatusNum\";i:30;s:12:\"\0*\0currentWP\";N;s:6:\"\0*\0uID\";s:1:\"1\";s:5:\"error\";s:0:\"\";s:4:\"pkID\";s:2:\"13\";s:3:\"cID\";s:3:\"303\";s:4:\"cvID\";s:2:\"30\";s:4:\"wrID\";s:3:\"316\";}')
 ,(681,317,'2015-09-14 22:44:03','O:30:\"ApprovePagePageWorkflowRequest\":8:{s:14:\"\0*\0wrStatusNum\";i:30;s:12:\"\0*\0currentWP\";N;s:6:\"\0*\0uID\";s:1:\"1\";s:5:\"error\";s:0:\"\";s:4:\"pkID\";s:2:\"13\";s:3:\"cID\";s:3:\"304\";s:4:\"cvID\";s:2:\"30\";s:4:\"wrID\";s:3:\"317\";}')
 ,(682,318,'2015-09-14 22:44:21','O:30:\"ApprovePagePageWorkflowRequest\":8:{s:14:\"\0*\0wrStatusNum\";i:30;s:12:\"\0*\0currentWP\";N;s:6:\"\0*\0uID\";s:1:\"1\";s:5:\"error\";s:0:\"\";s:4:\"pkID\";s:2:\"13\";s:3:\"cID\";s:3:\"305\";s:4:\"cvID\";s:2:\"30\";s:4:\"wrID\";s:3:\"318\";}')
 ,(683,319,'2015-09-14 22:44:41','O:30:\"ApprovePagePageWorkflowRequest\":8:{s:14:\"\0*\0wrStatusNum\";i:30;s:12:\"\0*\0currentWP\";N;s:6:\"\0*\0uID\";s:1:\"1\";s:5:\"error\";s:0:\"\";s:4:\"pkID\";s:2:\"13\";s:3:\"cID\";s:3:\"306\";s:4:\"cvID\";s:2:\"30\";s:4:\"wrID\";s:3:\"319\";}')
 ,(684,320,'2015-09-14 22:45:03','O:30:\"ApprovePagePageWorkflowRequest\":8:{s:14:\"\0*\0wrStatusNum\";i:30;s:12:\"\0*\0currentWP\";N;s:6:\"\0*\0uID\";s:1:\"1\";s:5:\"error\";s:0:\"\";s:4:\"pkID\";s:2:\"13\";s:3:\"cID\";s:3:\"307\";s:4:\"cvID\";s:2:\"30\";s:4:\"wrID\";s:3:\"320\";}')
 ,(685,321,'2015-09-14 22:45:20','O:30:\"ApprovePagePageWorkflowRequest\":8:{s:14:\"\0*\0wrStatusNum\";i:30;s:12:\"\0*\0currentWP\";N;s:6:\"\0*\0uID\";s:1:\"1\";s:5:\"error\";s:0:\"\";s:4:\"pkID\";s:2:\"13\";s:3:\"cID\";s:3:\"308\";s:4:\"cvID\";s:2:\"30\";s:4:\"wrID\";s:3:\"321\";}')
 ,(686,322,'2015-09-14 22:45:43','O:30:\"ApprovePagePageWorkflowRequest\":8:{s:14:\"\0*\0wrStatusNum\";i:30;s:12:\"\0*\0currentWP\";N;s:6:\"\0*\0uID\";s:1:\"1\";s:5:\"error\";s:0:\"\";s:4:\"pkID\";s:2:\"13\";s:3:\"cID\";s:3:\"309\";s:4:\"cvID\";s:2:\"30\";s:4:\"wrID\";s:3:\"322\";}')
 ,(687,323,'2015-09-14 22:46:17','O:30:\"ApprovePagePageWorkflowRequest\":8:{s:14:\"\0*\0wrStatusNum\";i:30;s:12:\"\0*\0currentWP\";N;s:6:\"\0*\0uID\";s:1:\"1\";s:5:\"error\";s:0:\"\";s:4:\"pkID\";s:2:\"13\";s:3:\"cID\";s:3:\"310\";s:4:\"cvID\";s:2:\"30\";s:4:\"wrID\";s:3:\"323\";}')
 ,(688,324,'2015-09-14 22:46:36','O:30:\"ApprovePagePageWorkflowRequest\":8:{s:14:\"\0*\0wrStatusNum\";i:30;s:12:\"\0*\0currentWP\";N;s:6:\"\0*\0uID\";s:1:\"1\";s:5:\"error\";s:0:\"\";s:4:\"pkID\";s:2:\"13\";s:3:\"cID\";s:3:\"311\";s:4:\"cvID\";s:2:\"30\";s:4:\"wrID\";s:3:\"324\";}')
 ,(689,325,'2015-09-14 22:46:49','O:30:\"ApprovePagePageWorkflowRequest\":8:{s:14:\"\0*\0wrStatusNum\";i:30;s:12:\"\0*\0currentWP\";N;s:6:\"\0*\0uID\";s:1:\"1\";s:5:\"error\";s:0:\"\";s:4:\"pkID\";s:2:\"13\";s:3:\"cID\";s:3:\"312\";s:4:\"cvID\";s:2:\"30\";s:4:\"wrID\";s:3:\"325\";}')
 ,(690,326,'2015-09-14 22:47:08','O:30:\"ApprovePagePageWorkflowRequest\":8:{s:14:\"\0*\0wrStatusNum\";i:30;s:12:\"\0*\0currentWP\";N;s:6:\"\0*\0uID\";s:1:\"1\";s:5:\"error\";s:0:\"\";s:4:\"pkID\";s:2:\"13\";s:3:\"cID\";s:3:\"313\";s:4:\"cvID\";s:2:\"30\";s:4:\"wrID\";s:3:\"326\";}')
 ,(691,327,'2015-09-14 22:47:29','O:30:\"ApprovePagePageWorkflowRequest\":8:{s:14:\"\0*\0wrStatusNum\";i:30;s:12:\"\0*\0currentWP\";N;s:6:\"\0*\0uID\";s:1:\"1\";s:5:\"error\";s:0:\"\";s:4:\"pkID\";s:2:\"13\";s:3:\"cID\";s:3:\"314\";s:4:\"cvID\";s:2:\"30\";s:4:\"wrID\";s:3:\"327\";}')
 ,(692,328,'2015-09-14 22:47:45','O:30:\"ApprovePagePageWorkflowRequest\":8:{s:14:\"\0*\0wrStatusNum\";i:30;s:12:\"\0*\0currentWP\";N;s:6:\"\0*\0uID\";s:1:\"1\";s:5:\"error\";s:0:\"\";s:4:\"pkID\";s:2:\"13\";s:3:\"cID\";s:3:\"315\";s:4:\"cvID\";s:2:\"30\";s:4:\"wrID\";s:3:\"328\";}')
 ,(693,329,'2015-09-14 22:48:03','O:30:\"ApprovePagePageWorkflowRequest\":8:{s:14:\"\0*\0wrStatusNum\";i:30;s:12:\"\0*\0currentWP\";N;s:6:\"\0*\0uID\";s:1:\"1\";s:5:\"error\";s:0:\"\";s:4:\"pkID\";s:2:\"13\";s:3:\"cID\";s:3:\"316\";s:4:\"cvID\";s:2:\"30\";s:4:\"wrID\";s:3:\"329\";}')
 ,(694,330,'2015-09-14 22:48:21','O:30:\"ApprovePagePageWorkflowRequest\":8:{s:14:\"\0*\0wrStatusNum\";i:30;s:12:\"\0*\0currentWP\";N;s:6:\"\0*\0uID\";s:1:\"1\";s:5:\"error\";s:0:\"\";s:4:\"pkID\";s:2:\"13\";s:3:\"cID\";s:3:\"317\";s:4:\"cvID\";s:2:\"30\";s:4:\"wrID\";s:3:\"330\";}')
 ,(695,331,'2015-09-14 22:48:39','O:30:\"ApprovePagePageWorkflowRequest\":8:{s:14:\"\0*\0wrStatusNum\";i:30;s:12:\"\0*\0currentWP\";N;s:6:\"\0*\0uID\";s:1:\"1\";s:5:\"error\";s:0:\"\";s:4:\"pkID\";s:2:\"13\";s:3:\"cID\";s:3:\"318\";s:4:\"cvID\";s:2:\"30\";s:4:\"wrID\";s:3:\"331\";}')
 ,(696,332,'2015-09-14 22:48:51','O:29:\"DeletePagePageWorkflowRequest\":7:{s:14:\"\0*\0wrStatusNum\";i:100;s:12:\"\0*\0currentWP\";N;s:6:\"\0*\0uID\";s:1:\"1\";s:5:\"error\";s:0:\"\";s:4:\"pkID\";s:2:\"11\";s:3:\"cID\";s:3:\"225\";s:4:\"wrID\";s:3:\"332\";}')
 ,(697,333,'2015-09-14 22:51:09','O:30:\"ApprovePagePageWorkflowRequest\":8:{s:14:\"\0*\0wrStatusNum\";i:30;s:12:\"\0*\0currentWP\";N;s:6:\"\0*\0uID\";s:1:\"1\";s:5:\"error\";s:0:\"\";s:4:\"pkID\";s:2:\"13\";s:3:\"cID\";s:3:\"165\";s:4:\"cvID\";s:2:\"12\";s:4:\"wrID\";s:3:\"333\";}')
 ,(698,334,'2015-09-14 22:54:56','O:30:\"ApprovePagePageWorkflowRequest\":8:{s:14:\"\0*\0wrStatusNum\";i:30;s:12:\"\0*\0currentWP\";N;s:6:\"\0*\0uID\";s:1:\"1\";s:5:\"error\";s:0:\"\";s:4:\"pkID\";s:2:\"13\";s:3:\"cID\";s:3:\"283\";s:4:\"cvID\";s:2:\"31\";s:4:\"wrID\";s:3:\"334\";}')
 ,(699,335,'2015-09-14 22:55:25','O:30:\"ApprovePagePageWorkflowRequest\":8:{s:14:\"\0*\0wrStatusNum\";i:30;s:12:\"\0*\0currentWP\";N;s:6:\"\0*\0uID\";s:1:\"1\";s:5:\"error\";s:0:\"\";s:4:\"pkID\";s:2:\"13\";s:3:\"cID\";s:3:\"284\";s:4:\"cvID\";s:2:\"31\";s:4:\"wrID\";s:3:\"335\";}')
 ,(700,336,'2015-09-14 22:56:01','O:29:\"DeletePagePageWorkflowRequest\":7:{s:14:\"\0*\0wrStatusNum\";i:100;s:12:\"\0*\0currentWP\";N;s:6:\"\0*\0uID\";s:1:\"1\";s:5:\"error\";s:0:\"\";s:4:\"pkID\";s:2:\"11\";s:3:\"cID\";s:3:\"284\";s:4:\"wrID\";s:3:\"336\";}')
 ,(701,337,'2015-09-14 22:57:07','O:30:\"ApprovePagePageWorkflowRequest\":8:{s:14:\"\0*\0wrStatusNum\";i:30;s:12:\"\0*\0currentWP\";N;s:6:\"\0*\0uID\";s:1:\"1\";s:5:\"error\";s:0:\"\";s:4:\"pkID\";s:2:\"13\";s:3:\"cID\";s:3:\"319\";s:4:\"cvID\";s:2:\"32\";s:4:\"wrID\";s:3:\"337\";}')
 ,(702,338,'2015-09-14 22:58:04','O:30:\"ApprovePagePageWorkflowRequest\":8:{s:14:\"\0*\0wrStatusNum\";i:30;s:12:\"\0*\0currentWP\";N;s:6:\"\0*\0uID\";s:1:\"1\";s:5:\"error\";s:0:\"\";s:4:\"pkID\";s:2:\"13\";s:3:\"cID\";s:3:\"319\";s:4:\"cvID\";s:2:\"33\";s:4:\"wrID\";s:3:\"338\";}')
 ,(703,339,'2015-09-14 22:59:25','O:30:\"ApprovePagePageWorkflowRequest\":8:{s:14:\"\0*\0wrStatusNum\";i:30;s:12:\"\0*\0currentWP\";N;s:6:\"\0*\0uID\";s:1:\"1\";s:5:\"error\";s:0:\"\";s:4:\"pkID\";s:2:\"13\";s:3:\"cID\";s:3:\"319\";s:4:\"cvID\";s:2:\"34\";s:4:\"wrID\";s:3:\"339\";}')
 ,(704,340,'2015-09-14 23:02:59','O:30:\"ApprovePagePageWorkflowRequest\":8:{s:14:\"\0*\0wrStatusNum\";i:30;s:12:\"\0*\0currentWP\";N;s:6:\"\0*\0uID\";s:1:\"1\";s:5:\"error\";s:0:\"\";s:4:\"pkID\";s:2:\"13\";s:3:\"cID\";s:3:\"165\";s:4:\"cvID\";s:2:\"13\";s:4:\"wrID\";s:3:\"340\";}')
 ,(705,341,'2015-09-14 23:05:53','O:30:\"ApprovePagePageWorkflowRequest\":8:{s:14:\"\0*\0wrStatusNum\";i:30;s:12:\"\0*\0currentWP\";N;s:6:\"\0*\0uID\";s:1:\"1\";s:5:\"error\";s:0:\"\";s:4:\"pkID\";s:2:\"13\";s:3:\"cID\";s:3:\"165\";s:4:\"cvID\";s:2:\"14\";s:4:\"wrID\";s:3:\"341\";}')
 ,(706,342,'2015-09-14 23:06:29','O:30:\"ApprovePagePageWorkflowRequest\":8:{s:14:\"\0*\0wrStatusNum\";i:30;s:12:\"\0*\0currentWP\";N;s:6:\"\0*\0uID\";s:1:\"1\";s:5:\"error\";s:0:\"\";s:4:\"pkID\";s:2:\"13\";s:3:\"cID\";s:3:\"166\";s:4:\"cvID\";s:1:\"5\";s:4:\"wrID\";s:3:\"342\";}')
 ,(707,343,'2015-09-14 23:12:37','O:30:\"ApprovePagePageWorkflowRequest\":8:{s:14:\"\0*\0wrStatusNum\";i:30;s:12:\"\0*\0currentWP\";N;s:6:\"\0*\0uID\";s:1:\"1\";s:5:\"error\";s:0:\"\";s:4:\"pkID\";s:2:\"13\";s:3:\"cID\";s:3:\"167\";s:4:\"cvID\";s:1:\"7\";s:4:\"wrID\";s:3:\"343\";}')
 ,(708,344,'2015-09-14 23:13:19','O:30:\"ApprovePagePageWorkflowRequest\":8:{s:14:\"\0*\0wrStatusNum\";i:30;s:12:\"\0*\0currentWP\";N;s:6:\"\0*\0uID\";s:1:\"1\";s:5:\"error\";s:0:\"\";s:4:\"pkID\";s:2:\"13\";s:3:\"cID\";s:3:\"167\";s:4:\"cvID\";s:1:\"8\";s:4:\"wrID\";s:3:\"344\";}')
 ,(709,345,'2015-09-14 23:13:42','O:30:\"ApprovePagePageWorkflowRequest\":8:{s:14:\"\0*\0wrStatusNum\";i:30;s:12:\"\0*\0currentWP\";N;s:6:\"\0*\0uID\";s:1:\"1\";s:5:\"error\";s:0:\"\";s:4:\"pkID\";s:2:\"13\";s:3:\"cID\";s:3:\"167\";s:4:\"cvID\";s:1:\"9\";s:4:\"wrID\";s:3:\"345\";}')
 ,(710,346,'2015-09-14 23:14:12','O:30:\"ApprovePagePageWorkflowRequest\":8:{s:14:\"\0*\0wrStatusNum\";i:30;s:12:\"\0*\0currentWP\";N;s:6:\"\0*\0uID\";s:1:\"1\";s:5:\"error\";s:0:\"\";s:4:\"pkID\";s:2:\"13\";s:3:\"cID\";s:3:\"165\";s:4:\"cvID\";s:2:\"15\";s:4:\"wrID\";s:3:\"346\";}')
 ,(711,347,'2015-09-14 23:14:22','O:30:\"ApprovePagePageWorkflowRequest\":8:{s:14:\"\0*\0wrStatusNum\";i:30;s:12:\"\0*\0currentWP\";N;s:6:\"\0*\0uID\";s:1:\"1\";s:5:\"error\";s:0:\"\";s:4:\"pkID\";s:2:\"13\";s:3:\"cID\";s:3:\"166\";s:4:\"cvID\";s:1:\"6\";s:4:\"wrID\";s:3:\"347\";}')
 ,(712,348,'2015-09-14 23:14:37','O:30:\"ApprovePagePageWorkflowRequest\":8:{s:14:\"\0*\0wrStatusNum\";i:30;s:12:\"\0*\0currentWP\";N;s:6:\"\0*\0uID\";s:1:\"1\";s:5:\"error\";s:0:\"\";s:4:\"pkID\";s:2:\"13\";s:3:\"cID\";s:3:\"166\";s:4:\"cvID\";s:1:\"7\";s:4:\"wrID\";s:3:\"348\";}')
 ,(713,349,'2015-09-15 00:32:00','O:30:\"ApprovePagePageWorkflowRequest\":8:{s:14:\"\0*\0wrStatusNum\";i:30;s:12:\"\0*\0currentWP\";N;s:6:\"\0*\0uID\";s:1:\"1\";s:5:\"error\";s:0:\"\";s:4:\"pkID\";s:2:\"13\";s:3:\"cID\";s:3:\"319\";s:4:\"cvID\";s:2:\"35\";s:4:\"wrID\";s:3:\"349\";}')
 ,(714,350,'2015-09-15 00:34:11','O:30:\"ApprovePagePageWorkflowRequest\":8:{s:14:\"\0*\0wrStatusNum\";i:30;s:12:\"\0*\0currentWP\";N;s:6:\"\0*\0uID\";s:1:\"1\";s:5:\"error\";s:0:\"\";s:4:\"pkID\";s:2:\"13\";s:3:\"cID\";s:3:\"279\";s:4:\"cvID\";s:2:\"30\";s:4:\"wrID\";s:3:\"350\";}')
 ,(715,351,'2015-09-15 00:35:50','O:30:\"ApprovePagePageWorkflowRequest\":8:{s:14:\"\0*\0wrStatusNum\";i:30;s:12:\"\0*\0currentWP\";N;s:6:\"\0*\0uID\";s:1:\"1\";s:5:\"error\";s:0:\"\";s:4:\"pkID\";s:2:\"13\";s:3:\"cID\";s:3:\"280\";s:4:\"cvID\";s:2:\"30\";s:4:\"wrID\";s:3:\"351\";}')
 ,(716,352,'2015-09-15 00:38:26','O:30:\"ApprovePagePageWorkflowRequest\":8:{s:14:\"\0*\0wrStatusNum\";i:30;s:12:\"\0*\0currentWP\";N;s:6:\"\0*\0uID\";s:1:\"1\";s:5:\"error\";s:0:\"\";s:4:\"pkID\";s:2:\"13\";s:3:\"cID\";s:3:\"282\";s:4:\"cvID\";s:2:\"31\";s:4:\"wrID\";s:3:\"352\";}')
 ,(717,353,'2015-09-15 00:40:13','O:30:\"ApprovePagePageWorkflowRequest\":8:{s:14:\"\0*\0wrStatusNum\";i:30;s:12:\"\0*\0currentWP\";N;s:6:\"\0*\0uID\";s:1:\"1\";s:5:\"error\";s:0:\"\";s:4:\"pkID\";s:2:\"13\";s:3:\"cID\";s:3:\"283\";s:4:\"cvID\";s:2:\"32\";s:4:\"wrID\";s:3:\"353\";}')
 ,(718,354,'2015-09-15 00:41:59','O:30:\"ApprovePagePageWorkflowRequest\":8:{s:14:\"\0*\0wrStatusNum\";i:30;s:12:\"\0*\0currentWP\";N;s:6:\"\0*\0uID\";s:1:\"1\";s:5:\"error\";s:0:\"\";s:4:\"pkID\";s:2:\"13\";s:3:\"cID\";s:3:\"285\";s:4:\"cvID\";s:2:\"31\";s:4:\"wrID\";s:3:\"354\";}')
 ,(719,355,'2015-09-15 00:43:17','O:30:\"ApprovePagePageWorkflowRequest\":8:{s:14:\"\0*\0wrStatusNum\";i:30;s:12:\"\0*\0currentWP\";N;s:6:\"\0*\0uID\";s:1:\"1\";s:5:\"error\";s:0:\"\";s:4:\"pkID\";s:2:\"13\";s:3:\"cID\";s:3:\"286\";s:4:\"cvID\";s:2:\"31\";s:4:\"wrID\";s:3:\"355\";}')
 ,(720,356,'2015-09-15 00:44:36','O:30:\"ApprovePagePageWorkflowRequest\":8:{s:14:\"\0*\0wrStatusNum\";i:30;s:12:\"\0*\0currentWP\";N;s:6:\"\0*\0uID\";s:1:\"1\";s:5:\"error\";s:0:\"\";s:4:\"pkID\";s:2:\"13\";s:3:\"cID\";s:3:\"287\";s:4:\"cvID\";s:2:\"31\";s:4:\"wrID\";s:3:\"356\";}')
 ,(721,357,'2015-09-15 00:46:10','O:30:\"ApprovePagePageWorkflowRequest\":8:{s:14:\"\0*\0wrStatusNum\";i:30;s:12:\"\0*\0currentWP\";N;s:6:\"\0*\0uID\";s:1:\"1\";s:5:\"error\";s:0:\"\";s:4:\"pkID\";s:2:\"13\";s:3:\"cID\";s:3:\"288\";s:4:\"cvID\";s:2:\"31\";s:4:\"wrID\";s:3:\"357\";}')
 ,(722,358,'2015-09-15 00:47:33','O:30:\"ApprovePagePageWorkflowRequest\":8:{s:14:\"\0*\0wrStatusNum\";i:30;s:12:\"\0*\0currentWP\";N;s:6:\"\0*\0uID\";s:1:\"1\";s:5:\"error\";s:0:\"\";s:4:\"pkID\";s:2:\"13\";s:3:\"cID\";s:3:\"289\";s:4:\"cvID\";s:2:\"31\";s:4:\"wrID\";s:3:\"358\";}')
 ,(723,359,'2015-09-15 00:49:02','O:30:\"ApprovePagePageWorkflowRequest\":8:{s:14:\"\0*\0wrStatusNum\";i:30;s:12:\"\0*\0currentWP\";N;s:6:\"\0*\0uID\";s:1:\"1\";s:5:\"error\";s:0:\"\";s:4:\"pkID\";s:2:\"13\";s:3:\"cID\";s:3:\"290\";s:4:\"cvID\";s:2:\"31\";s:4:\"wrID\";s:3:\"359\";}')
 ,(724,360,'2015-09-15 00:50:29','O:30:\"ApprovePagePageWorkflowRequest\":8:{s:14:\"\0*\0wrStatusNum\";i:30;s:12:\"\0*\0currentWP\";N;s:6:\"\0*\0uID\";s:1:\"1\";s:5:\"error\";s:0:\"\";s:4:\"pkID\";s:2:\"13\";s:3:\"cID\";s:3:\"291\";s:4:\"cvID\";s:2:\"31\";s:4:\"wrID\";s:3:\"360\";}')
 ,(725,361,'2015-09-15 00:51:45','O:30:\"ApprovePagePageWorkflowRequest\":8:{s:14:\"\0*\0wrStatusNum\";i:30;s:12:\"\0*\0currentWP\";N;s:6:\"\0*\0uID\";s:1:\"1\";s:5:\"error\";s:0:\"\";s:4:\"pkID\";s:2:\"13\";s:3:\"cID\";s:3:\"292\";s:4:\"cvID\";s:2:\"31\";s:4:\"wrID\";s:3:\"361\";}')
 ,(726,362,'2015-09-15 00:53:10','O:30:\"ApprovePagePageWorkflowRequest\":8:{s:14:\"\0*\0wrStatusNum\";i:30;s:12:\"\0*\0currentWP\";N;s:6:\"\0*\0uID\";s:1:\"1\";s:5:\"error\";s:0:\"\";s:4:\"pkID\";s:2:\"13\";s:3:\"cID\";s:3:\"293\";s:4:\"cvID\";s:2:\"31\";s:4:\"wrID\";s:3:\"362\";}')
 ,(727,363,'2015-09-15 00:54:23','O:30:\"ApprovePagePageWorkflowRequest\":8:{s:14:\"\0*\0wrStatusNum\";i:30;s:12:\"\0*\0currentWP\";N;s:6:\"\0*\0uID\";s:1:\"1\";s:5:\"error\";s:0:\"\";s:4:\"pkID\";s:2:\"13\";s:3:\"cID\";s:3:\"294\";s:4:\"cvID\";s:2:\"31\";s:4:\"wrID\";s:3:\"363\";}')
 ,(728,364,'2015-09-15 00:55:46','O:30:\"ApprovePagePageWorkflowRequest\":8:{s:14:\"\0*\0wrStatusNum\";i:30;s:12:\"\0*\0currentWP\";N;s:6:\"\0*\0uID\";s:1:\"1\";s:5:\"error\";s:0:\"\";s:4:\"pkID\";s:2:\"13\";s:3:\"cID\";s:3:\"295\";s:4:\"cvID\";s:2:\"31\";s:4:\"wrID\";s:3:\"364\";}')
 ,(729,365,'2015-09-15 01:00:42','O:30:\"ApprovePagePageWorkflowRequest\":8:{s:14:\"\0*\0wrStatusNum\";i:30;s:12:\"\0*\0currentWP\";N;s:6:\"\0*\0uID\";s:1:\"1\";s:5:\"error\";s:0:\"\";s:4:\"pkID\";s:2:\"13\";s:3:\"cID\";s:3:\"298\";s:4:\"cvID\";s:2:\"31\";s:4:\"wrID\";s:3:\"365\";}')
 ,(730,366,'2015-09-15 01:02:09','O:30:\"ApprovePagePageWorkflowRequest\":8:{s:14:\"\0*\0wrStatusNum\";i:30;s:12:\"\0*\0currentWP\";N;s:6:\"\0*\0uID\";s:1:\"1\";s:5:\"error\";s:0:\"\";s:4:\"pkID\";s:2:\"13\";s:3:\"cID\";s:3:\"299\";s:4:\"cvID\";s:2:\"31\";s:4:\"wrID\";s:3:\"366\";}')
 ,(731,367,'2015-09-15 01:05:02','O:30:\"ApprovePagePageWorkflowRequest\":8:{s:14:\"\0*\0wrStatusNum\";i:30;s:12:\"\0*\0currentWP\";N;s:6:\"\0*\0uID\";s:1:\"1\";s:5:\"error\";s:0:\"\";s:4:\"pkID\";s:2:\"13\";s:3:\"cID\";s:3:\"301\";s:4:\"cvID\";s:2:\"31\";s:4:\"wrID\";s:3:\"367\";}')
 ,(732,368,'2015-09-15 01:06:12','O:30:\"ApprovePagePageWorkflowRequest\":8:{s:14:\"\0*\0wrStatusNum\";i:30;s:12:\"\0*\0currentWP\";N;s:6:\"\0*\0uID\";s:1:\"1\";s:5:\"error\";s:0:\"\";s:4:\"pkID\";s:2:\"13\";s:3:\"cID\";s:3:\"302\";s:4:\"cvID\";s:2:\"31\";s:4:\"wrID\";s:3:\"368\";}')
 ,(733,369,'2015-09-15 01:07:30','O:30:\"ApprovePagePageWorkflowRequest\":8:{s:14:\"\0*\0wrStatusNum\";i:30;s:12:\"\0*\0currentWP\";N;s:6:\"\0*\0uID\";s:1:\"1\";s:5:\"error\";s:0:\"\";s:4:\"pkID\";s:2:\"13\";s:3:\"cID\";s:3:\"303\";s:4:\"cvID\";s:2:\"31\";s:4:\"wrID\";s:3:\"369\";}')
 ,(734,370,'2015-09-15 01:08:35','O:30:\"ApprovePagePageWorkflowRequest\":8:{s:14:\"\0*\0wrStatusNum\";i:30;s:12:\"\0*\0currentWP\";N;s:6:\"\0*\0uID\";s:1:\"1\";s:5:\"error\";s:0:\"\";s:4:\"pkID\";s:2:\"13\";s:3:\"cID\";s:3:\"304\";s:4:\"cvID\";s:2:\"31\";s:4:\"wrID\";s:3:\"370\";}')
 ,(735,371,'2015-09-15 01:10:44','O:30:\"ApprovePagePageWorkflowRequest\":8:{s:14:\"\0*\0wrStatusNum\";i:30;s:12:\"\0*\0currentWP\";N;s:6:\"\0*\0uID\";s:1:\"1\";s:5:\"error\";s:0:\"\";s:4:\"pkID\";s:2:\"13\";s:3:\"cID\";s:3:\"305\";s:4:\"cvID\";s:2:\"31\";s:4:\"wrID\";s:3:\"371\";}')
 ,(736,372,'2015-09-15 01:11:50','O:30:\"ApprovePagePageWorkflowRequest\":8:{s:14:\"\0*\0wrStatusNum\";i:30;s:12:\"\0*\0currentWP\";N;s:6:\"\0*\0uID\";s:1:\"1\";s:5:\"error\";s:0:\"\";s:4:\"pkID\";s:2:\"13\";s:3:\"cID\";s:3:\"306\";s:4:\"cvID\";s:2:\"31\";s:4:\"wrID\";s:3:\"372\";}')
 ,(737,373,'2015-09-15 01:13:26','O:30:\"ApprovePagePageWorkflowRequest\":8:{s:14:\"\0*\0wrStatusNum\";i:30;s:12:\"\0*\0currentWP\";N;s:6:\"\0*\0uID\";s:1:\"1\";s:5:\"error\";s:0:\"\";s:4:\"pkID\";s:2:\"13\";s:3:\"cID\";s:3:\"307\";s:4:\"cvID\";s:2:\"31\";s:4:\"wrID\";s:3:\"373\";}')
 ,(738,374,'2015-09-15 01:14:37','O:30:\"ApprovePagePageWorkflowRequest\":8:{s:14:\"\0*\0wrStatusNum\";i:30;s:12:\"\0*\0currentWP\";N;s:6:\"\0*\0uID\";s:1:\"1\";s:5:\"error\";s:0:\"\";s:4:\"pkID\";s:2:\"13\";s:3:\"cID\";s:3:\"308\";s:4:\"cvID\";s:2:\"31\";s:4:\"wrID\";s:3:\"374\";}')
 ,(739,375,'2015-09-15 01:15:51','O:30:\"ApprovePagePageWorkflowRequest\":8:{s:14:\"\0*\0wrStatusNum\";i:30;s:12:\"\0*\0currentWP\";N;s:6:\"\0*\0uID\";s:1:\"1\";s:5:\"error\";s:0:\"\";s:4:\"pkID\";s:2:\"13\";s:3:\"cID\";s:3:\"309\";s:4:\"cvID\";s:2:\"31\";s:4:\"wrID\";s:3:\"375\";}')
 ,(740,376,'2015-09-15 01:16:52','O:30:\"ApprovePagePageWorkflowRequest\":8:{s:14:\"\0*\0wrStatusNum\";i:30;s:12:\"\0*\0currentWP\";N;s:6:\"\0*\0uID\";s:1:\"1\";s:5:\"error\";s:0:\"\";s:4:\"pkID\";s:2:\"13\";s:3:\"cID\";s:3:\"310\";s:4:\"cvID\";s:2:\"31\";s:4:\"wrID\";s:3:\"376\";}')
 ,(741,377,'2015-09-15 01:17:42','O:30:\"ApprovePagePageWorkflowRequest\":8:{s:14:\"\0*\0wrStatusNum\";i:30;s:12:\"\0*\0currentWP\";N;s:6:\"\0*\0uID\";s:1:\"1\";s:5:\"error\";s:0:\"\";s:4:\"pkID\";s:2:\"13\";s:3:\"cID\";s:3:\"311\";s:4:\"cvID\";s:2:\"31\";s:4:\"wrID\";s:3:\"377\";}')
 ,(742,378,'2015-09-15 01:18:33','O:30:\"ApprovePagePageWorkflowRequest\":8:{s:14:\"\0*\0wrStatusNum\";i:30;s:12:\"\0*\0currentWP\";N;s:6:\"\0*\0uID\";s:1:\"1\";s:5:\"error\";s:0:\"\";s:4:\"pkID\";s:2:\"13\";s:3:\"cID\";s:3:\"312\";s:4:\"cvID\";s:2:\"31\";s:4:\"wrID\";s:3:\"378\";}')
 ,(743,379,'2015-09-15 01:19:27','O:30:\"ApprovePagePageWorkflowRequest\":8:{s:14:\"\0*\0wrStatusNum\";i:30;s:12:\"\0*\0currentWP\";N;s:6:\"\0*\0uID\";s:1:\"1\";s:5:\"error\";s:0:\"\";s:4:\"pkID\";s:2:\"13\";s:3:\"cID\";s:3:\"313\";s:4:\"cvID\";s:2:\"31\";s:4:\"wrID\";s:3:\"379\";}')
 ,(744,380,'2015-09-15 01:20:20','O:30:\"ApprovePagePageWorkflowRequest\":8:{s:14:\"\0*\0wrStatusNum\";i:30;s:12:\"\0*\0currentWP\";N;s:6:\"\0*\0uID\";s:1:\"1\";s:5:\"error\";s:0:\"\";s:4:\"pkID\";s:2:\"13\";s:3:\"cID\";s:3:\"314\";s:4:\"cvID\";s:2:\"31\";s:4:\"wrID\";s:3:\"380\";}')
 ,(745,381,'2015-09-15 01:21:14','O:30:\"ApprovePagePageWorkflowRequest\":8:{s:14:\"\0*\0wrStatusNum\";i:30;s:12:\"\0*\0currentWP\";N;s:6:\"\0*\0uID\";s:1:\"1\";s:5:\"error\";s:0:\"\";s:4:\"pkID\";s:2:\"13\";s:3:\"cID\";s:3:\"315\";s:4:\"cvID\";s:2:\"31\";s:4:\"wrID\";s:3:\"381\";}')
 ,(746,382,'2015-09-15 01:22:31','O:30:\"ApprovePagePageWorkflowRequest\":8:{s:14:\"\0*\0wrStatusNum\";i:30;s:12:\"\0*\0currentWP\";N;s:6:\"\0*\0uID\";s:1:\"1\";s:5:\"error\";s:0:\"\";s:4:\"pkID\";s:2:\"13\";s:3:\"cID\";s:3:\"316\";s:4:\"cvID\";s:2:\"31\";s:4:\"wrID\";s:3:\"382\";}')
 ,(747,383,'2015-09-15 01:23:49','O:30:\"ApprovePagePageWorkflowRequest\":8:{s:14:\"\0*\0wrStatusNum\";i:30;s:12:\"\0*\0currentWP\";N;s:6:\"\0*\0uID\";s:1:\"1\";s:5:\"error\";s:0:\"\";s:4:\"pkID\";s:2:\"13\";s:3:\"cID\";s:3:\"317\";s:4:\"cvID\";s:2:\"31\";s:4:\"wrID\";s:3:\"383\";}')
 ,(748,384,'2015-09-15 01:24:06','O:30:\"ApprovePagePageWorkflowRequest\":8:{s:14:\"\0*\0wrStatusNum\";i:30;s:12:\"\0*\0currentWP\";N;s:6:\"\0*\0uID\";s:1:\"1\";s:5:\"error\";s:0:\"\";s:4:\"pkID\";s:2:\"13\";s:3:\"cID\";s:3:\"317\";s:4:\"cvID\";s:2:\"32\";s:4:\"wrID\";s:3:\"384\";}')
 ,(749,385,'2015-09-15 01:25:08','O:30:\"ApprovePagePageWorkflowRequest\":8:{s:14:\"\0*\0wrStatusNum\";i:30;s:12:\"\0*\0currentWP\";N;s:6:\"\0*\0uID\";s:1:\"1\";s:5:\"error\";s:0:\"\";s:4:\"pkID\";s:2:\"13\";s:3:\"cID\";s:3:\"318\";s:4:\"cvID\";s:2:\"31\";s:4:\"wrID\";s:3:\"385\";}')
 ,(750,386,'2015-09-15 01:26:07','O:30:\"ApprovePagePageWorkflowRequest\":8:{s:14:\"\0*\0wrStatusNum\";i:30;s:12:\"\0*\0currentWP\";N;s:6:\"\0*\0uID\";s:1:\"1\";s:5:\"error\";s:0:\"\";s:4:\"pkID\";s:2:\"13\";s:3:\"cID\";s:3:\"318\";s:4:\"cvID\";s:2:\"32\";s:4:\"wrID\";s:3:\"386\";}')
 ,(751,387,'2015-09-15 01:26:19','O:30:\"ApprovePagePageWorkflowRequest\":8:{s:14:\"\0*\0wrStatusNum\";i:30;s:12:\"\0*\0currentWP\";N;s:6:\"\0*\0uID\";s:1:\"1\";s:5:\"error\";s:0:\"\";s:4:\"pkID\";s:2:\"13\";s:3:\"cID\";s:3:\"318\";s:4:\"cvID\";s:2:\"33\";s:4:\"wrID\";s:3:\"387\";}')
 ,(752,388,'2015-09-15 01:27:24','O:30:\"ApprovePagePageWorkflowRequest\":8:{s:14:\"\0*\0wrStatusNum\";i:30;s:12:\"\0*\0currentWP\";N;s:6:\"\0*\0uID\";s:1:\"1\";s:5:\"error\";s:0:\"\";s:4:\"pkID\";s:2:\"13\";s:3:\"cID\";s:3:\"167\";s:4:\"cvID\";s:2:\"10\";s:4:\"wrID\";s:3:\"388\";}')
 ,(753,1,'2015-09-15 12:52:21','O:30:\"ApprovePagePageWorkflowRequest\":8:{s:14:\"\0*\0wrStatusNum\";i:30;s:12:\"\0*\0currentWP\";N;s:6:\"\0*\0uID\";s:1:\"1\";s:5:\"error\";s:0:\"\";s:4:\"pkID\";s:2:\"13\";s:3:\"cID\";s:1:\"1\";s:4:\"cvID\";s:3:\"194\";s:4:\"wrID\";s:1:\"1\";}')
 ,(754,2,'2015-09-15 12:59:46','O:30:\"ApprovePagePageWorkflowRequest\":8:{s:14:\"\0*\0wrStatusNum\";i:30;s:12:\"\0*\0currentWP\";N;s:6:\"\0*\0uID\";s:1:\"1\";s:5:\"error\";s:0:\"\";s:4:\"pkID\";s:2:\"13\";s:3:\"cID\";s:3:\"236\";s:4:\"cvID\";s:2:\"29\";s:4:\"wrID\";s:1:\"2\";}')
 ,(755,3,'2015-09-15 13:05:26','O:30:\"ApprovePagePageWorkflowRequest\":8:{s:14:\"\0*\0wrStatusNum\";i:30;s:12:\"\0*\0currentWP\";N;s:6:\"\0*\0uID\";s:1:\"1\";s:5:\"error\";s:0:\"\";s:4:\"pkID\";s:2:\"13\";s:3:\"cID\";s:3:\"236\";s:4:\"cvID\";s:2:\"32\";s:4:\"wrID\";s:1:\"3\";}')
 ,(756,4,'2015-09-15 13:08:14','O:30:\"ApprovePagePageWorkflowRequest\":8:{s:14:\"\0*\0wrStatusNum\";i:30;s:12:\"\0*\0currentWP\";N;s:6:\"\0*\0uID\";s:1:\"1\";s:5:\"error\";s:0:\"\";s:4:\"pkID\";s:2:\"13\";s:3:\"cID\";s:3:\"244\";s:4:\"cvID\";s:2:\"15\";s:4:\"wrID\";s:1:\"4\";}')
 ,(757,5,'2015-09-15 13:10:41','O:30:\"ApprovePagePageWorkflowRequest\":8:{s:14:\"\0*\0wrStatusNum\";i:30;s:12:\"\0*\0currentWP\";N;s:6:\"\0*\0uID\";s:1:\"1\";s:5:\"error\";s:0:\"\";s:4:\"pkID\";s:2:\"13\";s:3:\"cID\";s:3:\"236\";s:4:\"cvID\";s:2:\"28\";s:4:\"wrID\";s:1:\"5\";}')
 ,(758,6,'2015-09-15 13:19:04','O:30:\"ApprovePagePageWorkflowRequest\":8:{s:14:\"\0*\0wrStatusNum\";i:30;s:12:\"\0*\0currentWP\";N;s:6:\"\0*\0uID\";s:1:\"1\";s:5:\"error\";s:0:\"\";s:4:\"pkID\";s:2:\"13\";s:3:\"cID\";s:3:\"236\";s:4:\"cvID\";s:2:\"32\";s:4:\"wrID\";s:1:\"6\";}')
 ,(759,7,'2015-09-15 13:19:56','O:30:\"ApprovePagePageWorkflowRequest\":8:{s:14:\"\0*\0wrStatusNum\";i:30;s:12:\"\0*\0currentWP\";N;s:6:\"\0*\0uID\";s:1:\"1\";s:5:\"error\";s:0:\"\";s:4:\"pkID\";s:2:\"13\";s:3:\"cID\";s:3:\"236\";s:4:\"cvID\";s:2:\"33\";s:4:\"wrID\";s:1:\"7\";}')
 ,(760,8,'2015-09-15 13:20:42','O:30:\"ApprovePagePageWorkflowRequest\":8:{s:14:\"\0*\0wrStatusNum\";i:30;s:12:\"\0*\0currentWP\";N;s:6:\"\0*\0uID\";s:1:\"1\";s:5:\"error\";s:0:\"\";s:4:\"pkID\";s:2:\"13\";s:3:\"cID\";s:3:\"236\";s:4:\"cvID\";s:2:\"34\";s:4:\"wrID\";s:1:\"8\";}')
 ,(761,9,'2015-09-15 13:21:28','O:30:\"ApprovePagePageWorkflowRequest\":8:{s:14:\"\0*\0wrStatusNum\";i:30;s:12:\"\0*\0currentWP\";N;s:6:\"\0*\0uID\";s:1:\"1\";s:5:\"error\";s:0:\"\";s:4:\"pkID\";s:2:\"13\";s:3:\"cID\";s:3:\"236\";s:4:\"cvID\";s:2:\"35\";s:4:\"wrID\";s:1:\"9\";}')
 ,(762,10,'2015-09-15 13:22:00','O:30:\"ApprovePagePageWorkflowRequest\":8:{s:14:\"\0*\0wrStatusNum\";i:30;s:12:\"\0*\0currentWP\";N;s:6:\"\0*\0uID\";s:1:\"1\";s:5:\"error\";s:0:\"\";s:4:\"pkID\";s:2:\"13\";s:3:\"cID\";s:3:\"236\";s:4:\"cvID\";s:2:\"36\";s:4:\"wrID\";s:2:\"10\";}')
 ,(763,11,'2015-09-15 13:29:52','O:30:\"ApprovePagePageWorkflowRequest\":8:{s:14:\"\0*\0wrStatusNum\";i:30;s:12:\"\0*\0currentWP\";N;s:6:\"\0*\0uID\";s:1:\"1\";s:5:\"error\";s:0:\"\";s:4:\"pkID\";s:2:\"13\";s:3:\"cID\";s:3:\"236\";s:4:\"cvID\";s:2:\"37\";s:4:\"wrID\";s:2:\"11\";}')
 ,(764,12,'2015-09-15 13:32:34','O:30:\"ApprovePagePageWorkflowRequest\":8:{s:14:\"\0*\0wrStatusNum\";i:30;s:12:\"\0*\0currentWP\";N;s:6:\"\0*\0uID\";s:1:\"1\";s:5:\"error\";s:0:\"\";s:4:\"pkID\";s:2:\"13\";s:3:\"cID\";s:3:\"236\";s:4:\"cvID\";s:2:\"38\";s:4:\"wrID\";s:2:\"12\";}')
 ,(765,13,'2015-09-15 13:33:13','O:30:\"ApprovePagePageWorkflowRequest\":8:{s:14:\"\0*\0wrStatusNum\";i:30;s:12:\"\0*\0currentWP\";N;s:6:\"\0*\0uID\";s:1:\"1\";s:5:\"error\";s:0:\"\";s:4:\"pkID\";s:2:\"13\";s:3:\"cID\";s:3:\"236\";s:4:\"cvID\";s:2:\"39\";s:4:\"wrID\";s:2:\"13\";}')
 ,(766,14,'2015-09-15 13:33:38','O:30:\"ApprovePagePageWorkflowRequest\":8:{s:14:\"\0*\0wrStatusNum\";i:30;s:12:\"\0*\0currentWP\";N;s:6:\"\0*\0uID\";s:1:\"1\";s:5:\"error\";s:0:\"\";s:4:\"pkID\";s:2:\"13\";s:3:\"cID\";s:3:\"236\";s:4:\"cvID\";s:2:\"38\";s:4:\"wrID\";s:2:\"14\";}')
 ,(767,15,'2015-09-15 13:40:20','O:30:\"ApprovePagePageWorkflowRequest\":8:{s:14:\"\0*\0wrStatusNum\";i:30;s:12:\"\0*\0currentWP\";N;s:6:\"\0*\0uID\";s:1:\"1\";s:5:\"error\";s:0:\"\";s:4:\"pkID\";s:2:\"13\";s:3:\"cID\";s:3:\"236\";s:4:\"cvID\";s:2:\"38\";s:4:\"wrID\";s:2:\"15\";}')
 ,(768,16,'2015-09-15 13:56:19','O:30:\"ApprovePagePageWorkflowRequest\":8:{s:14:\"\0*\0wrStatusNum\";i:30;s:12:\"\0*\0currentWP\";N;s:6:\"\0*\0uID\";s:1:\"1\";s:5:\"error\";s:0:\"\";s:4:\"pkID\";s:2:\"13\";s:3:\"cID\";s:3:\"236\";s:4:\"cvID\";s:2:\"39\";s:4:\"wrID\";s:2:\"16\";}')
 ,(769,17,'2015-09-15 13:58:39','O:30:\"ApprovePagePageWorkflowRequest\":8:{s:14:\"\0*\0wrStatusNum\";i:30;s:12:\"\0*\0currentWP\";N;s:6:\"\0*\0uID\";s:1:\"1\";s:5:\"error\";s:0:\"\";s:4:\"pkID\";s:2:\"13\";s:3:\"cID\";s:3:\"236\";s:4:\"cvID\";s:2:\"40\";s:4:\"wrID\";s:2:\"17\";}')
 ,(770,18,'2015-09-15 14:03:04','O:30:\"ApprovePagePageWorkflowRequest\":8:{s:14:\"\0*\0wrStatusNum\";i:30;s:12:\"\0*\0currentWP\";N;s:6:\"\0*\0uID\";s:1:\"1\";s:5:\"error\";s:0:\"\";s:4:\"pkID\";s:2:\"13\";s:3:\"cID\";s:3:\"236\";s:4:\"cvID\";s:2:\"41\";s:4:\"wrID\";s:2:\"18\";}')
 ,(771,19,'2015-09-15 14:03:39','O:30:\"ApprovePagePageWorkflowRequest\":8:{s:14:\"\0*\0wrStatusNum\";i:30;s:12:\"\0*\0currentWP\";N;s:6:\"\0*\0uID\";s:1:\"1\";s:5:\"error\";s:0:\"\";s:4:\"pkID\";s:2:\"13\";s:3:\"cID\";s:3:\"236\";s:4:\"cvID\";s:2:\"42\";s:4:\"wrID\";s:2:\"19\";}')
 ,(772,20,'2015-09-15 14:06:02','O:30:\"ApprovePagePageWorkflowRequest\":8:{s:14:\"\0*\0wrStatusNum\";i:30;s:12:\"\0*\0currentWP\";N;s:6:\"\0*\0uID\";s:1:\"1\";s:5:\"error\";s:0:\"\";s:4:\"pkID\";s:2:\"13\";s:3:\"cID\";s:3:\"236\";s:4:\"cvID\";s:2:\"44\";s:4:\"wrID\";s:2:\"20\";}')
 ,(773,21,'2015-09-15 14:07:05','O:30:\"ApprovePagePageWorkflowRequest\":8:{s:14:\"\0*\0wrStatusNum\";i:30;s:12:\"\0*\0currentWP\";N;s:6:\"\0*\0uID\";s:1:\"1\";s:5:\"error\";s:0:\"\";s:4:\"pkID\";s:2:\"13\";s:3:\"cID\";s:3:\"236\";s:4:\"cvID\";s:2:\"45\";s:4:\"wrID\";s:2:\"21\";}')
 ,(774,22,'2015-09-15 14:08:20','O:30:\"ApprovePagePageWorkflowRequest\":8:{s:14:\"\0*\0wrStatusNum\";i:30;s:12:\"\0*\0currentWP\";N;s:6:\"\0*\0uID\";s:1:\"1\";s:5:\"error\";s:0:\"\";s:4:\"pkID\";s:2:\"13\";s:3:\"cID\";s:3:\"236\";s:4:\"cvID\";s:2:\"46\";s:4:\"wrID\";s:2:\"22\";}')
 ,(775,23,'2015-09-15 14:09:09','O:30:\"ApprovePagePageWorkflowRequest\":8:{s:14:\"\0*\0wrStatusNum\";i:30;s:12:\"\0*\0currentWP\";N;s:6:\"\0*\0uID\";s:1:\"1\";s:5:\"error\";s:0:\"\";s:4:\"pkID\";s:2:\"13\";s:3:\"cID\";s:3:\"236\";s:4:\"cvID\";s:2:\"47\";s:4:\"wrID\";s:2:\"23\";}')
 ,(776,24,'2015-09-15 14:09:44','O:30:\"ApprovePagePageWorkflowRequest\":8:{s:14:\"\0*\0wrStatusNum\";i:30;s:12:\"\0*\0currentWP\";N;s:6:\"\0*\0uID\";s:1:\"1\";s:5:\"error\";s:0:\"\";s:4:\"pkID\";s:2:\"13\";s:3:\"cID\";s:3:\"236\";s:4:\"cvID\";s:2:\"48\";s:4:\"wrID\";s:2:\"24\";}')
 ,(777,25,'2015-09-15 14:10:40','O:30:\"ApprovePagePageWorkflowRequest\":8:{s:14:\"\0*\0wrStatusNum\";i:30;s:12:\"\0*\0currentWP\";N;s:6:\"\0*\0uID\";s:1:\"1\";s:5:\"error\";s:0:\"\";s:4:\"pkID\";s:2:\"13\";s:3:\"cID\";s:3:\"236\";s:4:\"cvID\";s:2:\"49\";s:4:\"wrID\";s:2:\"25\";}')
 ,(778,26,'2015-09-15 14:14:12','O:30:\"ApprovePagePageWorkflowRequest\":8:{s:14:\"\0*\0wrStatusNum\";i:30;s:12:\"\0*\0currentWP\";N;s:6:\"\0*\0uID\";s:1:\"1\";s:5:\"error\";s:0:\"\";s:4:\"pkID\";s:2:\"13\";s:3:\"cID\";s:3:\"236\";s:4:\"cvID\";s:2:\"50\";s:4:\"wrID\";s:2:\"26\";}')
 ,(779,27,'2015-09-15 14:15:25','O:30:\"ApprovePagePageWorkflowRequest\":8:{s:14:\"\0*\0wrStatusNum\";i:30;s:12:\"\0*\0currentWP\";N;s:6:\"\0*\0uID\";s:1:\"1\";s:5:\"error\";s:0:\"\";s:4:\"pkID\";s:2:\"13\";s:3:\"cID\";s:3:\"236\";s:4:\"cvID\";s:2:\"51\";s:4:\"wrID\";s:2:\"27\";}')
 ,(780,28,'2015-09-15 14:16:30','O:30:\"ApprovePagePageWorkflowRequest\":8:{s:14:\"\0*\0wrStatusNum\";i:30;s:12:\"\0*\0currentWP\";N;s:6:\"\0*\0uID\";s:1:\"1\";s:5:\"error\";s:0:\"\";s:4:\"pkID\";s:2:\"13\";s:3:\"cID\";s:3:\"236\";s:4:\"cvID\";s:2:\"52\";s:4:\"wrID\";s:2:\"28\";}')
 ,(781,29,'2015-09-15 14:16:44','O:30:\"ApprovePagePageWorkflowRequest\":8:{s:14:\"\0*\0wrStatusNum\";i:30;s:12:\"\0*\0currentWP\";N;s:6:\"\0*\0uID\";s:1:\"1\";s:5:\"error\";s:0:\"\";s:4:\"pkID\";s:2:\"13\";s:3:\"cID\";s:3:\"236\";s:4:\"cvID\";s:2:\"53\";s:4:\"wrID\";s:2:\"29\";}')
 ,(782,30,'2015-09-15 14:17:54','O:30:\"ApprovePagePageWorkflowRequest\":8:{s:14:\"\0*\0wrStatusNum\";i:30;s:12:\"\0*\0currentWP\";N;s:6:\"\0*\0uID\";s:1:\"1\";s:5:\"error\";s:0:\"\";s:4:\"pkID\";s:2:\"13\";s:3:\"cID\";s:3:\"236\";s:4:\"cvID\";s:2:\"54\";s:4:\"wrID\";s:2:\"30\";}')
 ,(783,31,'2015-09-15 14:18:58','O:30:\"ApprovePagePageWorkflowRequest\":8:{s:14:\"\0*\0wrStatusNum\";i:30;s:12:\"\0*\0currentWP\";N;s:6:\"\0*\0uID\";s:1:\"1\";s:5:\"error\";s:0:\"\";s:4:\"pkID\";s:2:\"13\";s:3:\"cID\";s:3:\"236\";s:4:\"cvID\";s:2:\"55\";s:4:\"wrID\";s:2:\"31\";}')
 ,(784,32,'2015-09-15 14:20:20','O:30:\"ApprovePagePageWorkflowRequest\":8:{s:14:\"\0*\0wrStatusNum\";i:30;s:12:\"\0*\0currentWP\";N;s:6:\"\0*\0uID\";s:1:\"1\";s:5:\"error\";s:0:\"\";s:4:\"pkID\";s:2:\"13\";s:3:\"cID\";s:3:\"236\";s:4:\"cvID\";s:2:\"56\";s:4:\"wrID\";s:2:\"32\";}')
 ,(785,33,'2015-09-15 14:23:53','O:30:\"ApprovePagePageWorkflowRequest\":8:{s:14:\"\0*\0wrStatusNum\";i:30;s:12:\"\0*\0currentWP\";N;s:6:\"\0*\0uID\";s:1:\"1\";s:5:\"error\";s:0:\"\";s:4:\"pkID\";s:2:\"13\";s:3:\"cID\";s:3:\"236\";s:4:\"cvID\";s:2:\"57\";s:4:\"wrID\";s:2:\"33\";}')
 ,(786,34,'2015-09-15 14:24:32','O:30:\"ApprovePagePageWorkflowRequest\":8:{s:14:\"\0*\0wrStatusNum\";i:30;s:12:\"\0*\0currentWP\";N;s:6:\"\0*\0uID\";s:1:\"1\";s:5:\"error\";s:0:\"\";s:4:\"pkID\";s:2:\"13\";s:3:\"cID\";s:3:\"236\";s:4:\"cvID\";s:2:\"58\";s:4:\"wrID\";s:2:\"34\";}')
 ,(787,35,'2015-09-15 14:24:58','O:30:\"ApprovePagePageWorkflowRequest\":8:{s:14:\"\0*\0wrStatusNum\";i:30;s:12:\"\0*\0currentWP\";N;s:6:\"\0*\0uID\";s:1:\"1\";s:5:\"error\";s:0:\"\";s:4:\"pkID\";s:2:\"13\";s:3:\"cID\";s:3:\"236\";s:4:\"cvID\";s:2:\"59\";s:4:\"wrID\";s:2:\"35\";}')
 ,(788,36,'2015-09-15 14:25:24','O:30:\"ApprovePagePageWorkflowRequest\":8:{s:14:\"\0*\0wrStatusNum\";i:30;s:12:\"\0*\0currentWP\";N;s:6:\"\0*\0uID\";s:1:\"1\";s:5:\"error\";s:0:\"\";s:4:\"pkID\";s:2:\"13\";s:3:\"cID\";s:3:\"236\";s:4:\"cvID\";s:2:\"60\";s:4:\"wrID\";s:2:\"36\";}')
 ,(789,37,'2015-09-15 23:37:18','O:30:\"ApprovePagePageWorkflowRequest\":8:{s:14:\"\0*\0wrStatusNum\";i:30;s:12:\"\0*\0currentWP\";N;s:6:\"\0*\0uID\";s:1:\"1\";s:5:\"error\";s:0:\"\";s:4:\"pkID\";s:2:\"13\";s:3:\"cID\";s:1:\"1\";s:4:\"cvID\";s:3:\"197\";s:4:\"wrID\";s:2:\"37\";}');

